000
CDUS43 KLOT 092137
CLIORD


CLIMATE REPORT
NATIONAL WEATHER SERVICE CHICAGO IL
437 PM CDT WED AUG 9 2017


...................................

...THE CHICAGO-OHARE IL CLIMATE SUMMARY FOR AUGUST 9 2017...
VALID TODAY AS OF 0400 PM LOCAL TIME.

CLIMATE NORMAL PERIOD 1981 TO 2010
CLIMATE RECORD PERIOD 1871 TO 2017


WEATHER ITEM   OBSERVED TIME   RECORD YEAR NORMAL DEPARTURE LAST
                VALUE   (LST)  VALUE       VALUE  FROM      YEAR
                                                  NORMAL
..................................................................
TEMPERATURE (F)
 TODAY
  MAXIMUM         83    208 PM  97    1913  83      0       88
  MINIMUM         61    301 AM  51    1972  64     -3       67
  AVERAGE         72                        73     -1       78

PRECIPITATION (IN)
  TODAY            0.00          1.60 1952   0.17  -0.17     0.00
  MONTH TO DATE    1.80                      1.45   0.35     0.02
  SINCE JUN 1     12.92                      8.60   4.32     9.10
  SINCE JAN 1     31.03                     21.68   9.35    22.74

SNOWFALL (IN)
  TODAY            0.0           0.0    MM   0.0    0.0      0.0
  MONTH TO DATE    0.0                       0.0    0.0      0.0
  SINCE JUN 1      T                         0.0    0.0      0.0
  SINCE JUL 1      T                         0.0    0.0      0.0

DEGREE DAYS
 HEATING
  TODAY            0                         0      0        0
  MONTH TO DATE    3                         0      3        0
  SINCE JUN 1      6                        52    -46       13
  SINCE JUL 1      3                         4     -1        0

 COOLING
  TODAY            7                         8     -1       13
  MONTH TO DATE   59                        79    -20      111
  SINCE JUN 1    595                       527     68      659
  SINCE JAN 1    628                       581     47      733
..................................................................


WIND (MPH)
  HIGHEST WIND SPEED    14   HIGHEST WIND DIRECTION     E (70)
  HIGHEST GUST SPEED    29   HIGHEST GUST DIRECTION    NW (320)
  AVERAGE WIND SPEED     4.0


SKY COVER
  POSSIBLE SUNSHINE  MM
  AVERAGE SKY COVER 0.6


WEATHER CONDITIONS
 THE FOLLOWING WEATHER WAS RECORDED TODAY.
  NO SIGNIFICANT WEATHER WAS OBSERVED.


RELATIVE HUMIDITY (PERCENT)
 HIGHEST    78          1200 AM
 LOWEST     39           100 PM
 AVERAGE    59

..........................................................


THE CHICAGO-OHARE IL CLIMATE NORMALS FOR TOMORROW
                         NORMAL    RECORD    YEAR
 MAXIMUM TEMPERATURE (F)   83        99      1944
 MINIMUM TEMPERATURE (F)   64        49      1982
                                             1972


SUNRISE AND SUNSET
AUGUST  9 2017........SUNRISE   554 AM CDT   SUNSET   800 PM CDT
AUGUST 10 2017........SUNRISE   555 AM CDT   SUNSET   758 PM CDT


-  INDICATES NEGATIVE NUMBERS.
R  INDICATES RECORD WAS SET OR TIED.
MM INDICATES DATA IS MISSING.
T  INDICATES TRACE AMOUNT.




$$
