000
CDUS43 KLOT 230633
CLIORD


CLIMATE REPORT
NATIONAL WEATHER SERVICE CHICAGO IL
1233 AM CST THU FEB 23 2017


...................................

...THE CHICAGO-OHARE CLIMATE SUMMARY FOR FEBRUARY 22 2017...

CLIMATE NORMAL PERIOD 1981 TO 2010
CLIMATE RECORD PERIOD 1871 TO 2017


WEATHER ITEM   OBSERVED TIME   RECORD YEAR NORMAL DEPARTURE LAST
                VALUE   (LST)  VALUE       VALUE  FROM      YEAR
                                                  NORMAL
..................................................................
TEMPERATURE (F)
 YESTERDAY
  MAXIMUM         68R   434 PM  68    1922  38     30       44
  MINIMUM         50    210 AM -14    1873  22     28       26
  AVERAGE         59                        30     29       35

PRECIPITATION (IN)
  YESTERDAY        0.00          0.95 1919   0.07  -0.07     0.00
  MONTH TO DATE    0.51                      1.32  -0.81     1.00
  SINCE DEC 1      5.15                      5.30  -0.15     6.71
  SINCE JAN 1      3.38                      3.05   0.33     1.84

SNOWFALL (IN)
  YESTERDAY        0.0           4.6  1950   0.3   -0.3      0.0
  MONTH TO DATE    T                         7.4   -7.4      3.8
  SINCE DEC 1     18.3                      26.4   -8.1     14.6
  SINCE JUL 1     18.3                      27.8   -9.5     25.8
  SNOW DEPTH       0

DEGREE DAYS
 HEATING
  YESTERDAY        6                        35    -29       30
  MONTH TO DATE  602                       840   -238      804
  SINCE DEC 1   2950                      3274   -324     2843
  SINCE JUL 1   3779                      4530   -751     3816

 COOLING
  YESTERDAY        0                         0      0        0
  MONTH TO DATE    0                         0      0        0
  SINCE DEC 1      0                         0      0        0
  SINCE JAN 1      0                         0      0        0
..................................................................


WIND (MPH)
  HIGHEST WIND SPEED    22   HIGHEST WIND DIRECTION     S (190)
  HIGHEST GUST SPEED    29   HIGHEST GUST DIRECTION    SW (220)
  AVERAGE WIND SPEED    11.8


SKY COVER
  POSSIBLE SUNSHINE  MM
  AVERAGE SKY COVER 0.5


WEATHER CONDITIONS
 THE FOLLOWING WEATHER WAS RECORDED YESTERDAY.
  FOG
  HAZE


RELATIVE HUMIDITY (PERCENT)
 HIGHEST    96          1200 AM
 LOWEST     58           400 PM
 AVERAGE    77

..........................................................


THE CHICAGO-OHARE CLIMATE NORMALS FOR TODAY
                         NORMAL    RECORD    YEAR
 MAXIMUM TEMPERATURE (F)   38        66      2000
 MINIMUM TEMPERATURE (F)   23       -18      1873


SUNRISE AND SUNSET
FEBRUARY 23 2017......SUNRISE   636 AM CST   SUNSET   535 PM CST
FEBRUARY 24 2017......SUNRISE   634 AM CST   SUNSET   536 PM CST


-  INDICATES NEGATIVE NUMBERS.
R  INDICATES RECORD WAS SET OR TIED.
MM INDICATES DATA IS MISSING.
T  INDICATES TRACE AMOUNT.




$$
