000
CDUS43 KLOT 112145
CLIORD


CLIMATE REPORT
NATIONAL WEATHER SERVICE CHICAGO IL
444 PM CDT FRI JUL 11 2014


...................................

...THE CHICAGO-OHARE IL CLIMATE SUMMARY FOR JULY 11 2014...
VALID TODAY AS OF 0400 PM LOCAL TIME.

CLIMATE NORMAL PERIOD 1981 TO 2010
CLIMATE RECORD PERIOD 1871 TO 2014


WEATHER ITEM   OBSERVED TIME   RECORD YEAR NORMAL DEPARTURE LAST
                VALUE   (LST)  VALUE       VALUE  FROM      YEAR
                                                  NORMAL
..................................................................
TEMPERATURE (F)
 TODAY
  MAXIMUM         81   1234 PM  97    1936  85     -4       81
  MINIMUM         60    506 AM  50    1996  64     -4       64
  AVERAGE         71                        74     -3       73

PRECIPITATION (IN)
  TODAY            T             1.81 1922   0.12  -0.12     0.00
  MONTH TO DATE    1.36                      1.19   0.17     0.52
  SINCE JUN 1      9.17                      4.64   4.53     6.75
  SINCE JAN 1     24.00                     17.72   6.28    28.98

SNOWFALL (IN)
  TODAY            0.0           0.0    MM   0.0    0.0      0.0
  MONTH TO DATE    0.0                       0.0    0.0      0.0
  SINCE JUN 1      0.0                       0.0    0.0      0.0
  SINCE JUL 1      0.0                       0.0    0.0      0.0

DEGREE DAYS
 HEATING
  TODAY            0                         0      0        0
  MONTH TO DATE    2                         0      2        1
  SINCE JUN 1     14                        48    -34       44
  SINCE JUL 1      2                         0      2        1

 COOLING
  TODAY            6                         9     -3        8
  MONTH TO DATE   69                        98    -29       85
  SINCE JUN 1    267                       263      4      241
  SINCE JAN 1    328                       317     11      325
..................................................................


WIND (MPH)
  HIGHEST WIND SPEED    13   HIGHEST WIND DIRECTION     S (190)
  HIGHEST GUST SPEED    16   HIGHEST GUST DIRECTION     S (160)
  AVERAGE WIND SPEED     4.6


SKY COVER
  POSSIBLE SUNSHINE  MM
  AVERAGE SKY COVER 0.6


WEATHER CONDITIONS
 THE FOLLOWING WEATHER WAS RECORDED TODAY.
  LIGHT RAIN


RELATIVE HUMIDITY (PERCENT)
 HIGHEST    72           400 AM
 LOWEST     35          1200 PM
 AVERAGE    54

..........................................................


THE CHICAGO-OHARE IL CLIMATE NORMALS FOR TOMORROW
                         NORMAL    RECORD    YEAR
 MAXIMUM TEMPERATURE (F)   85        97      1995
                                             1954
                                             1952
 MINIMUM TEMPERATURE (F)   64        53      1999


SUNRISE AND SUNSET
JULY 11 2014..........SUNRISE   526 AM CDT   SUNSET   828 PM CDT
JULY 12 2014..........SUNRISE   527 AM CDT   SUNSET   827 PM CDT


-  INDICATES NEGATIVE NUMBERS.
R  INDICATES RECORD WAS SET OR TIED.
MM INDICATES DATA IS MISSING.
T  INDICATES TRACE AMOUNT.




$$
