000
CDUS43 KLOT 222237
CLIORD


CLIMATE REPORT
NATIONAL WEATHER SERVICE CHICAGO IL
436 PM CST THU JAN 22 2015


...................................

...THE CHICAGO-OHARE IL CLIMATE SUMMARY FOR JANUARY 22 2015...
VALID TODAY AS OF 0400 PM LOCAL TIME.

CLIMATE NORMAL PERIOD 1981 TO 2010
CLIMATE RECORD PERIOD 1871 TO 2015


WEATHER ITEM   OBSERVED TIME   RECORD YEAR NORMAL DEPARTURE LAST
                VALUE   (LST)  VALUE       VALUE  FROM      YEAR
                                                  NORMAL
..................................................................
TEMPERATURE (F)
 TODAY
  MAXIMUM         31    359 PM  59    1909  31      0       15
  MINIMUM         28    312 AM -17    1936  16     12        0
                                      1883
  AVERAGE         30                        24      6        8

PRECIPITATION (IN)
  TODAY            0.00          1.39 1887   0.05  -0.05      T
  MONTH TO DATE    1.12                      1.28  -0.16     2.62
  SINCE DEC 1      1.91                      3.53  -1.62     4.56
  SINCE JAN 1      1.12                      1.28  -0.16     2.62

SNOWFALL (IN)
  TODAY            0.0           6.2  2005   0.3   -0.3      0.6
  MONTH TO DATE   10.9                       7.5    3.4     30.3
  SINCE DEC 1     10.9                      16.0   -5.1     44.5
  SINCE JUL 1     13.8                      17.4   -3.6     45.4

DEGREE DAYS
 HEATING
  TODAY           35                        42     -7       57
  MONTH TO DATE  985                       910     75     1047
  SINCE DEC 1   2000                      2065    -65     2330
  SINCE JUL 1   3443                      3321    122     3613

 COOLING
  TODAY            0                         0      0        0
  MONTH TO DATE    0                         0      0        0
  SINCE DEC 1      0                         0      0        0
  SINCE JAN 1      0                         0      0        0
..................................................................


WIND (MPH)
  HIGHEST WIND SPEED    12   HIGHEST WIND DIRECTION     W (270)
  HIGHEST GUST SPEED    15   HIGHEST GUST DIRECTION     W (290)
  AVERAGE WIND SPEED     6.2


SKY COVER
  POSSIBLE SUNSHINE  MM
  AVERAGE SKY COVER 1.0


WEATHER CONDITIONS
 THE FOLLOWING WEATHER WAS RECORDED TODAY.
  NO SIGNIFICANT WEATHER WAS OBSERVED.


RELATIVE HUMIDITY (PERCENT)
 HIGHEST    78           600 AM
 LOWEST     72           700 AM
 AVERAGE    75

..........................................................


THE CHICAGO-OHARE IL CLIMATE NORMALS FOR TOMORROW
                         NORMAL    RECORD    YEAR
 MAXIMUM TEMPERATURE (F)   31        65      1909
 MINIMUM TEMPERATURE (F)   16       -18      1963


SUNRISE AND SUNSET
JANUARY 22 2015.......SUNRISE   713 AM CST   SUNSET   454 PM CST
JANUARY 23 2015.......SUNRISE   712 AM CST   SUNSET   455 PM CST


-  INDICATES NEGATIVE NUMBERS.
R  INDICATES RECORD WAS SET OR TIED.
MM INDICATES DATA IS MISSING.
T  INDICATES TRACE AMOUNT.




$$
