000
CDUS43 KLOT 292140
CLIORD


CLIMATE REPORT
NATIONAL WEATHER SERVICE CHICAGO IL
439 PM CDT MON JUN 29 2015


...................................

...THE CHICAGO-OHARE IL CLIMATE SUMMARY FOR JUNE 29 2015...
VALID TODAY AS OF 0400 PM LOCAL TIME.

CLIMATE NORMAL PERIOD 1981 TO 2010
CLIMATE RECORD PERIOD 1871 TO 2015


WEATHER ITEM   OBSERVED TIME   RECORD YEAR NORMAL DEPARTURE LAST
                VALUE   (LST)  VALUE       VALUE  FROM      YEAR
                                                  NORMAL
..................................................................
TEMPERATURE (F)
 TODAY
  MAXIMUM         75    125 PM  97    1954  83     -8       85
  MINIMUM         64    609 AM  48    1989  62      2       69
  AVERAGE         70                        73     -3       77

PRECIPITATION (IN)
  TODAY            0.36          2.81 1933   0.11   0.25     0.07
  MONTH TO DATE    6.69                      3.35   3.34     5.21
  SINCE JUN 1      6.69                      3.35   3.34     5.21
  SINCE JAN 1     18.18                     16.43   1.75    20.04

SNOWFALL (IN)
  TODAY            0.0           0.0    MM   0.0    0.0      0.0
  MONTH TO DATE    0.0                       0.0    0.0      0.0
  SINCE JUN 1      0.0                       0.0    0.0      0.0
  SINCE JUL 1     50.7                      36.6   14.1     82.0

DEGREE DAYS
 HEATING
  TODAY            0                         0      0        0
  MONTH TO DATE   39                        48     -9       12
  SINCE JUN 1     39                        48     -9       12
  SINCE JUL 1   6776                      6340    436     7135

 COOLING
  TODAY            5                         8     -3       12
  MONTH TO DATE  116                       156    -40      186
  SINCE JUN 1    116                       156    -40      186
  SINCE JAN 1    169                       210    -41      247
..................................................................


WIND (MPH)
  HIGHEST WIND SPEED    13   HIGHEST WIND DIRECTION     E (80)
  HIGHEST GUST SPEED    16   HIGHEST GUST DIRECTION     E (90)
  AVERAGE WIND SPEED     4.2


SKY COVER
  POSSIBLE SUNSHINE  MM
  AVERAGE SKY COVER 1.0


WEATHER CONDITIONS
 THE FOLLOWING WEATHER WAS RECORDED TODAY.
  THUNDERSTORM
  RAIN
  LIGHT RAIN
  FOG


RELATIVE HUMIDITY (PERCENT)
 HIGHEST    93           400 AM
 LOWEST     64          1200 PM
 AVERAGE    79

..........................................................


THE CHICAGO-OHARE IL CLIMATE NORMALS FOR TOMORROW
                         NORMAL    RECORD    YEAR
 MAXIMUM TEMPERATURE (F)   84        99      1953
                                             1913
 MINIMUM TEMPERATURE (F)   62        45      1943


SUNRISE AND SUNSET
JUNE 29 2015..........SUNRISE   519 AM CDT   SUNSET   831 PM CDT
JUNE 30 2015..........SUNRISE   519 AM CDT   SUNSET   831 PM CDT


-  INDICATES NEGATIVE NUMBERS.
R  INDICATES RECORD WAS SET OR TIED.
MM INDICATES DATA IS MISSING.
T  INDICATES TRACE AMOUNT.




$$
