000
CDUS43 KLOT 232134
CLIORD


CLIMATE REPORT
NATIONAL WEATHER SERVICE CHICAGO IL
433 PM CDT SAT APR 23 2016


...................................

...THE CHICAGO-OHARE IL CLIMATE SUMMARY FOR APRIL 23 2016...
VALID TODAY AS OF 0400 PM LOCAL TIME.

CLIMATE NORMAL PERIOD 1981 TO 2010
CLIMATE RECORD PERIOD 1871 TO 2016


WEATHER ITEM   OBSERVED TIME   RECORD YEAR NORMAL DEPARTURE LAST
                VALUE   (LST)  VALUE       VALUE  FROM      YEAR
                                                  NORMAL
..................................................................
TEMPERATURE (F)
 TODAY
  MAXIMUM         60    256 PM  88    1960  62     -2       55
  MINIMUM         38    502 AM  25    1986  41     -3       32
                                      1873
  AVERAGE         49                        52     -3       44

PRECIPITATION (IN)
  TODAY            0.00          1.01 1878   0.11  -0.11     0.00
  MONTH TO DATE    1.18                      2.55  -1.37     2.55
  SINCE MAR 1      4.52                      5.05  -0.53     3.65
  SINCE JAN 1      6.59                      8.57  -1.98     6.51

SNOWFALL (IN)
  TODAY            0.0           3.1  1967   0.1   -0.1      0.0
  MONTH TO DATE    1.1                       1.2   -0.1       T
  SINCE MAR 1      3.7                       6.8   -3.1      7.1
  SINCE JUL 1     31.2                      36.6   -5.4     50.7

DEGREE DAYS
 HEATING
  TODAY           16                        14      2       21
  MONTH TO DATE  425                       407     18      327
  SINCE MAR 1   1090                      1248   -158     1237
  SINCE JUL 1   5098                      5982   -884     6417

 COOLING
  TODAY            0                         0      0        0
  MONTH TO DATE    1                         0      1        0
  SINCE MAR 1      1                         1      0        0
  SINCE JAN 1      1                         1      0        0
..................................................................


WIND (MPH)
  HIGHEST WIND SPEED    13   HIGHEST WIND DIRECTION    NE (60)
  HIGHEST GUST SPEED    16   HIGHEST GUST DIRECTION    NE (60)
  AVERAGE WIND SPEED     6.8


SKY COVER
  POSSIBLE SUNSHINE  MM
  AVERAGE SKY COVER 0.3


WEATHER CONDITIONS
 THE FOLLOWING WEATHER WAS RECORDED TODAY.
  NO SIGNIFICANT WEATHER WAS OBSERVED.


RELATIVE HUMIDITY (PERCENT)
 HIGHEST    86           600 AM
 LOWEST     51           200 PM
 AVERAGE    69

..........................................................


THE CHICAGO-OHARE IL CLIMATE NORMALS FOR TOMORROW
                         NORMAL    RECORD    YEAR
 MAXIMUM TEMPERATURE (F)   63        87      1990
                                             1915
 MINIMUM TEMPERATURE (F)   42        29      2015
                                             1910


SUNRISE AND SUNSET
APRIL 23 2016.........SUNRISE   558 AM CDT   SUNSET   742 PM CDT
APRIL 24 2016.........SUNRISE   557 AM CDT   SUNSET   743 PM CDT


-  INDICATES NEGATIVE NUMBERS.
R  INDICATES RECORD WAS SET OR TIED.
MM INDICATES DATA IS MISSING.
T  INDICATES TRACE AMOUNT.




$$
