000
CDUS43 KLOT 122145
CLIORD


CLIMATE REPORT
NATIONAL WEATHER SERVICE CHICAGO IL
443 PM CDT FRI AUG 12 2016


...................................

...THE CHICAGO-OHARE IL CLIMATE SUMMARY FOR AUGUST 12 2016...
VALID TODAY AS OF 0400 PM LOCAL TIME.

CLIMATE NORMAL PERIOD 1981 TO 2010
CLIMATE RECORD PERIOD 1871 TO 2016


WEATHER ITEM   OBSERVED TIME   RECORD YEAR NORMAL DEPARTURE LAST
                VALUE   (LST)  VALUE       VALUE  FROM      YEAR
                                                  NORMAL
..................................................................
TEMPERATURE (F)
 TODAY
  MAXIMUM         83    104 AM 101    1918  82      1       81
  MINIMUM         76   1026 AM  47    1982  64     12       61
  AVERAGE         80                        73      7       71

PRECIPITATION (IN)
  TODAY            0.12          2.03 1908   0.17  -0.05     0.00
  MONTH TO DATE    0.14                      1.95  -1.81     0.55
  SINCE JUN 1      9.22                      9.10   0.12    10.52
  SINCE JAN 1     22.86                     22.18   0.68    22.01

SNOWFALL (IN)
  TODAY            0.0           0.0    MM   0.0    0.0      0.0
  MONTH TO DATE    0.0                       0.0    0.0       T
  SINCE JUN 1      0.0                       0.0    0.0       T
  SINCE JUL 1      0.0                       0.0    0.0       T

DEGREE DAYS
 HEATING
  TODAY            0                         0      0        0
  MONTH TO DATE    0                         0      0        0
  SINCE JUN 1     13                        52    -39       52
  SINCE JUL 1      0                         4     -4       13

 COOLING
  TODAY           15                         8      7        6
  MONTH TO DATE  158                       103     55      111
  SINCE JUN 1    706                       551    155      475
  SINCE JAN 1    780                       605    175      528
..................................................................


WIND (MPH)
  HIGHEST WIND SPEED    17   HIGHEST WIND DIRECTION     W (260)
  HIGHEST GUST SPEED    24   HIGHEST GUST DIRECTION     W (250)
  AVERAGE WIND SPEED     6.8


SKY COVER
  POSSIBLE SUNSHINE  MM
  AVERAGE SKY COVER 1.0


WEATHER CONDITIONS
 THE FOLLOWING WEATHER WAS RECORDED TODAY.
  THUNDERSTORM
  RAIN
  LIGHT RAIN
  FOG


RELATIVE HUMIDITY (PERCENT)
 HIGHEST    91           900 AM
 LOWEST     70          1200 AM
 AVERAGE    81

..........................................................


THE CHICAGO-OHARE IL CLIMATE NORMALS FOR TOMORROW
                         NORMAL    RECORD    YEAR
 MAXIMUM TEMPERATURE (F)   82        98      1944
 MINIMUM TEMPERATURE (F)   64        51      2004
                                             1982


SUNRISE AND SUNSET
AUGUST 12 2016........SUNRISE   557 AM CDT   SUNSET   755 PM CDT
AUGUST 13 2016........SUNRISE   558 AM CDT   SUNSET   754 PM CDT


-  INDICATES NEGATIVE NUMBERS.
R  INDICATES RECORD WAS SET OR TIED.
MM INDICATES DATA IS MISSING.
T  INDICATES TRACE AMOUNT.




$$
