000
CDUS43 KLOT 092132
CLIORD


CLIMATE REPORT
NATIONAL WEATHER SERVICE CHICAGO IL
431 PM CDT SUN JUL 9 2017


...................................

...THE CHICAGO-OHARE IL CLIMATE SUMMARY FOR JULY 9 2017...
VALID TODAY AS OF 0400 PM LOCAL TIME.

CLIMATE NORMAL PERIOD 1981 TO 2010
CLIMATE RECORD PERIOD 1871 TO 2017


WEATHER ITEM   OBSERVED TIME   RECORD YEAR NORMAL DEPARTURE LAST
                VALUE   (LST)  VALUE       VALUE  FROM      YEAR
                                                  NORMAL
..................................................................
TEMPERATURE (F)
 TODAY
  MAXIMUM         85    254 PM  98    1974  85      0       79
  MINIMUM         63    431 AM  50    1895  64     -1       65
  AVERAGE         74                        74      0       72

PRECIPITATION (IN)
  TODAY            0.00          2.43 1946   0.12  -0.12     0.00
  MONTH TO DATE    0.04                      0.96  -0.92     1.92
  SINCE JUN 1      3.48                      4.41  -0.93     4.77
  SINCE JAN 1     21.59                     17.49   4.10    18.41

SNOWFALL (IN)
  TODAY            0.0           0.0    MM   0.0    0.0      0.0
  MONTH TO DATE    0.0                       0.0    0.0      0.0
  SINCE JUN 1      T                         0.0    0.0      0.0
  SINCE JUL 1      0.0                       0.0    0.0      0.0

DEGREE DAYS
 HEATING
  TODAY            0                         0      0        0
  MONTH TO DATE    0                         0      0        0
  SINCE JUN 1      3                        48    -45       13
  SINCE JUL 1      0                         0      0        0

 COOLING
  TODAY            9                         9      0        7
  MONTH TO DATE   91                        80     11       66
  SINCE JUN 1    321                       245     76      282
  SINCE JAN 1    354                       299     55      356
..................................................................


WIND (MPH)
  HIGHEST WIND SPEED    15   HIGHEST WIND DIRECTION    SW (240)
  HIGHEST GUST SPEED    20   HIGHEST GUST DIRECTION     W (250)
  AVERAGE WIND SPEED     7.1


SKY COVER
  POSSIBLE SUNSHINE  MM
  AVERAGE SKY COVER 0.3


WEATHER CONDITIONS
 THE FOLLOWING WEATHER WAS RECORDED TODAY.
  NO SIGNIFICANT WEATHER WAS OBSERVED.


RELATIVE HUMIDITY (PERCENT)
 HIGHEST    65           100 AM
 LOWEST     34          1200 PM
 AVERAGE    50

..........................................................


THE CHICAGO-OHARE IL CLIMATE NORMALS FOR TOMORROW
                         NORMAL    RECORD    YEAR
 MAXIMUM TEMPERATURE (F)   85       102      1936
                                             1901
 MINIMUM TEMPERATURE (F)   64        50      1997
                                             1996


SUNRISE AND SUNSET
JULY  9 2017..........SUNRISE   525 AM CDT   SUNSET   828 PM CDT
JULY 10 2017..........SUNRISE   526 AM CDT   SUNSET   828 PM CDT


-  INDICATES NEGATIVE NUMBERS.
R  INDICATES RECORD WAS SET OR TIED.
MM INDICATES DATA IS MISSING.
T  INDICATES TRACE AMOUNT.




$$
