000
CDUS43 KLOT 140637
CLIORD


CLIMATE REPORT
NATIONAL WEATHER SERVICE CHICAGO IL
136 AM CDT WED SEP 14 2016


...................................

...THE CHICAGO-OHARE CLIMATE SUMMARY FOR SEPTEMBER 13 2016...

CLIMATE NORMAL PERIOD 1981 TO 2010
CLIMATE RECORD PERIOD 1871 TO 2016


WEATHER ITEM   OBSERVED TIME   RECORD YEAR NORMAL DEPARTURE LAST
                VALUE   (LST)  VALUE       VALUE  FROM      YEAR
                                                  NORMAL
..................................................................
TEMPERATURE (F)
 YESTERDAY
  MAXIMUM         85    253 PM  98    1939  76      9       70
  MINIMUM         65    606 AM  39    1890  56      9       48
  AVERAGE         75                        66      9       59

PRECIPITATION (IN)
  YESTERDAY        T             6.64 2008   0.11  -0.11     0.00
  MONTH TO DATE    0.45                      1.45  -1.00     1.42
  SINCE SEP 1      0.45                      1.45  -1.00     1.42
  SINCE JAN 1     27.43                     26.58   0.85    25.04

SNOWFALL (IN)
  YESTERDAY        0.0           0.0    MM   0.0    0.0      0.0
  MONTH TO DATE    0.0                       0.0    0.0      0.0
  SINCE SEP 1      0.0                       0.0    0.0      0.0
  SINCE JUL 1      0.0                       0.0    0.0       T
  SNOW DEPTH       0

DEGREE DAYS
 HEATING
  YESTERDAY        0                         3     -3        6
  MONTH TO DATE    1                        20    -19       18
  SINCE SEP 1      1                        20    -19       18
  SINCE JUL 1      1                        33    -32       36

 COOLING
  YESTERDAY       10                         3      7        0
  MONTH TO DATE   88                        60     28      116
  SINCE SEP 1     88                        60     28      116
  SINCE JAN 1   1053                       800    253      757
..................................................................


WIND (MPH)
  HIGHEST WIND SPEED    16   HIGHEST WIND DIRECTION     W (280)
  HIGHEST GUST SPEED    21   HIGHEST GUST DIRECTION    SW (240)
  AVERAGE WIND SPEED     8.8


SKY COVER
  POSSIBLE SUNSHINE  MM
  AVERAGE SKY COVER 0.8


WEATHER CONDITIONS
 THE FOLLOWING WEATHER WAS RECORDED YESTERDAY.
  LIGHT RAIN


RELATIVE HUMIDITY (PERCENT)
 HIGHEST    87          1100 PM
 LOWEST     47           400 PM
 AVERAGE    67

..........................................................


THE CHICAGO-OHARE CLIMATE NORMALS FOR TODAY
                         NORMAL    RECORD    YEAR
 MAXIMUM TEMPERATURE (F)   76        99      1939
 MINIMUM TEMPERATURE (F)   55        40      1985


SUNRISE AND SUNSET
SEPTEMBER 14 2016.....SUNRISE   631 AM CDT   SUNSET   702 PM CDT
SEPTEMBER 15 2016.....SUNRISE   632 AM CDT   SUNSET   700 PM CDT


-  INDICATES NEGATIVE NUMBERS.
R  INDICATES RECORD WAS SET OR TIED.
MM INDICATES DATA IS MISSING.
T  INDICATES TRACE AMOUNT.




$$
