000
CDUS43 KLOT 280636
CLIORD


CLIMATE REPORT
NATIONAL WEATHER SERVICE CHICAGO IL
1235 AM CST MON NOV 28 2016


...................................

...THE CHICAGO-OHARE CLIMATE SUMMARY FOR NOVEMBER 27 2016...

CLIMATE NORMAL PERIOD 1981 TO 2010
CLIMATE RECORD PERIOD 1871 TO 2016


WEATHER ITEM   OBSERVED TIME   RECORD YEAR NORMAL DEPARTURE LAST
                VALUE   (LST)  VALUE       VALUE  FROM      YEAR
                                                  NORMAL
..................................................................
TEMPERATURE (F)
 YESTERDAY
  MAXIMUM         44   1033 PM  67    1990  42      2       56
  MINIMUM         32    505 AM   2    1887  27      5       34
  AVERAGE         38                        35      3       45

PRECIPITATION (IN)
  YESTERDAY        0.05          2.93 1990   0.11  -0.06     0.84
  MONTH TO DATE    0.70                      2.84  -2.14     4.23
  SINCE SEP 1      6.23                      9.20  -2.97    11.10
  SINCE JAN 1     33.21                     34.33  -1.12    34.72

SNOWFALL (IN)
  YESTERDAY        0.0           5.8  1891   0.1   -0.1      0.0
  MONTH TO DATE    T                         0.9   -0.9     11.2
  SINCE SEP 1      T                         1.1   -1.1     11.2
  SINCE JUL 1      T                         1.1   -1.1     11.2
  SNOW DEPTH       0

DEGREE DAYS
 HEATING
  YESTERDAY       27                        30     -3       20
  MONTH TO DATE  482                       645   -163      520
  SINCE SEP 1    771                      1147   -376      868
  SINCE JUL 1    771                      1160   -389      886

 COOLING
  YESTERDAY        0                         0      0        0
  MONTH TO DATE    3                         0      3        0
  SINCE SEP 1    192                       103     89      165
  SINCE JAN 1   1157                       843    314      806
..................................................................


WIND (MPH)
  HIGHEST WIND SPEED    23   HIGHEST WIND DIRECTION     S (160)
  HIGHEST GUST SPEED    29   HIGHEST GUST DIRECTION     S (170)
  AVERAGE WIND SPEED    10.2


SKY COVER
  POSSIBLE SUNSHINE  MM
  AVERAGE SKY COVER 0.8


WEATHER CONDITIONS
 THE FOLLOWING WEATHER WAS RECORDED YESTERDAY.
  LIGHT RAIN
  FOG


RELATIVE HUMIDITY (PERCENT)
 HIGHEST   100          1000 AM
 LOWEST     76          1000 PM
 AVERAGE    88

..........................................................


THE CHICAGO-OHARE CLIMATE NORMALS FOR TODAY
                         NORMAL    RECORD    YEAR
 MAXIMUM TEMPERATURE (F)   41        69      1905
 MINIMUM TEMPERATURE (F)   27         0      1887
                                             1872


SUNRISE AND SUNSET
NOVEMBER 28 2016......SUNRISE   657 AM CST   SUNSET   422 PM CST
NOVEMBER 29 2016......SUNRISE   658 AM CST   SUNSET   422 PM CST


-  INDICATES NEGATIVE NUMBERS.
R  INDICATES RECORD WAS SET OR TIED.
MM INDICATES DATA IS MISSING.
T  INDICATES TRACE AMOUNT.




$$
