304
CDUS43 KLOT 252236
CLIORD


CLIMATE REPORT
NATIONAL WEATHER SERVICE CHICAGO IL
435 PM CST FRI NOV 25 2016


...................................

...THE CHICAGO-OHARE IL CLIMATE SUMMARY FOR NOVEMBER 25 2016...
VALID TODAY AS OF 0400 PM LOCAL TIME.

CLIMATE NORMAL PERIOD 1981 TO 2010
CLIMATE RECORD PERIOD 1871 TO 2016


WEATHER ITEM   OBSERVED TIME   RECORD YEAR NORMAL DEPARTURE LAST
                VALUE   (LST)  VALUE       VALUE  FROM      YEAR
                                                  NORMAL
..................................................................
TEMPERATURE (F)
 TODAY
  MAXIMUM         42   1108 AM  65    1908  43     -1       52
  MINIMUM         35    224 AM   0    1950  28      7       29
  AVERAGE         39                        36      3       41

PRECIPITATION (IN)
  TODAY            T             1.06 1908   0.10  -0.10      T
  MONTH TO DATE    0.65                      2.63  -1.98     2.97
  SINCE SEP 1      6.18                      8.99  -2.81     9.84
  SINCE JAN 1     33.16                     34.12  -0.96    33.46

SNOWFALL (IN)
  TODAY            0.0           5.0  1895   0.1   -0.1      0.0
  MONTH TO DATE    T                         0.7   -0.7     11.2
  SINCE SEP 1      T                         0.9   -0.9     11.2
  SINCE JUL 1      T                         0.9   -0.9     11.2

DEGREE DAYS
 HEATING
  TODAY           26                        29     -3       24
  MONTH TO DATE  428                       585   -157      489
  SINCE SEP 1    717                      1087   -370      837
  SINCE JUL 1    717                      1100   -383      855

 COOLING
  TODAY            0                         0      0        0
  MONTH TO DATE    3                         0      3        0
  SINCE SEP 1    192                       103     89      165
  SINCE JAN 1   1157                       843    314      806
..................................................................


WIND (MPH)
  HIGHEST WIND SPEED    16   HIGHEST WIND DIRECTION     W (280)
  HIGHEST GUST SPEED    21   HIGHEST GUST DIRECTION     W (290)
  AVERAGE WIND SPEED     8.5


SKY COVER
  POSSIBLE SUNSHINE  MM
  AVERAGE SKY COVER 1.0


WEATHER CONDITIONS
 THE FOLLOWING WEATHER WAS RECORDED TODAY.
  LIGHT RAIN
  FOG


RELATIVE HUMIDITY (PERCENT)
 HIGHEST    92           300 AM
 LOWEST     70          1100 AM
 AVERAGE    81

..........................................................


THE CHICAGO-OHARE IL CLIMATE NORMALS FOR TOMORROW
                         NORMAL    RECORD    YEAR
 MAXIMUM TEMPERATURE (F)   43        67      1990
 MINIMUM TEMPERATURE (F)   28         2      1898


SUNRISE AND SUNSET
NOVEMBER 25 2016......SUNRISE   654 AM CST   SUNSET   423 PM CST
NOVEMBER 26 2016......SUNRISE   655 AM CST   SUNSET   423 PM CST


-  INDICATES NEGATIVE NUMBERS.
R  INDICATES RECORD WAS SET OR TIED.
MM INDICATES DATA IS MISSING.
T  INDICATES TRACE AMOUNT.




$$
