000
CDUS43 KLOT 022135
CLIORD


CLIMATE REPORT
NATIONAL WEATHER SERVICE CHICAGO IL
434 PM CDT WED SEP 2 2015


...................................

...THE CHICAGO-OHARE IL CLIMATE SUMMARY FOR SEPTEMBER 2 2015...
VALID TODAY AS OF 0400 PM LOCAL TIME.

CLIMATE NORMAL PERIOD 1981 TO 2010
CLIMATE RECORD PERIOD 1871 TO 2015


WEATHER ITEM   OBSERVED TIME   RECORD YEAR NORMAL DEPARTURE LAST
                VALUE   (LST)  VALUE       VALUE  FROM      YEAR
                                                  NORMAL
..................................................................
TEMPERATURE (F)
 TODAY
  MAXIMUM         90    159 PM 101    1953  80     10       82
  MINIMUM         72    613 AM  44    1946  60     12       67
  AVERAGE         81                        70     11       75

PRECIPITATION (IN)
  TODAY            0.00          1.55 2010   0.12  -0.12     0.01
  MONTH TO DATE    0.00                      0.24  -0.24     0.37
  SINCE SEP 1      0.00                      0.24  -0.24     0.37
  SINCE JAN 1     23.62                     25.37  -1.75    32.45

SNOWFALL (IN)
  TODAY            0.0           0.0    MM   0.0    0.0      0.0
  MONTH TO DATE    0.0                       0.0    0.0      0.0
  SINCE SEP 1      0.0                       0.0    0.0      0.0
  SINCE JUL 1      T                         0.0    0.0      0.0

DEGREE DAYS
 HEATING
  TODAY            0                         1     -1        0
  MONTH TO DATE    0                         2     -2        0
  SINCE SEP 1      0                         2     -2        0
  SINCE JUL 1     18                        15      3        5

 COOLING
  TODAY           16                         6     10       10
  MONTH TO DATE   29                        12     17       22
  SINCE SEP 1     29                        12     17       22
  SINCE JAN 1    670                       752    -82      737
..................................................................


WIND (MPH)
  HIGHEST WIND SPEED    18   HIGHEST WIND DIRECTION    SW (210)
  HIGHEST GUST SPEED    23   HIGHEST GUST DIRECTION    SW (220)
  AVERAGE WIND SPEED     7.5


SKY COVER
  POSSIBLE SUNSHINE  MM
  AVERAGE SKY COVER 0.3


WEATHER CONDITIONS
 THE FOLLOWING WEATHER WAS RECORDED TODAY.
  FOG
  HAZE


RELATIVE HUMIDITY (PERCENT)
 HIGHEST    90           600 AM
 LOWEST     47           300 PM
 AVERAGE    69

..........................................................


THE CHICAGO-OHARE IL CLIMATE NORMALS FOR TOMORROW
                         NORMAL    RECORD    YEAR
 MAXIMUM TEMPERATURE (F)   79        97      1953
 MINIMUM TEMPERATURE (F)   60        47      1974


SUNRISE AND SUNSET
SEPTEMBER  2 2015.....SUNRISE   618 AM CDT   SUNSET   724 PM CDT
SEPTEMBER  3 2015.....SUNRISE   619 AM CDT   SUNSET   722 PM CDT


-  INDICATES NEGATIVE NUMBERS.
R  INDICATES RECORD WAS SET OR TIED.
MM INDICATES DATA IS MISSING.
T  INDICATES TRACE AMOUNT.




$$
