000
CDUS43 KLOT 050631
CLIORD


CLIMATE REPORT
NATIONAL WEATHER SERVICE CHICAGO IL
131 AM CDT SAT JUL 5 2014


...................................

...THE CHICAGO-OHARE CLIMATE SUMMARY FOR JULY 4 2014...

CLIMATE NORMAL PERIOD 1981 TO 2010
CLIMATE RECORD PERIOD 1871 TO 2014


WEATHER ITEM   OBSERVED TIME   RECORD YEAR NORMAL DEPARTURE LAST
                VALUE   (LST)  VALUE       VALUE  FROM      YEAR
                                                  NORMAL
..................................................................
TEMPERATURE (F)
 YESTERDAY
  MAXIMUM         79    139 PM 102    2012  84     -5       83
                                      1911
  MINIMUM         58    409 AM  50    1972  63     -5       56
  AVERAGE         69                        74     -5       70

PRECIPITATION (IN)
  YESTERDAY        0.00          1.72 1995   0.10  -0.10     0.00
  MONTH TO DATE    0.19                      0.40  -0.21     0.02
  SINCE JUN 1      8.00                      3.85   4.15     6.25
  SINCE JAN 1     22.83                     16.93   5.90    28.48

SNOWFALL (IN)
  YESTERDAY        0.0           0.0    MM   0.0    0.0      0.0
  MONTH TO DATE    0.0                       0.0    0.0      0.0
  SINCE JUN 1      0.0                       0.0    0.0      0.0
  SINCE JUL 1      0.0                       0.0    0.0      0.0
  SNOW DEPTH       0

DEGREE DAYS
 HEATING
  YESTERDAY        0                         0      0        0
  MONTH TO DATE    2                         0      2        1
  SINCE JUN 1     14                        48    -34       44
  SINCE JUL 1      2                         0      2        1

 COOLING
  YESTERDAY        4                         9     -5        5
  MONTH TO DATE   14                        35    -21        8
  SINCE JUN 1    212                       200     12      164
  SINCE JAN 1    273                       254     19      248
..................................................................


WIND (MPH)
  HIGHEST WIND SPEED    13   HIGHEST WIND DIRECTION     E (100)
  HIGHEST GUST SPEED    17   HIGHEST GUST DIRECTION     E (110)
  AVERAGE WIND SPEED     7.2


SKY COVER
  POSSIBLE SUNSHINE  MM
  AVERAGE SKY COVER 0.3


WEATHER CONDITIONS
 THE FOLLOWING WEATHER WAS RECORDED YESTERDAY.
  HAZE


RELATIVE HUMIDITY (PERCENT)
 HIGHEST    67           300 AM
 LOWEST     33           100 PM
 AVERAGE    50

..........................................................


THE CHICAGO-OHARE CLIMATE NORMALS FOR TODAY
                         NORMAL    RECORD    YEAR
 MAXIMUM TEMPERATURE (F)   84       103      2012
 MINIMUM TEMPERATURE (F)   63        46      1972


SUNRISE AND SUNSET
JULY  5 2014..........SUNRISE   522 AM CDT   SUNSET   830 PM CDT
JULY  6 2014..........SUNRISE   523 AM CDT   SUNSET   830 PM CDT


-  INDICATES NEGATIVE NUMBERS.
R  INDICATES RECORD WAS SET OR TIED.
MM INDICATES DATA IS MISSING.
T  INDICATES TRACE AMOUNT.




$$
