000
CDUS43 KLOT 262139
CLIORD


CLIMATE REPORT
NATIONAL WEATHER SERVICE CHICAGO IL
438 PM CDT FRI JUN 26 2015


...................................

...THE CHICAGO-OHARE IL CLIMATE SUMMARY FOR JUNE 26 2015...
VALID TODAY AS OF 0400 PM LOCAL TIME.

CLIMATE NORMAL PERIOD 1981 TO 2010
CLIMATE RECORD PERIOD 1871 TO 2015


WEATHER ITEM   OBSERVED TIME   RECORD YEAR NORMAL DEPARTURE LAST
                VALUE   (LST)  VALUE       VALUE  FROM      YEAR
                                                  NORMAL
..................................................................
TEMPERATURE (F)
 TODAY
  MAXIMUM         67    109 PM  99    1983  83    -16       78
  MINIMUM         60    649 AM  50    1992  62     -2       59
  AVERAGE         64                        72     -8       69

PRECIPITATION (IN)
  TODAY            T             1.48 2013   0.11  -0.11     0.00
  MONTH TO DATE    6.18                      3.02   3.16     5.14
  SINCE JUN 1      6.18                      3.02   3.16     5.14
  SINCE JAN 1     17.67                     16.10   1.57    19.97

SNOWFALL (IN)
  TODAY            0.0           0.0    MM   0.0    0.0      0.0
  MONTH TO DATE    0.0                       0.0    0.0      0.0
  SINCE JUN 1      0.0                       0.0    0.0      0.0
  SINCE JUL 1     50.7                      36.6   14.1     82.0

DEGREE DAYS
 HEATING
  TODAY            1                         0      1        0
  MONTH TO DATE   38                        48    -10       12
  SINCE JUN 1     38                        48    -10       12
  SINCE JUL 1   6775                      6340    435     7135

 COOLING
  TODAY            0                         8     -8        4
  MONTH TO DATE  108                       132    -24      151
  SINCE JUN 1    108                       132    -24      151
  SINCE JAN 1    161                       186    -25      212
..................................................................


WIND (MPH)
  HIGHEST WIND SPEED    16   HIGHEST WIND DIRECTION    NE (30)
  HIGHEST GUST SPEED    20   HIGHEST GUST DIRECTION    NE (30)
  AVERAGE WIND SPEED     9.1


SKY COVER
  POSSIBLE SUNSHINE  MM
  AVERAGE SKY COVER 1.0


WEATHER CONDITIONS
 THE FOLLOWING WEATHER WAS RECORDED TODAY.
  LIGHT RAIN
  FOG
  HAZE


RELATIVE HUMIDITY (PERCENT)
 HIGHEST    97           600 AM
 LOWEST     81          1000 AM
 AVERAGE    89

..........................................................


THE CHICAGO-OHARE IL CLIMATE NORMALS FOR TOMORROW
                         NORMAL    RECORD    YEAR
 MAXIMUM TEMPERATURE (F)   83       101      1971
 MINIMUM TEMPERATURE (F)   62        47      1992


SUNRISE AND SUNSET
JUNE 26 2015..........SUNRISE   518 AM CDT   SUNSET   831 PM CDT
JUNE 27 2015..........SUNRISE   518 AM CDT   SUNSET   831 PM CDT


-  INDICATES NEGATIVE NUMBERS.
R  INDICATES RECORD WAS SET OR TIED.
MM INDICATES DATA IS MISSING.
T  INDICATES TRACE AMOUNT.




$$
