000
CDUS43 KLOT 012155
CLIORD


CLIMATE REPORT
NATIONAL WEATHER SERVICE CHICAGO IL
454 PM CDT TUE JUL 1 2014


...................................

...THE CHICAGO-OHARE IL CLIMATE SUMMARY FOR JULY 1 2014...
VALID TODAY AS OF 0400 PM LOCAL TIME.

CLIMATE NORMAL PERIOD 1981 TO 2010
CLIMATE RECORD PERIOD 1871 TO 2014


WEATHER ITEM   OBSERVED TIME   RECORD YEAR NORMAL DEPARTURE LAST
                VALUE   (LST)  VALUE       VALUE  FROM      YEAR
                                                  NORMAL
..................................................................
TEMPERATURE (F)
 TODAY
  MAXIMUM         80    244 PM 103    1956  84     -4       75
  MINIMUM         67    506 AM  46    1982  63      4       59
  AVERAGE         74                        73      1       67

PRECIPITATION (IN)
  TODAY            T             1.56 1901   0.10  -0.10     0.00
  MONTH TO DATE    T                         0.10  -0.10     0.00
  SINCE JUN 1      7.81                      3.55   4.26     6.23
  SINCE JAN 1     22.64                     16.63   6.01    28.46

SNOWFALL (IN)
  TODAY            0.0           0.0    MM   0.0    0.0      0.0
  MONTH TO DATE    0.0                       0.0    0.0      0.0
  SINCE JUN 1      0.0                       0.0    0.0      0.0
  SINCE JUL 1      0.0                       0.0    0.0      0.0

DEGREE DAYS
 HEATING
  TODAY            0                         0      0        0
  MONTH TO DATE    0                         0      0        0
  SINCE JUN 1     12                        48    -36       43
  SINCE JUL 1      0                         0      0        0

 COOLING
  TODAY            9                         8      1        2
  MONTH TO DATE    9                         8      1        2
  SINCE JUN 1    207                       173     34      158
  SINCE JAN 1    268                       227     41      242
..................................................................


WIND (MPH)
  HIGHEST WIND SPEED    24   HIGHEST WIND DIRECTION     W (250)
  HIGHEST GUST SPEED    31   HIGHEST GUST DIRECTION     W (260)
  AVERAGE WIND SPEED    13.2


SKY COVER
  POSSIBLE SUNSHINE  MM
  AVERAGE SKY COVER 0.7


WEATHER CONDITIONS
 THE FOLLOWING WEATHER WAS RECORDED TODAY.
  LIGHT RAIN
  FOG


RELATIVE HUMIDITY (PERCENT)
 HIGHEST    87           300 AM
 LOWEST     48          1100 AM
 AVERAGE    68

..........................................................


THE CHICAGO-OHARE IL CLIMATE NORMALS FOR TOMORROW
                         NORMAL    RECORD    YEAR
 MAXIMUM TEMPERATURE (F)   84        99      1970
 MINIMUM TEMPERATURE (F)   63        49      2001
                                             1984


SUNRISE AND SUNSET
JULY  1 2014..........SUNRISE   520 AM CDT   SUNSET   831 PM CDT
JULY  2 2014..........SUNRISE   520 AM CDT   SUNSET   831 PM CDT


-  INDICATES NEGATIVE NUMBERS.
R  INDICATES RECORD WAS SET OR TIED.
MM INDICATES DATA IS MISSING.
T  INDICATES TRACE AMOUNT.




$$
