084
CDUS43 KLOT 152135
CLIORD


CLIMATE REPORT
NATIONAL WEATHER SERVICE CHICAGO IL
435 PM CDT SAT APR 15 2017


...................................

...THE CHICAGO-OHARE IL CLIMATE SUMMARY FOR APRIL 15 2017...
VALID TODAY AS OF 0400 PM LOCAL TIME.

CLIMATE NORMAL PERIOD 1981 TO 2010
CLIMATE RECORD PERIOD 1871 TO 2017


WEATHER ITEM   OBSERVED TIME   RECORD YEAR NORMAL DEPARTURE LAST
                VALUE   (LST)  VALUE       VALUE  FROM      YEAR
                                                  NORMAL
..................................................................
TEMPERATURE (F)
 TODAY
  MAXIMUM         81    259 PM  88    2002  59     22       68
  MINIMUM         61    117 AM  25    1943  39     22       42
  AVERAGE         71                        49     22       55

PRECIPITATION (IN)
  TODAY            0.00          1.74 1884   0.12  -0.12     0.00
  MONTH TO DATE    2.11                      1.64   0.47     0.69
  SINCE MAR 1      6.12                      4.14   1.98     4.03
  SINCE JAN 1     10.51                      7.66   2.85     6.10

SNOWFALL (IN)
  TODAY            0.0           1.5  1980   0.1   -0.1      0.0
  MONTH TO DATE    0.0                       1.0   -1.0      1.1
  SINCE MAR 1      7.8                       6.6    1.2      3.7
  SINCE JUL 1     26.1                      36.1   RRRR     31.2

DEGREE DAYS
 HEATING
  TODAY            0                        17    -17       10
  MONTH TO DATE  192                       286    -94      361
  SINCE MAR 1    977                      1127   -150     1026
  SINCE JUL 1   4902                      5861   -959     5034

 COOLING
  TODAY            6                         0      6        0
  MONTH TO DATE    8                         0      8        0
  SINCE MAR 1      8                         1      7        0
  SINCE JAN 1      8                         1      7        0
..................................................................


WIND (MPH)
  HIGHEST WIND SPEED    32   HIGHEST WIND DIRECTION    SW (210)
  HIGHEST GUST SPEED    40   HIGHEST GUST DIRECTION     S (190)
  AVERAGE WIND SPEED    16.6


SKY COVER
  POSSIBLE SUNSHINE  MM
  AVERAGE SKY COVER 0.7


WEATHER CONDITIONS
 THE FOLLOWING WEATHER WAS RECORDED TODAY.
  NO SIGNIFICANT WEATHER WAS OBSERVED.


RELATIVE HUMIDITY (PERCENT)
 HIGHEST    84          1200 AM
 LOWEST     36           200 PM
 AVERAGE    60

..........................................................


THE CHICAGO-OHARE IL CLIMATE NORMALS FOR TOMORROW
                         NORMAL    RECORD    YEAR
 MAXIMUM TEMPERATURE (F)   59        87      2002
 MINIMUM TEMPERATURE (F)   39        18      1875


SUNRISE AND SUNSET
APRIL 15 2017.........SUNRISE   611 AM CDT   SUNSET   733 PM CDT
APRIL 16 2017.........SUNRISE   609 AM CDT   SUNSET   734 PM CDT


-  INDICATES NEGATIVE NUMBERS.
R  INDICATES RECORD WAS SET OR TIED.
MM INDICATES DATA IS MISSING.
T  INDICATES TRACE AMOUNT.




$$
