000
CDUS43 KLOT 100632
CLIORD


CLIMATE REPORT
NATIONAL WEATHER SERVICE CHICAGO IL
132 AM CDT WED AUG 10 2016


...................................

...THE CHICAGO-OHARE CLIMATE SUMMARY FOR AUGUST 9 2016...

CLIMATE NORMAL PERIOD 1981 TO 2010
CLIMATE RECORD PERIOD 1871 TO 2016


WEATHER ITEM   OBSERVED TIME   RECORD YEAR NORMAL DEPARTURE LAST
                VALUE   (LST)  VALUE       VALUE  FROM      YEAR
                                                  NORMAL
..................................................................
TEMPERATURE (F)
 YESTERDAY
  MAXIMUM         88    407 PM  97    1913  83      5       80
  MINIMUM         67    437 AM  51    1972  64      3       67
  AVERAGE         78                        73      5       74

PRECIPITATION (IN)
  YESTERDAY        0.00          1.60 1952   0.17  -0.17      T
  MONTH TO DATE    0.02                      1.45  -1.43     0.53
  SINCE JUN 1      9.10                      8.60   0.50    10.50
  SINCE JAN 1     22.74                     21.68   1.06    21.99

SNOWFALL (IN)
  YESTERDAY        0.0           0.0    MM   0.0    0.0      0.0
  MONTH TO DATE    0.0                       0.0    0.0       T
  SINCE JUN 1      0.0                       0.0    0.0       T
  SINCE JUL 1      0.0                       0.0    0.0       T
  SNOW DEPTH       0

DEGREE DAYS
 HEATING
  YESTERDAY        0                         0      0        0
  MONTH TO DATE    0                         0      0        0
  SINCE JUN 1     13                        52    -39       52
  SINCE JUL 1      0                         4     -4       13

 COOLING
  YESTERDAY       13                         8      5        9
  MONTH TO DATE  111                        79     32       85
  SINCE JUN 1    659                       527    132      449
  SINCE JAN 1    733                       581    152      502
..................................................................


WIND (MPH)
  HIGHEST WIND SPEED    12   HIGHEST WIND DIRECTION     W (270)
  HIGHEST GUST SPEED    15   HIGHEST GUST DIRECTION    SW (240)
  AVERAGE WIND SPEED     5.1


SKY COVER
  POSSIBLE SUNSHINE  MM
  AVERAGE SKY COVER 0.5


WEATHER CONDITIONS
 THE FOLLOWING WEATHER WAS RECORDED YESTERDAY.
  NO SIGNIFICANT WEATHER WAS OBSERVED.


RELATIVE HUMIDITY (PERCENT)
 HIGHEST    79          1200 AM
 LOWEST     39           100 PM
 AVERAGE    59

..........................................................


THE CHICAGO-OHARE CLIMATE NORMALS FOR TODAY
                         NORMAL    RECORD    YEAR
 MAXIMUM TEMPERATURE (F)   83        99      1944
 MINIMUM TEMPERATURE (F)   64        49      1982
                                             1972


SUNRISE AND SUNSET
AUGUST 10 2016........SUNRISE   555 AM CDT   SUNSET   758 PM CDT
AUGUST 11 2016........SUNRISE   556 AM CDT   SUNSET   757 PM CDT


-  INDICATES NEGATIVE NUMBERS.
R  INDICATES RECORD WAS SET OR TIED.
MM INDICATES DATA IS MISSING.
T  INDICATES TRACE AMOUNT.




$$
