000
CDUS43 KLOT 082148
CLIORD


CLIMATE REPORT
NATIONAL WEATHER SERVICE CHICAGO IL
447 PM CDT FRI SEP 8 2017


...................................

...THE CHICAGO-OHARE IL CLIMATE SUMMARY FOR SEPTEMBER 8 2017...
VALID TODAY AS OF 0400 PM LOCAL TIME.

CLIMATE NORMAL PERIOD 1981 TO 2010
CLIMATE RECORD PERIOD 1871 TO 2017


WEATHER ITEM   OBSERVED TIME   RECORD YEAR NORMAL DEPARTURE LAST
                VALUE   (LST)  VALUE       VALUE  FROM      YEAR
                                                  NORMAL
..................................................................
TEMPERATURE (F)
 TODAY
  MAXIMUM         69   1046 AM  96    1960  78     -9       82
                                      1959
                                      1933
  MINIMUM         58    409 AM  43    1986  58      0       70
  AVERAGE         64                        68     -4       76

PRECIPITATION (IN)
  TODAY            T             1.65 1885   0.11  -0.11     0.05
  MONTH TO DATE    0.25                      0.92  -0.67     0.44
  SINCE SEP 1      0.25                      0.92  -0.67     0.44
  SINCE JAN 1     31.99                     26.05   5.94    27.42

SNOWFALL (IN)
  TODAY            0.0           0.0    MM   0.0    0.0      0.0
  MONTH TO DATE    0.0                       0.0    0.0      0.0
  SINCE SEP 1      0.0                       0.0    0.0      0.0
  SINCE JUL 1      T                         0.0    0.0      0.0

DEGREE DAYS
 HEATING
  TODAY            1                         2     -1        0
  MONTH TO DATE   21                         9     12        0
  SINCE SEP 1     21                         9     12        0
  SINCE JUL 1     26                        22      4        0

 COOLING
  TODAY            0                         4     -4       11
  MONTH TO DATE   13                        41    -28       68
  SINCE SEP 1     13                        41    -28       68
  SINCE JAN 1    796                       781     15     1033
..................................................................


WIND (MPH)
  HIGHEST WIND SPEED    16   HIGHEST WIND DIRECTION    NE (50)
  HIGHEST GUST SPEED    20   HIGHEST GUST DIRECTION    NE (40)
  AVERAGE WIND SPEED     7.7


SKY COVER
  POSSIBLE SUNSHINE  MM
  AVERAGE SKY COVER 0.9


WEATHER CONDITIONS
 THE FOLLOWING WEATHER WAS RECORDED TODAY.
  LIGHT RAIN


RELATIVE HUMIDITY (PERCENT)
 HIGHEST    75           600 AM
 LOWEST     58           200 PM
 AVERAGE    67

..........................................................


THE CHICAGO-OHARE IL CLIMATE NORMALS FOR TOMORROW
                         NORMAL    RECORD    YEAR
 MAXIMUM TEMPERATURE (F)   78        95      1983
                                             1959
                                             1955
 MINIMUM TEMPERATURE (F)   57        43      1986


SUNRISE AND SUNSET
SEPTEMBER  8 2017.....SUNRISE   625 AM CDT   SUNSET   713 PM CDT
SEPTEMBER  9 2017.....SUNRISE   626 AM CDT   SUNSET   711 PM CDT


-  INDICATES NEGATIVE NUMBERS.
R  INDICATES RECORD WAS SET OR TIED.
MM INDICATES DATA IS MISSING.
T  INDICATES TRACE AMOUNT.




$$
