000
CDUS43 KLOT 160633
CLIORD


CLIMATE REPORT
NATIONAL WEATHER SERVICE CHICAGO IL
1231 AM CST SUN NOV 16 2014


...................................

...THE CHICAGO-OHARE CLIMATE SUMMARY FOR NOVEMBER 15 2014...

CLIMATE NORMAL PERIOD 1981 TO 2010
CLIMATE RECORD PERIOD 1871 TO 2014


WEATHER ITEM   OBSERVED TIME   RECORD YEAR NORMAL DEPARTURE LAST
                VALUE   (LST)  VALUE       VALUE  FROM      YEAR
                                                  NORMAL
..................................................................
TEMPERATURE (F)
 YESTERDAY
  MAXIMUM         31    226 PM  71    1971  49    -18       50
                                      1955
                                      1953
  MINIMUM         17    624 AM  10    1933  33    -16       38
  AVERAGE         24                        41    -17       44

PRECIPITATION (IN)
  YESTERDAY        0.04          0.63 1927   0.11  -0.07     0.01
  MONTH TO DATE    0.26                      1.56  -1.30     1.03
  SINCE SEP 1      5.45                      7.92  -2.47     6.72
  SINCE JAN 1     37.53                     33.05   4.48    39.09

SNOWFALL (IN)
  YESTERDAY        1.4           4.8  1940   0.0    1.4      0.0
  MONTH TO DATE    1.4                       0.2    1.2      0.4
  SINCE SEP 1      1.5                       0.4    1.1      0.4
  SINCE JUL 1      1.5                       0.4    1.1      0.4
  SNOW DEPTH       0

DEGREE DAYS
 HEATING
  YESTERDAY       41                        24     17       21
  MONTH TO DATE  382                       315     67      348
  SINCE SEP 1    884                       817     67      801
  SINCE JUL 1    889                       830     59      812

 COOLING
  YESTERDAY        0                         0      0        0
  MONTH TO DATE    0                         0      0        0
  SINCE SEP 1     84                       103    -19      168
  SINCE JAN 1    799                       843    -44      933
..................................................................


WIND (MPH)
  HIGHEST WIND SPEED    14   HIGHEST WIND DIRECTION    SW (210)
  HIGHEST GUST SPEED    17   HIGHEST GUST DIRECTION     W (250)
  AVERAGE WIND SPEED     5.5


SKY COVER
  POSSIBLE SUNSHINE  MM
  AVERAGE SKY COVER 0.7


WEATHER CONDITIONS
 THE FOLLOWING WEATHER WAS RECORDED YESTERDAY.
  LIGHT SNOW
  FOG


RELATIVE HUMIDITY (PERCENT)
 HIGHEST    88           800 PM
 LOWEST     43          1200 PM
 AVERAGE    66

..........................................................


THE CHICAGO-OHARE CLIMATE NORMALS FOR TODAY
                         NORMAL    RECORD    YEAR
 MAXIMUM TEMPERATURE (F)   48        73      1952
 MINIMUM TEMPERATURE (F)   32         6      1959


SUNRISE AND SUNSET
NOVEMBER 16 2014......SUNRISE   643 AM CST   SUNSET   430 PM CST
NOVEMBER 17 2014......SUNRISE   644 AM CST   SUNSET   429 PM CST


-  INDICATES NEGATIVE NUMBERS.
R  INDICATES RECORD WAS SET OR TIED.
MM INDICATES DATA IS MISSING.
T  INDICATES TRACE AMOUNT.




$$
