054
CDUS43 KLOT 140638
CLIORD


CLIMATE REPORT
NATIONAL WEATHER SERVICE CHICAGO IL
137 AM CDT SUN AUG 14 2016


...................................

...THE CHICAGO-OHARE CLIMATE SUMMARY FOR AUGUST 13 2016...

CLIMATE NORMAL PERIOD 1981 TO 2010
CLIMATE RECORD PERIOD 1871 TO 2016


WEATHER ITEM   OBSERVED TIME   RECORD YEAR NORMAL DEPARTURE LAST
                VALUE   (LST)  VALUE       VALUE  FROM      YEAR
                                                  NORMAL
..................................................................
TEMPERATURE (F)
 YESTERDAY
  MAXIMUM         84    441 PM  98    1944  82      2       85
  MINIMUM         72   1159 PM  51    2004  64      8       65
                                      1982
  AVERAGE         78                        73      5       75

PRECIPITATION (IN)
  YESTERDAY        T             2.86 1987   0.17  -0.17     0.00
  MONTH TO DATE    0.98                      2.12  -1.14     0.55
  SINCE JUN 1     10.06                      9.27   0.79    10.52
  SINCE JAN 1     23.70                     22.35   1.35    22.01

SNOWFALL (IN)
  YESTERDAY        0.0           0.0    MM   0.0    0.0      0.0
  MONTH TO DATE    0.0                       0.0    0.0       T
  SINCE JUN 1      0.0                       0.0    0.0       T
  SINCE JUL 1      0.0                       0.0    0.0       T
  SNOW DEPTH       0

DEGREE DAYS
 HEATING
  YESTERDAY        0                         0      0        0
  MONTH TO DATE    0                         0      0        0
  SINCE JUN 1     13                        52    -39       52
  SINCE JUL 1      0                         4     -4       13

 COOLING
  YESTERDAY       13                         8      5       10
  MONTH TO DATE  170                       111     59      121
  SINCE JUN 1    718                       559    159      485
  SINCE JAN 1    792                       613    179      538
..................................................................


WIND (MPH)
  HIGHEST WIND SPEED    20   HIGHEST WIND DIRECTION    NW (300)
  HIGHEST GUST SPEED    24   HIGHEST GUST DIRECTION    NW (310)
  AVERAGE WIND SPEED     9.1


SKY COVER
  POSSIBLE SUNSHINE  MM
  AVERAGE SKY COVER 0.7


WEATHER CONDITIONS
 THE FOLLOWING WEATHER WAS RECORDED YESTERDAY.
  LIGHT RAIN
  FOG


RELATIVE HUMIDITY (PERCENT)
 HIGHEST   100           100 AM
 LOWEST     55           400 PM
 AVERAGE    78

..........................................................


THE CHICAGO-OHARE CLIMATE NORMALS FOR TODAY
                         NORMAL    RECORD    YEAR
 MAXIMUM TEMPERATURE (F)   82        99      1944
 MINIMUM TEMPERATURE (F)   63        48      1964


SUNRISE AND SUNSET
AUGUST 14 2016........SUNRISE   559 AM CDT   SUNSET   753 PM CDT
AUGUST 15 2016........SUNRISE   600 AM CDT   SUNSET   751 PM CDT


-  INDICATES NEGATIVE NUMBERS.
R  INDICATES RECORD WAS SET OR TIED.
MM INDICATES DATA IS MISSING.
T  INDICATES TRACE AMOUNT.




$$
