000
CDUS43 KLOT 132144
CLIORD

CLIMATE REPORT
NATIONAL WEATHER SERVICE CHICAGO IL
439 PM CDT SUN JUL 13 2014

...................................
...THE CHICAGO-OHARE IL CLIMATE SUMMARY FOR JULY 13 2014...
VALID TODAY AS OF 0400 PM LOCAL TIME.

CLIMATE NORMAL PERIOD 1981 TO 2010
CLIMATE RECORD PERIOD 1871 TO 2014

WEATHER ITEM   OBSERVED TIME   RECORD YEAR NORMAL DEPARTURE LAST
                VALUE   (LST)  VALUE       VALUE  FROM      YEAR
                                                  NORMAL
..................................................................
TEMPERATURE (F)
 TODAY
  MAXIMUM         85    259 PM 104    1995  85      0       84
  MINIMUM         68    711 AM  52    1975  64      4       62
  AVERAGE         77                        74      3       73

PRECIPITATION (IN)
  TODAY            T             1.49 1963   0.11  -0.11     0.00
  MONTH TO DATE    1.84                      1.42   0.42     0.52
  SINCE JUN 1      9.65                      4.87   4.78     6.75
  SINCE JAN 1     24.48                     17.95   6.53    28.98

SNOWFALL (IN)
  TODAY            0.0           0.0    MM   0.0    0.0      0.0
  MONTH TO DATE    0.0                       0.0    0.0      0.0
  SINCE JUN 1      0.0                       0.0    0.0      0.0
  SINCE JUL 1      0.0                       0.0    0.0      0.0

DEGREE DAYS
 HEATING
  TODAY            0                         0      0        0
  MONTH TO DATE    2                         0      2        1
  SINCE JUN 1     14                        48    -34       44
  SINCE JUL 1      2                         0      2        1

 COOLING
  TODAY           12                         9      3        8
  MONTH TO DATE   91                       116    -25       99
  SINCE JUN 1    289                       281      8      255
  SINCE JAN 1    350                       335     15      339
..................................................................
WIND (MPH)
  HIGHEST WIND SPEED    16   HIGHEST WIND DIRECTION    NW (310)
  HIGHEST GUST SPEED    23   HIGHEST GUST DIRECTION     W (280)
  AVERAGE WIND SPEED     8.8

SKY COVER
  POSSIBLE SUNSHINE  MM
  AVERAGE SKY COVER 0.6

WEATHER CONDITIONS
 THE FOLLOWING WEATHER WAS RECORDED TODAY.
  LIGHT RAIN

RELATIVE HUMIDITY (PERCENT)
 HIGHEST    84          1200 AM
 LOWEST     40           300 PM
 AVERAGE    62
..........................................................

THE CHICAGO-OHARE IL CLIMATE NORMALS FOR TOMORROW
                         NORMAL    RECORD    YEAR
 MAXIMUM TEMPERATURE (F)   85       100      1995
                                             1988
 MINIMUM TEMPERATURE (F)   64        52      1926

SUNRISE AND SUNSET
JULY 13 2014..........SUNRISE   528 AM CDT   SUNSET   827 PM CDT
JULY 14 2014..........SUNRISE   529 AM CDT   SUNSET   826 PM CDT

-  INDICATES NEGATIVE NUMBERS.
R  INDICATES RECORD WAS SET OR TIED.
MM INDICATES DATA IS MISSING.
T  INDICATES TRACE AMOUNT.

$$
