000
CDUS43 KLOT 051227
CLIORD

CLIMATE REPORT
NATIONAL WEATHER SERVICE CHICAGO IL
1232 AM CST SUN FEB 5 2017


...................................

...THE CHICAGO-OHARE CLIMATE SUMMARY FOR FEBRUARY 4 2017...

CLIMATE NORMAL PERIOD 1981 TO 2010
CLIMATE RECORD PERIOD 1871 TO 2017


WEATHER ITEM   OBSERVED TIME   RECORD YEAR NORMAL DEPARTURE LAST
                VALUE   (LST)  VALUE       VALUE  FROM      YEAR
                                                  NORMAL
..................................................................
TEMPERATURE (F)
 YESTERDAY
  MAXIMUM         33   1113 PM  59    1890  32      1       32
  MINIMUM         10    708 AM -14    1996  17     -7       19
  AVERAGE         22                        25     -3       26

PRECIPITATION (IN)
  YESTERDAY        0.00          1.26 1924   0.05  -0.05     0.00
  MONTH TO DATE    T                         0.20  -0.20     0.81
  SINCE DEC 1      4.64                      4.18   0.46     6.52
  SINCE JAN 1      2.87                      1.93   0.94     1.65

SNOWFALL (IN)
  YESTERDAY        0.0           4.3  1932   0.3   -0.3      0.0
  MONTH TO DATE    T                         1.4   -1.4       T
  SINCE DEC 1     18.3                      20.4   -2.1     10.8
  SINCE JUL 1     18.3                      21.8   -3.5     22.0
  SNOW DEPTH       0

DEGREE DAYS
 HEATING
  YESTERDAY       43                        40      3       39
  MONTH TO DATE  168                       161      7      128
  SINCE DEC 1   2516                      2595    -79     2167
  SINCE JUL 1   3345                      3851   -506     3140

 COOLING
  YESTERDAY        0                         0      0        0
  MONTH TO DATE    0                         0      0        0
  SINCE DEC 1      0                         0      0        0
  SINCE JAN 1      0                         0      0        0
..................................................................


WIND (MPH)
  HIGHEST WIND SPEED    23   HIGHEST WIND DIRECTION     S (190)
  HIGHEST GUST SPEED    30   HIGHEST GUST DIRECTION     S (180)
  AVERAGE WIND SPEED    12.5


SKY COVER
  POSSIBLE SUNSHINE  MM
  AVERAGE SKY COVER 0.6


WEATHER CONDITIONS
 THE FOLLOWING WEATHER WAS RECORDED YESTERDAY.
  NO SIGNIFICANT WEATHER WAS OBSERVED.


RELATIVE HUMIDITY (PERCENT)
 HIGHEST    80           800 AM
 LOWEST     33           300 PM
 AVERAGE    57

..........................................................


THE CHICAGO-OHARE CLIMATE NORMALS FOR TODAY
                         NORMAL    RECORD    YEAR
 MAXIMUM TEMPERATURE (F)   32        56      1946
 MINIMUM TEMPERATURE (F)   18       -17      1979


SUNRISE AND SUNSET
FEBRUARY  5 2017......SUNRISE   700 AM CST   SUNSET   512 PM CST
FEBRUARY  6 2017......SUNRISE   658 AM CST   SUNSET   513 PM CST


-  INDICATES NEGATIVE NUMBERS.
R  INDICATES RECORD WAS SET OR TIED.
MM INDICATES DATA IS MISSING.
T  INDICATES TRACE AMOUNT.




$$
