000
CDUS43 KLOT 072243
CLIORD


CLIMATE REPORT
NATIONAL WEATHER SERVICE CHICAGO IL
439 PM CST SUN DEC 7 2014


...................................

...THE CHICAGO-OHARE IL CLIMATE SUMMARY FOR DECEMBER 7 2014...
VALID TODAY AS OF 0400 PM LOCAL TIME.

CLIMATE NORMAL PERIOD 1981 TO 2010
CLIMATE RECORD PERIOD 1871 TO 2014


WEATHER ITEM   OBSERVED TIME   RECORD YEAR NORMAL DEPARTURE LAST
                VALUE   (LST)  VALUE       VALUE  FROM      YEAR
                                                  NORMAL
..................................................................
TEMPERATURE (F)
 TODAY
  MAXIMUM         36    249 PM  64    1916  37     -1       21
  MINIMUM         26    727 AM  -6    1882  23      3        8
  AVERAGE         31                        30      1       15

PRECIPITATION (IN)
  TODAY            0.00          1.12 1980   0.09  -0.09     0.00
  MONTH TO DATE    T                         0.63  -0.63     0.11
  SINCE DEC 1      T                         0.63  -0.63     0.11
  SINCE JAN 1     38.68                     35.27   3.41    40.26

SNOWFALL (IN)
  TODAY            0.0           6.9  1978   0.2   -0.2      0.0
  MONTH TO DATE    T                         1.5   -1.5      0.0
  SINCE DEC 1      T                         1.5   -1.5      0.0
  SINCE JUL 1      2.9                       2.9    0.0      0.9

DEGREE DAYS
 HEATING
  TODAY           34                        35     -1       50
  MONTH TO DATE  247                       235     12      228
  SINCE DEC 1    247                       235     12      228
  SINCE JUL 1   1690                      1491    199     1511

 COOLING
  TODAY            0                         0      0        0
  MONTH TO DATE    0                         0      0        0
  SINCE DEC 1      0                         0      0        0
  SINCE JAN 1    799                       843    -44      933
..................................................................


WIND (MPH)
  HIGHEST WIND SPEED    17   HIGHEST WIND DIRECTION    SE (140)
  HIGHEST GUST SPEED    20   HIGHEST GUST DIRECTION    SE (150)
  AVERAGE WIND SPEED     9.0


SKY COVER
  POSSIBLE SUNSHINE  MM
  AVERAGE SKY COVER 0.7


WEATHER CONDITIONS
 THE FOLLOWING WEATHER WAS RECORDED TODAY.
  NO SIGNIFICANT WEATHER WAS OBSERVED.


RELATIVE HUMIDITY (PERCENT)
 HIGHEST    85          1200 AM
 LOWEST     52           100 PM
 AVERAGE    69

..........................................................


THE CHICAGO-OHARE IL CLIMATE NORMALS FOR TOMORROW
                         NORMAL    RECORD    YEAR
 MAXIMUM TEMPERATURE (F)   37        64      1946
 MINIMUM TEMPERATURE (F)   23        -7      1882


SUNRISE AND SUNSET
DECEMBER  7 2014......SUNRISE   706 AM CST   SUNSET   420 PM CST
DECEMBER  8 2014......SUNRISE   707 AM CST   SUNSET   420 PM CST


-  INDICATES NEGATIVE NUMBERS.
R  INDICATES RECORD WAS SET OR TIED.
MM INDICATES DATA IS MISSING.
T  INDICATES TRACE AMOUNT.




$$
