000
CDUS43 KLOT 102150
CLIORD

CLIMATE REPORT
NATIONAL WEATHER SERVICE CHICAGO IL
447 PM CDT SUN AUG 10 2014

...................................
...THE CHICAGO-OHARE IL CLIMATE SUMMARY FOR AUGUST 10 2014...
VALID TODAY AS OF 0400 PM LOCAL TIME.

CLIMATE NORMAL PERIOD 1981 TO 2010
CLIMATE RECORD PERIOD 1871 TO 2014

WEATHER ITEM   OBSERVED TIME   RECORD YEAR NORMAL DEPARTURE LAST
                VALUE   (LST)  VALUE       VALUE  FROM      YEAR
                                                  NORMAL
..................................................................
TEMPERATURE (F)
 TODAY
  MAXIMUM         81    134 PM  99    1944  83     -2       81
  MINIMUM         70    628 AM  49    1982  64      6       64
                                      1972
  AVERAGE         76                        73      3       73

PRECIPITATION (IN)
  TODAY            0.00          1.87 1979   0.16  -0.16     0.00
  MONTH TO DATE    2.91                      1.61   1.30     0.74
  SINCE JUN 1     12.86                      8.76   4.10     9.19
  SINCE JAN 1     27.69                     21.84   5.85    31.42

SNOWFALL (IN)
  TODAY            0.0           0.0    MM   0.0    0.0      0.0
  MONTH TO DATE    0.0                       0.0    0.0      0.0
  SINCE JUN 1      0.0                       0.0    0.0      0.0
  SINCE JUL 1      0.0                       0.0    0.0      0.0

DEGREE DAYS
 HEATING
  TODAY            0                         0      0        0
  MONTH TO DATE    0                         0      0        0
  SINCE JUN 1     17                        52    -35       52
  SINCE JUL 1      5                         4      1        9

 COOLING
  TODAY           11                         8      3        8
  MONTH TO DATE   86                        87     -1       71
  SINCE JUN 1    463                       535    -72      495
  SINCE JAN 1    524                       589    -65      579
..................................................................
WIND (MPH)
  HIGHEST WIND SPEED    15   HIGHEST WIND DIRECTION    NE (60)
  HIGHEST GUST SPEED    19   HIGHEST GUST DIRECTION    NE (60)
  AVERAGE WIND SPEED     8.2


SKY COVER
  POSSIBLE SUNSHINE  MM
  AVERAGE SKY COVER 0.8


WEATHER CONDITIONS
 THE FOLLOWING WEATHER WAS RECORDED TODAY.
  NO SIGNIFICANT WEATHER WAS OBSERVED.


RELATIVE HUMIDITY (PERCENT)
 HIGHEST    68          1200 AM
 LOWEST     49           400 AM
 AVERAGE    59

..........................................................


THE CHICAGO-OHARE IL CLIMATE NORMALS FOR TOMORROW
                         NORMAL    RECORD    YEAR
 MAXIMUM TEMPERATURE (F)   82        98      1941
                                             1874
 MINIMUM TEMPERATURE (F)   64        47      1982


SUNRISE AND SUNSET
AUGUST 10 2014........SUNRISE   554 AM CDT   SUNSET   759 PM CDT
AUGUST 11 2014........SUNRISE   555 AM CDT   SUNSET   758 PM CDT


-  INDICATES NEGATIVE NUMBERS.
R  INDICATES RECORD WAS SET OR TIED.
MM INDICATES DATA IS MISSING.
T  INDICATES TRACE AMOUNT.

$$
