000
CDUS43 KLOT 192236
CLIORD


CLIMATE REPORT
NATIONAL WEATHER SERVICE CHICAGO IL
434 PM CST SAT NOV 19 2016


...................................

...THE CHICAGO-OHARE IL CLIMATE SUMMARY FOR NOVEMBER 19 2016...
VALID TODAY AS OF 0400 PM LOCAL TIME.

CLIMATE NORMAL PERIOD 1981 TO 2010
CLIMATE RECORD PERIOD 1871 TO 2016


WEATHER ITEM   OBSERVED TIME   RECORD YEAR NORMAL DEPARTURE LAST
                VALUE   (LST)  VALUE       VALUE  FROM      YEAR
                                                  NORMAL
..................................................................
TEMPERATURE (F)
 TODAY
  MAXIMUM         39    126 PM  75    1930  46     -7       47
  MINIMUM         34    728 AM  10    1894  31      3       35
  AVERAGE         37                        39     -2       41

PRECIPITATION (IN)
  TODAY            0.01          0.96 1985   0.11  -0.10      T
  MONTH TO DATE    0.42                      1.99  -1.57     1.53
  SINCE SEP 1      5.95                      8.35  -2.40     8.40
  SINCE JAN 1     32.93                     33.48  -0.55    32.02

SNOWFALL (IN)
  TODAY            T             2.2  1955   0.0    0.0      0.0
  MONTH TO DATE    T                         0.3   -0.3      0.0
  SINCE SEP 1      T                         0.5   -0.5      0.0
  SINCE JUL 1      T                         0.5   -0.5       T

DEGREE DAYS
 HEATING
  TODAY           28                        26      2       24
  MONTH TO DATE  248                       417   -169      281
  SINCE SEP 1    537                       919   -382      629
  SINCE JUL 1    537                       932   -395      647

 COOLING
  TODAY            0                         0      0        0
  MONTH TO DATE    3                         0      3        0
  SINCE SEP 1    192                       103     89      165
  SINCE JAN 1   1157                       843    314      806
..................................................................


WIND (MPH)
  HIGHEST WIND SPEED    31   HIGHEST WIND DIRECTION    NW (300)
  HIGHEST GUST SPEED    41   HIGHEST GUST DIRECTION     W (290)
  AVERAGE WIND SPEED    21.3


SKY COVER
  POSSIBLE SUNSHINE  MM
  AVERAGE SKY COVER 1.0


WEATHER CONDITIONS
 THE FOLLOWING WEATHER WAS RECORDED TODAY.
  LIGHT SNOW


RELATIVE HUMIDITY (PERCENT)
 HIGHEST    75           700 AM
 LOWEST     52          1200 PM
 AVERAGE    64

..........................................................


THE CHICAGO-OHARE IL CLIMATE NORMALS FOR TOMORROW
                         NORMAL    RECORD    YEAR
 MAXIMUM TEMPERATURE (F)   46        68      1930
                                             1913
 MINIMUM TEMPERATURE (F)   31         8      1873


SUNRISE AND SUNSET
NOVEMBER 19 2016......SUNRISE   647 AM CST   SUNSET   427 PM CST
NOVEMBER 20 2016......SUNRISE   648 AM CST   SUNSET   426 PM CST


-  INDICATES NEGATIVE NUMBERS.
R  INDICATES RECORD WAS SET OR TIED.
MM INDICATES DATA IS MISSING.
T  INDICATES TRACE AMOUNT.




$$
