946
CDUS43 KLOT 262134
CLIORD


CLIMATE REPORT
NATIONAL WEATHER SERVICE CHICAGO IL
433 PM CDT TUE APR 26 2016


...................................

...THE CHICAGO-OHARE IL CLIMATE SUMMARY FOR APRIL 26 2016...
VALID TODAY AS OF 0400 PM LOCAL TIME.

CLIMATE NORMAL PERIOD 1981 TO 2010
CLIMATE RECORD PERIOD 1871 TO 2016


WEATHER ITEM   OBSERVED TIME   RECORD YEAR NORMAL DEPARTURE LAST
                VALUE   (LST)  VALUE       VALUE  FROM      YEAR
                                                  NORMAL
..................................................................
TEMPERATURE (F)
 TODAY
  MAXIMUM         68   1204 AM  89    1986  63      5       56
  MINIMUM         43    748 AM  27    2006  42      1       35
  AVERAGE         56                        53      3       46

PRECIPITATION (IN)
  TODAY            0.00          1.76 1995   0.12  -0.12     0.00
  MONTH TO DATE    1.26                      2.90  -1.64     2.87
  SINCE MAR 1      4.60                      5.40  -0.80     3.97
  SINCE JAN 1      6.67                      8.92  -2.25     6.83

SNOWFALL (IN)
  TODAY            0.0           0.8  1910   0.0    0.0      0.0
  MONTH TO DATE    1.1                       1.2   -0.1       T
  SINCE MAR 1      3.7                       6.8   -3.1      7.1
  SINCE JUL 1     31.2                      36.6   -5.4     50.7

DEGREE DAYS
 HEATING
  TODAY            9                        13     -4       19
  MONTH TO DATE  439                       446     -7      389
  SINCE MAR 1   1104                      1287   -183     1299
  SINCE JUL 1   5112                      6021   -909     6479

 COOLING
  TODAY            0                         0      0        0
  MONTH TO DATE    7                         0      7        0
  SINCE MAR 1      7                         1      6        0
  SINCE JAN 1      7                         1      6        0
..................................................................


WIND (MPH)
  HIGHEST WIND SPEED    22   HIGHEST WIND DIRECTION     N (20)
  HIGHEST GUST SPEED    29   HIGHEST GUST DIRECTION     N (20)
  AVERAGE WIND SPEED    12.2


SKY COVER
  POSSIBLE SUNSHINE  MM
  AVERAGE SKY COVER 1.0


WEATHER CONDITIONS
 THE FOLLOWING WEATHER WAS RECORDED TODAY.
  FOG


RELATIVE HUMIDITY (PERCENT)
 HIGHEST   100           500 AM
 LOWEST     68          1200 AM
 AVERAGE    84

..........................................................


THE CHICAGO-OHARE IL CLIMATE NORMALS FOR TOMORROW
                         NORMAL    RECORD    YEAR
 MAXIMUM TEMPERATURE (F)   64        87      1986
 MINIMUM TEMPERATURE (F)   43        29      1945


SUNRISE AND SUNSET
APRIL 26 2016.........SUNRISE   554 AM CDT   SUNSET   745 PM CDT
APRIL 27 2016.........SUNRISE   552 AM CDT   SUNSET   747 PM CDT


-  INDICATES NEGATIVE NUMBERS.
R  INDICATES RECORD WAS SET OR TIED.
MM INDICATES DATA IS MISSING.
T  INDICATES TRACE AMOUNT.




$$
