000
CDUS43 KLOT 122132
CLIORD


CLIMATE REPORT
NATIONAL WEATHER SERVICE CHICAGO IL
432 PM CDT TUE APR 12 2016


...................................

...THE CHICAGO-OHARE IL CLIMATE SUMMARY FOR APRIL 12 2016...
VALID TODAY AS OF 0400 PM LOCAL TIME.

CLIMATE NORMAL PERIOD 1981 TO 2010
CLIMATE RECORD PERIOD 1871 TO 2016


WEATHER ITEM   OBSERVED TIME   RECORD YEAR NORMAL DEPARTURE LAST
                VALUE   (LST)  VALUE       VALUE  FROM      YEAR
                                                  NORMAL
..................................................................
TEMPERATURE (F)
 TODAY
  MAXIMUM         47    114 PM  86    1977  58    -11       68
                                      1971
  MINIMUM         30    328 AM  21    1957  38     -8       41
                                      1939
  AVERAGE         39                        48     -9       55

PRECIPITATION (IN)
  TODAY            0.00          1.16 1952   0.11  -0.11      T
                                      1909
  MONTH TO DATE    0.69                      1.30  -0.61     1.86
  SINCE MAR 1      4.03                      3.80   0.23     2.96
  SINCE JAN 1      6.10                      7.32  -1.22     5.82

SNOWFALL (IN)
  TODAY            0.0           1.7  1973   0.0    0.0      0.0
  MONTH TO DATE    1.1                       0.8    0.3      0.0
  SINCE MAR 1      3.7                       6.4   -2.7      7.1
  SINCE JUL 1     31.2                      36.2   -5.0     50.7

DEGREE DAYS
 HEATING
  TODAY           26                        18      8       10
  MONTH TO DATE  315                       235     80      185
  SINCE MAR 1    980                      1076    -96     1095
  SINCE JUL 1   4988                      5810   -822     6275

 COOLING
  TODAY            0                         0      0        0
  MONTH TO DATE    0                         0      0        0
  SINCE MAR 1      0                         1     -1        0
  SINCE JAN 1      0                         1     -1        0
..................................................................


WIND (MPH)
  HIGHEST WIND SPEED    15   HIGHEST WIND DIRECTION     E (110)
  HIGHEST GUST SPEED    18   HIGHEST GUST DIRECTION     E (110)
  AVERAGE WIND SPEED     7.6


SKY COVER
  POSSIBLE SUNSHINE  MM
  AVERAGE SKY COVER 0.0


WEATHER CONDITIONS
 THE FOLLOWING WEATHER WAS RECORDED TODAY.
  NO SIGNIFICANT WEATHER WAS OBSERVED.


RELATIVE HUMIDITY (PERCENT)
 HIGHEST    69           300 AM
 LOWEST     34          1200 PM
 AVERAGE    52

..........................................................


THE CHICAGO-OHARE IL CLIMATE NORMALS FOR TOMORROW
                         NORMAL    RECORD    YEAR
 MAXIMUM TEMPERATURE (F)   58        82      1941
                                             1887
 MINIMUM TEMPERATURE (F)   38        21      1950


SUNRISE AND SUNSET
APRIL 12 2016.........SUNRISE   615 AM CDT   SUNSET   730 PM CDT
APRIL 13 2016.........SUNRISE   614 AM CDT   SUNSET   731 PM CDT


-  INDICATES NEGATIVE NUMBERS.
R  INDICATES RECORD WAS SET OR TIED.
MM INDICATES DATA IS MISSING.
T  INDICATES TRACE AMOUNT.




$$
