094
CDUS43 KLOT 132140
CLIORD


CLIMATE REPORT
NATIONAL WEATHER SERVICE CHICAGO IL
437 PM CDT TUE SEP 13 2016


...................................

...THE CHICAGO-OHARE IL CLIMATE SUMMARY FOR SEPTEMBER 13 2016...
VALID TODAY AS OF 0400 PM LOCAL TIME.

CLIMATE NORMAL PERIOD 1981 TO 2010
CLIMATE RECORD PERIOD 1871 TO 2016


WEATHER ITEM   OBSERVED TIME   RECORD YEAR NORMAL DEPARTURE LAST
                VALUE   (LST)  VALUE       VALUE  FROM      YEAR
                                                  NORMAL
..................................................................
TEMPERATURE (F)
 TODAY
  MAXIMUM         85    253 PM  98    1939  76      9       70
  MINIMUM         65    606 AM  39    1890  56      9       48
  AVERAGE         75                        66      9       59

PRECIPITATION (IN)
  TODAY            0.00          6.64 2008   0.11  -0.11     0.00
  MONTH TO DATE    0.45                      1.45  -1.00     1.42
  SINCE SEP 1      0.45                      1.45  -1.00     1.42
  SINCE JAN 1     27.43                     26.58   0.85    25.04

SNOWFALL (IN)
  TODAY            0.0           0.0    MM   0.0    0.0      0.0
  MONTH TO DATE    0.0                       0.0    0.0      0.0
  SINCE SEP 1      0.0                       0.0    0.0      0.0
  SINCE JUL 1      0.0                       0.0    0.0       T

DEGREE DAYS
 HEATING
  TODAY            0                         3     -3        6
  MONTH TO DATE    1                        20    -19       18
  SINCE SEP 1      1                        20    -19       18
  SINCE JUL 1      1                        33    -32       36

 COOLING
  TODAY           10                         3      7        0
  MONTH TO DATE   88                        60     28      116
  SINCE SEP 1     88                        60     28      116
  SINCE JAN 1   1053                       800    253      757
..................................................................


WIND (MPH)
  HIGHEST WIND SPEED    14   HIGHEST WIND DIRECTION     W (270)
  HIGHEST GUST SPEED    21   HIGHEST GUST DIRECTION    SW (240)
  AVERAGE WIND SPEED     8.2


SKY COVER
  POSSIBLE SUNSHINE  MM
  AVERAGE SKY COVER 0.7


WEATHER CONDITIONS
 THE FOLLOWING WEATHER WAS RECORDED TODAY.
  NO SIGNIFICANT WEATHER WAS OBSERVED.


RELATIVE HUMIDITY (PERCENT)
 HIGHEST    73           700 AM
 LOWEST     51           200 PM
 AVERAGE    62

..........................................................


THE CHICAGO-OHARE IL CLIMATE NORMALS FOR TOMORROW
                         NORMAL    RECORD    YEAR
 MAXIMUM TEMPERATURE (F)   76        99      1939
 MINIMUM TEMPERATURE (F)   55        40      1985


SUNRISE AND SUNSET
SEPTEMBER 13 2016.....SUNRISE   630 AM CDT   SUNSET   704 PM CDT
SEPTEMBER 14 2016.....SUNRISE   631 AM CDT   SUNSET   702 PM CDT


-  INDICATES NEGATIVE NUMBERS.
R  INDICATES RECORD WAS SET OR TIED.
MM INDICATES DATA IS MISSING.
T  INDICATES TRACE AMOUNT.




$$
