000
CDUS43 KLOT 032148
CLIORD


CLIMATE REPORT
NATIONAL WEATHER SERVICE CHICAGO IL
448 PM CDT THU SEP 3 2015


...................................

...THE CHICAGO-OHARE IL CLIMATE SUMMARY FOR SEPTEMBER 3 2015...
VALID TODAY AS OF 0400 PM LOCAL TIME.

CLIMATE NORMAL PERIOD 1981 TO 2010
CLIMATE RECORD PERIOD 1871 TO 2015


WEATHER ITEM   OBSERVED TIME   RECORD YEAR NORMAL DEPARTURE LAST
                VALUE   (LST)  VALUE       VALUE  FROM      YEAR
                                                  NORMAL
..................................................................
TEMPERATURE (F)
 TODAY
  MAXIMUM         91    222 PM  97    1953  79     12       83
  MINIMUM         72    556 AM  47    1974  60     12       61
  AVERAGE         82                        69     13       72

PRECIPITATION (IN)
  TODAY            0.00          1.92 1961   0.11  -0.11     0.00
  MONTH TO DATE    T                         0.35  -0.35     0.37
  SINCE SEP 1      T                         0.35  -0.35     0.37
  SINCE JAN 1     23.62                     25.48  -1.86    32.45

SNOWFALL (IN)
  TODAY            0.0           0.0    MM   0.0    0.0      0.0
  MONTH TO DATE    0.0                       0.0    0.0      0.0
  SINCE SEP 1      0.0                       0.0    0.0      0.0
  SINCE JUL 1      T                         0.0    0.0      0.0

DEGREE DAYS
 HEATING
  TODAY            0                         1     -1        0
  MONTH TO DATE    0                         3     -3        0
  SINCE SEP 1      0                         3     -3        0
  SINCE JUL 1     18                        16      2        5

 COOLING
  TODAY           17                         5     12        7
  MONTH TO DATE   46                        17     29       29
  SINCE SEP 1     46                        17     29       29
  SINCE JAN 1    687                       757    -70      744
..................................................................


WIND (MPH)
  HIGHEST WIND SPEED    17   HIGHEST WIND DIRECTION     W (260)
  HIGHEST GUST SPEED    22   HIGHEST GUST DIRECTION     W (260)
  AVERAGE WIND SPEED     8.1


SKY COVER
  POSSIBLE SUNSHINE  MM
  AVERAGE SKY COVER 0.4


WEATHER CONDITIONS
 THE FOLLOWING WEATHER WAS RECORDED TODAY.
  HAZE


RELATIVE HUMIDITY (PERCENT)
 HIGHEST    87           300 AM
 LOWEST     50           100 PM
 AVERAGE    69

..........................................................


THE CHICAGO-OHARE IL CLIMATE NORMALS FOR TOMORROW
                         NORMAL    RECORD    YEAR
 MAXIMUM TEMPERATURE (F)   79        95      1983
                                             1960
                                             1954
 MINIMUM TEMPERATURE (F)   59        45      1997
                                             1982


SUNRISE AND SUNSET
SEPTEMBER  3 2015.....SUNRISE   619 AM CDT   SUNSET   722 PM CDT
SEPTEMBER  4 2015.....SUNRISE   620 AM CDT   SUNSET   721 PM CDT


-  INDICATES NEGATIVE NUMBERS.
R  INDICATES RECORD WAS SET OR TIED.
MM INDICATES DATA IS MISSING.
T  INDICATES TRACE AMOUNT.




$$
