000
CDUS43 KLOT 010633
CLIORD


CLIMATE REPORT
NATIONAL WEATHER SERVICE CHICAGO IL
1232 AM CST SUN MAR 1 2015


...................................

...THE CHICAGO-OHARE CLIMATE SUMMARY FOR FEBRUARY 28 2015...

CLIMATE NORMAL PERIOD 1981 TO 2010
CLIMATE RECORD PERIOD 1871 TO 2015


WEATHER ITEM   OBSERVED TIME   RECORD YEAR NORMAL DEPARTURE LAST
                VALUE   (LST)  VALUE       VALUE  FROM      YEAR
                                                  NORMAL
..................................................................
TEMPERATURE (F)
 YESTERDAY
  MAXIMUM         21    258 PM  61    1895  40    -19       30
  MINIMUM        -10R   536 AM   0    1884  24    -34        3
  AVERAGE          6                        32    -26       17

PRECIPITATION (IN)
  YESTERDAY        0.02          1.35 1882   0.08  -0.06     0.00
  MONTH TO DATE    1.45                      1.79  -0.34     2.48
  SINCE DEC 1      3.65                      5.77  -2.12     7.24
  SINCE JAN 1      2.86                      3.52  -0.66     5.30

SNOWFALL (IN)
  YESTERDAY        0.4          11.3  1900   0.3    0.1      0.0
  MONTH TO DATE   26.8                       9.1   17.7     19.5
  SINCE DEC 1     40.7                      28.4   12.3     67.4
  SINCE JUL 1     43.6                      29.8   13.8     68.3
  SNOW DEPTH       9

DEGREE DAYS
 HEATING
  YESTERDAY       59                        33     26       48
  MONTH TO DATE 1405                      1043    362     1328
  SINCE DEC 1   3737                      3478    259     4132
  SINCE JUL 1   5180                      4734    446     5415

 COOLING
  YESTERDAY        0                         0      0        0
  MONTH TO DATE    0                         0      0        0
  SINCE DEC 1      0                         0      0        0
  SINCE JAN 1      0                         0      0        0
..................................................................


WIND (MPH)
  HIGHEST WIND SPEED    13   HIGHEST WIND DIRECTION     S (180)
  HIGHEST GUST SPEED    15   HIGHEST GUST DIRECTION     S (180)
  AVERAGE WIND SPEED     5.3


SKY COVER
  POSSIBLE SUNSHINE  MM
  AVERAGE SKY COVER 0.4


WEATHER CONDITIONS
 THE FOLLOWING WEATHER WAS RECORDED YESTERDAY.
  LIGHT SNOW
  FOG


RELATIVE HUMIDITY (PERCENT)
 HIGHEST    91           700 AM
 LOWEST     39           200 PM
 AVERAGE    65

..........................................................


THE CHICAGO-OHARE CLIMATE NORMALS FOR TODAY
                         NORMAL    RECORD    YEAR
 MAXIMUM TEMPERATURE (F)   40        71      1992
 MINIMUM TEMPERATURE (F)   25        -5      1962


SUNRISE AND SUNSET
MARCH  1 2015.........SUNRISE   627 AM CST   SUNSET   541 PM CST
MARCH  2 2015.........SUNRISE   625 AM CST   SUNSET   543 PM CST


-  INDICATES NEGATIVE NUMBERS.
R  INDICATES RECORD WAS SET OR TIED.
MM INDICATES DATA IS MISSING.
T  INDICATES TRACE AMOUNT.




$$
