000
CDUS43 KLOT 282138
CLIORD


CLIMATE REPORT
NATIONAL WEATHER SERVICE CHICAGO IL
437 PM CDT THU AUG 28 2014


...................................

...THE CHICAGO-OHARE IL CLIMATE SUMMARY FOR AUGUST 28 2014...
VALID TODAY AS OF 0400 PM LOCAL TIME.

CLIMATE NORMAL PERIOD 1981 TO 2010
CLIMATE RECORD PERIOD 1871 TO 2014


WEATHER ITEM   OBSERVED TIME   RECORD YEAR NORMAL DEPARTURE LAST
                VALUE   (LST)  VALUE       VALUE  FROM      YEAR
                                                  NORMAL
..................................................................
TEMPERATURE (F)
 TODAY
  MAXIMUM         77    132 PM  97    1955  81     -4       83
                                      1953
  MINIMUM         67    624 AM  42    1986  61      6       71
  AVERAGE         72                        71      1       77

PRECIPITATION (IN)
  TODAY            0.00          1.45 1932   0.15  -0.15     0.00
  MONTH TO DATE    6.95                      4.49   2.46     1.26
  SINCE JUN 1     16.90                     11.64   5.26     9.71
  SINCE JAN 1     31.73                     24.72   7.01    31.94

SNOWFALL (IN)
  TODAY            0.0           0.0    MM   0.0    0.0      0.0
  MONTH TO DATE    0.0                       0.0    0.0      0.0
  SINCE JUN 1      0.0                       0.0    0.0      0.0
  SINCE JUL 1      0.0                       0.0    0.0      0.0

DEGREE DAYS
 HEATING
  TODAY            0                         1     -1        0
  MONTH TO DATE    0                         1     -1        2
  SINCE JUN 1     17                        53    -36       54
  SINCE JUL 1      5                         5      0       11

 COOLING
  TODAY            7                         6      1       12
  MONTH TO DATE  239                       221     18      217
  SINCE JUN 1    616                       669    -53      641
  SINCE JAN 1    677                       723    -46      725
..................................................................


WIND (MPH)
  HIGHEST WIND SPEED    17   HIGHEST WIND DIRECTION     E (100)
  HIGHEST GUST SPEED    19   HIGHEST GUST DIRECTION     E (110)
  AVERAGE WIND SPEED     8.6


SKY COVER
  POSSIBLE SUNSHINE  MM
  AVERAGE SKY COVER 0.6


WEATHER CONDITIONS
 THE FOLLOWING WEATHER WAS RECORDED TODAY.
  NO SIGNIFICANT WEATHER WAS OBSERVED.


RELATIVE HUMIDITY (PERCENT)
 HIGHEST    68          1200 AM
 LOWEST     40           100 PM
 AVERAGE    54

..........................................................


THE CHICAGO-OHARE IL CLIMATE NORMALS FOR TOMORROW
                         NORMAL    RECORD    YEAR
 MAXIMUM TEMPERATURE (F)   80        98      1953
 MINIMUM TEMPERATURE (F)   61        43      1982
                                             1965


SUNRISE AND SUNSET
AUGUST 28 2014........SUNRISE   613 AM CDT   SUNSET   732 PM CDT
AUGUST 29 2014........SUNRISE   614 AM CDT   SUNSET   730 PM CDT


-  INDICATES NEGATIVE NUMBERS.
R  INDICATES RECORD WAS SET OR TIED.
MM INDICATES DATA IS MISSING.
T  INDICATES TRACE AMOUNT.




$$
