000
CDUS43 KLOT 282142
CLIORD


CLIMATE REPORT
NATIONAL WEATHER SERVICE CHICAGO IL
439 PM CDT MON JUL 28 2014


...................................

...THE CHICAGO-OHARE IL CLIMATE SUMMARY FOR JULY 28 2014...
VALID TODAY AS OF 0400 PM LOCAL TIME.

CLIMATE NORMAL PERIOD 1981 TO 2010
CLIMATE RECORD PERIOD 1871 TO 2014


WEATHER ITEM   OBSERVED TIME   RECORD YEAR NORMAL DEPARTURE LAST
                VALUE   (LST)  VALUE       VALUE  FROM      YEAR
                                                  NORMAL
..................................................................
TEMPERATURE (F)
 TODAY
  MAXIMUM         73    233 PM 100    1983  84    -11       69
  MINIMUM         59    522 AM  51    1984  64     -5       54
  AVERAGE         66                        74     -8       62

PRECIPITATION (IN)
  TODAY            0.00          2.91 1906   0.13  -0.13      T
  MONTH TO DATE    2.13                      3.28  -1.15     1.68
  SINCE JUN 1      9.94                      6.73   3.21     7.91
  SINCE JAN 1     24.77                     19.81   4.96    30.14

SNOWFALL (IN)
  TODAY            0.0           0.0    MM   0.0    0.0      0.0
  MONTH TO DATE    0.0                       0.0    0.0      0.0
  SINCE JUN 1      0.0                       0.0    0.0      0.0
  SINCE JUL 1      0.0                       0.0    0.0      0.0

DEGREE DAYS
 HEATING
  TODAY            0                         0      0        3
  MONTH TO DATE    5                         0      5        9
  SINCE JUN 1     17                        48    -31       52
  SINCE JUL 1      5                         0      5        9

 COOLING
  TODAY            1                         9     -8        0
  MONTH TO DATE  163                       251    -88      261
  SINCE JUN 1    361                       416    -55      417
  SINCE JAN 1    422                       470    -48      501
..................................................................


WIND (MPH)
  HIGHEST WIND SPEED    23   HIGHEST WIND DIRECTION     N (10)
  HIGHEST GUST SPEED    30   HIGHEST GUST DIRECTION     N (360)
  AVERAGE WIND SPEED    15.0


SKY COVER
  POSSIBLE SUNSHINE  MM
  AVERAGE SKY COVER 0.4


WEATHER CONDITIONS
 THE FOLLOWING WEATHER WAS RECORDED TODAY.
  NO SIGNIFICANT WEATHER WAS OBSERVED.


RELATIVE HUMIDITY (PERCENT)
 HIGHEST    65           200 AM
 LOWEST     36          1200 PM
 AVERAGE    51

..........................................................


THE CHICAGO-OHARE IL CLIMATE NORMALS FOR TOMORROW
                         NORMAL    RECORD    YEAR
 MAXIMUM TEMPERATURE (F)   84        99      1913
 MINIMUM TEMPERATURE (F)   64        50      1984


SUNRISE AND SUNSET
JULY 28 2014..........SUNRISE   541 AM CDT   SUNSET   814 PM CDT
JULY 29 2014..........SUNRISE   542 AM CDT   SUNSET   813 PM CDT


-  INDICATES NEGATIVE NUMBERS.
R  INDICATES RECORD WAS SET OR TIED.
MM INDICATES DATA IS MISSING.
T  INDICATES TRACE AMOUNT.




$$
