000
CDUS43 KLOT 021133
CLIORD

CLIMATE REPORT
NATIONAL WEATHER SERVICE CHICAGO IL
133 AM CDT SUN AUG 2 2015


...................................

...THE CHICAGO-OHARE CLIMATE SUMMARY FOR AUGUST 1 2015...

CLIMATE NORMAL PERIOD 1981 TO 2010
CLIMATE RECORD PERIOD 1871 TO 2015


WEATHER ITEM   OBSERVED TIME   RECORD YEAR NORMAL DEPARTURE LAST
                VALUE   (LST)  VALUE       VALUE  FROM      YEAR
                                                  NORMAL
..................................................................
TEMPERATURE (F)
 YESTERDAY
  MAXIMUM         87    157 PM 100    1988  83      4       85
  MINIMUM         64    513 AM  51    1990  64      0       62
  AVERAGE         76                        74      2       74

PRECIPITATION (IN)
  YESTERDAY        0.00          2.55 1961   0.17  -0.17     0.15
  MONTH TO DATE    0.00                      0.17  -0.17     0.15
  SINCE JUN 1      9.97                      7.32   2.65    10.10
  SINCE JAN 1     21.46                     20.40   1.06    24.93

SNOWFALL (IN)
  YESTERDAY        0.0           0.0    MM   0.0    0.0      0.0
  MONTH TO DATE    0.0                       0.0    0.0      0.0
  SINCE JUN 1      T                         0.0    0.0      0.0
  SINCE JUL 1      0.0                       0.0    0.0      0.0
  SNOW DEPTH       0

DEGREE DAYS
 HEATING
  YESTERDAY        0                         0      0        0
  MONTH TO DATE    0                         0      0        0
  SINCE JUN 1     52                        52      0       17
  SINCE JUL 1     13                         4      9        5

 COOLING
  YESTERDAY       11                         9      2        9
  MONTH TO DATE   11                         9      2        9
  SINCE JUN 1    375                       457    -82      386
  SINCE JAN 1    428                       511    -83      447
..................................................................


WIND (MPH)
  HIGHEST WIND SPEED    22   HIGHEST WIND DIRECTION     W (250)
  HIGHEST GUST SPEED    30   HIGHEST GUST DIRECTION     W (260)
  AVERAGE WIND SPEED    11.0


SKY COVER
  POSSIBLE SUNSHINE  MM
  AVERAGE SKY COVER 0.3


WEATHER CONDITIONS
 THE FOLLOWING WEATHER WAS RECORDED YESTERDAY.
  NO SIGNIFICANT WEATHER WAS OBSERVED.


RELATIVE HUMIDITY (PERCENT)
 HIGHEST    69          1000 PM
 LOWEST     35           100 PM
 AVERAGE    52

..........................................................


THE CHICAGO-OHARE CLIMATE NORMALS FOR TODAY
                         NORMAL    RECORD    YEAR
 MAXIMUM TEMPERATURE (F)   83       101      1991
 MINIMUM TEMPERATURE (F)   64        51      1985


SUNRISE AND SUNSET
AUGUST  2 2015........SUNRISE   546 AM CDT   SUNSET   809 PM CDT
AUGUST  3 2015........SUNRISE   547 AM CDT   SUNSET   808 PM CDT


-  INDICATES NEGATIVE NUMBERS.
R  INDICATES RECORD WAS SET OR TIED.
MM INDICATES DATA IS MISSING.
T  INDICATES TRACE AMOUNT.




$$
