000
CDUS43 KLOT 100635
CLIORD


CLIMATE REPORT
NATIONAL WEATHER SERVICE CHICAGO IL
1234 AM CST WED FEB 10 2016


...................................

...THE CHICAGO-OHARE CLIMATE SUMMARY FOR FEBRUARY 9 2016...

CLIMATE NORMAL PERIOD 1981 TO 2010
CLIMATE RECORD PERIOD 1871 TO 2016


WEATHER ITEM   OBSERVED TIME   RECORD YEAR NORMAL DEPARTURE LAST
                VALUE   (LST)  VALUE       VALUE  FROM      YEAR
                                                  NORMAL
..................................................................
TEMPERATURE (F)
 YESTERDAY
  MAXIMUM         21   1234 AM  56    1886  33    -12       27
  MINIMUM         13   1015 PM -21    1899  18     -5       19
  AVERAGE         17                        26     -9       23

PRECIPITATION (IN)
  YESTERDAY        0.02          1.56 1876   0.06  -0.04      T
  MONTH TO DATE    0.85                      0.47   0.38     1.04
  SINCE DEC 1      6.56                      4.45   2.11     3.24
  SINCE JAN 1      1.69                      2.20  -0.51     2.45

SNOWFALL (IN)
  YESTERDAY        0.6          12.6  2010   0.4    0.2       T
  MONTH TO DATE    1.0                       3.2   -2.2     19.9
  SINCE DEC 1     11.8                      22.5  -10.7     33.8
  SINCE JUL 1     23.0                      23.9   -0.9     36.7
  SNOW DEPTH       1

DEGREE DAYS
 HEATING
  YESTERDAY       48                        39      9       42
  MONTH TO DATE  309                       359    -50      404
  SINCE DEC 1   2348                      2793   -445     2736
  SINCE JUL 1   3321                      4049   -728     4179

 COOLING
  YESTERDAY        0                         0      0        0
  MONTH TO DATE    0                         0      0        0
  SINCE DEC 1      0                         0      0        0
  SINCE JAN 1      0                         0      0        0
..................................................................


WIND (MPH)
  HIGHEST WIND SPEED    20   HIGHEST WIND DIRECTION    NW (320)
  HIGHEST GUST SPEED    26   HIGHEST GUST DIRECTION    NW (330)
  AVERAGE WIND SPEED    14.6


SKY COVER
  POSSIBLE SUNSHINE  MM
  AVERAGE SKY COVER 1.0


WEATHER CONDITIONS
 THE FOLLOWING WEATHER WAS RECORDED YESTERDAY.
  LIGHT SNOW
  FOG
  HAZE


RELATIVE HUMIDITY (PERCENT)
 HIGHEST    84           100 AM
 LOWEST     61           100 PM
 AVERAGE    73

..........................................................


THE CHICAGO-OHARE CLIMATE NORMALS FOR TODAY
                         NORMAL    RECORD    YEAR
 MAXIMUM TEMPERATURE (F)   34        63      1876
 MINIMUM TEMPERATURE (F)   19       -18      1899


SUNRISE AND SUNSET
FEBRUARY 10 2016......SUNRISE   655 AM CST   SUNSET   518 PM CST
FEBRUARY 11 2016......SUNRISE   653 AM CST   SUNSET   519 PM CST


-  INDICATES NEGATIVE NUMBERS.
R  INDICATES RECORD WAS SET OR TIED.
MM INDICATES DATA IS MISSING.
T  INDICATES TRACE AMOUNT.




$$
