000
CXUS51 KAKQ 022150
CF6ORF
PRELIMINARY LOCAL CLIMATOLOGICAL DATA (WS FORM: F-6)
STATION: NORFOLK VA
MONTH: AUGUST
YEAR: 2021
LATITUDE: 36 54 N
LONGITUDE: 76 12 W
TEMPERATURE IN F: :PCPN: SNOW: WIND :SUNSHINE: SKY :PK WND
================================================================================
1 2 3 4 5 6A 6B 7 8 9 10 11 12 13 14 15 16 17 18
12Z AVG MX 2MIN
DY MAX MIN AVG DEP HDD CDD WTR SNW DPTH SPD SPD DIR MIN PSBL S-S WX SPD DR
================================================================================
1 82 72 77 -4 0 12 0.78 0.0 0 4.9 14 80 M M 4 13 19 110
2 80 71 76 -4 0 11 0.00 0.0 0 7.9 18 30 M M 3 23 20
3 76 68 72 -8 0 7 0.07 0.0 0 8.4 17 80 M M 6 22 90
4 72 67 70 -10 0 5 2.29 0.0 0 14.0 22 30 M M 10 1 30 40
5 79 67 73 -7 0 8 0.00 0.0 0 7.7 17 30 M M 4 21 30
6 81 64 73 -7 0 8 0.00 0.0 0 4.9 14 30 M M 0 17 40
7 79 71 75 -5 0 10 1.24 0.0 0 6.8 22 200 M M 9 1 31 200
8 81 68 75 -5 0 10 0.00 0.0 0 2.4 9 10 M M 5 11 10
9 89 66 78 -2 0 13 0.00 0.0 0 7.0 15 190 M M 1 8 19 140
10 91 72 82 2 0 17 0.00 0.0 0 8.2 16 190 M M 1 21 220
11 93 75 84 4 0 19 0.00 0.0 0 11.8 18 200 M M 2 24 210
12 94 77 86 6 0 21 0.00 0.0 0 10.6 16 210 M M 1 20 210
13 95 77 86 6 0 21 0.00 0.0 0 10.7 17 210 M M 1 22 200
14 92 71 82 2 0 17 0.52 0.0 0 9.2 22 350 M M 4 1 30 360
15 83 71 77 -2 0 12 T 0.0 0 4.6 13 70 M M 4 17 80
16 86 75 81 2 0 16 0.05 0.0 0 4.9 13 90 M M 3 18 19 110
17 87 74 81 2 0 16 T 0.0 0 7.2 14 130 M M 1 19 120
18 88 77 83 4 0 18 0.01 0.0 0 11.4 22 200 M M 2 28 220
19 92 77 85 6 0 20 0.00 0.0 0 7.6 14 210 M M 3 18 210
20 82 74 78 -1 0 13 0.57 0.0 0 6.0 13 200 M M 5 1 16 210
21 82 72 77 -2 0 12 0.01 0.0 0 4.9 12 30 M M 4 15 30
22 87 69 78 -1 0 13 0.45 0.0 0 4.8 14 130 M M 2 1 19 230
23 90 69 80 1 0 15 0.00 0.0 0 4.7 14 250 M M 1 17 250
24 90 73 82 4 0 17 0.00 0.0 0 5.8 10 40 M M 1 13 30
25 89 74 82 4 0 17 0.00 0.0 0 5.1 12 30 M M 1 19 110
26 91 75 83 5 0 18 0.00 0.0 0 5.1 7 50 M M 1 14 60
27 92 75 84 6 0 19 0.00 0.0 0 9.1 15 230 M M 0 21 200
28 89 75 82 4 0 17 0.00 0.0 0 7.4 13 30 M M 0 15 30
29 84 76 80 2 0 15 0.00 0.0 0 7.7 15 360 M M 2 19 20
30 91 71 81 3 0 16 0.24 0.0 0 4.3 18 260 M M 4 1 30 270
31 90 71 81 3 0 16 0.00 0.0 0 4.8 14 210 M M 1 18 230
================================================================================
SM 2677 2234 0 449 6.23 0.0 219.9 M 86
================================================================================
AV 86.4 72.1 7.1 FASTST M M 3 MAX(MPH)
MISC ----> # 22 30 31 200
================================================================================
NOTES:
# LAST OF SEVERAL OCCURRENCES
COLUMN 17 PEAK WIND IN M.P.H.
PRELIMINARY LOCAL CLIMATOLOGICAL DATA (WS FORM: F-6) , PAGE 2
STATION: NORFOLK VA
MONTH: AUGUST
YEAR: 2021
LATITUDE: 36 54 N
LONGITUDE: 76 12 W
[TEMPERATURE DATA] [PRECIPITATION DATA] SYMBOLS USED IN COLUMN 16
AVERAGE MONTHLY: 79.2 TOTAL FOR MONTH: 6.23 1 = FOG OR MIST
DPTR FM NORMAL: 0.0 DPTR FM NORMAL: 0.35 2 = FOG REDUCING VISIBILITY
HIGHEST: 95 ON 13 GRTST 24HR 2.35 ON 3- 4 TO 1/4 MILE OR LESS
LOWEST: 64 ON 6 3 = THUNDER
SNOW, ICE PELLETS, HAIL 4 = ICE PELLETS
TOTAL MONTH: 0.0 INCH 5 = HAIL
GRTST 24HR 0.0 6 = FREEZING RAIN OR DRIZZLE
GRTST DEPTH: 0 7 = DUSTSTORM OR SANDSTORM:
VSBY 1/2 MILE OR LESS
8 = SMOKE OR HAZE
[NO. OF DAYS WITH] [WEATHER - DAYS WITH] 9 = BLOWING SNOW
X = TORNADO
MAX 32 OR BELOW: 0 0.01 INCH OR MORE: 11
MAX 90 OR ABOVE: 12 0.10 INCH OR MORE: 7
MIN 32 OR BELOW: 0 0.50 INCH OR MORE: 5
MIN 0 OR BELOW: 0 1.00 INCH OR MORE: 2
[HDD (BASE 65) ]
TOTAL THIS MO. 0 CLEAR (SCALE 0-3) 18
DPTR FM NORMAL 0 PTCLDY (SCALE 4-7) 11
TOTAL FM JUL 1 0 CLOUDY (SCALE 8-10) 2
DPTR FM NORMAL 0
[CDD (BASE 65) ]
TOTAL THIS MO. 449
DPTR FM NORMAL 7 [PRESSURE DATA]
TOTAL FM JAN 1 1601 HIGHEST SLP 30.20 ON 6
DPTR FM NORMAL 91 LOWEST SLP 29.77 ON 31
[REMARKS]
#FINAL-08-21#