000
CXUS52 KMLB 010632
CF6ORL
PRELIMINARY LOCAL CLIMATOLOGICAL DATA (WS FORM: F-6)
STATION: ORLANDO EXEC
MONTH: MAY
YEAR: 2020
LATITUDE: 28 32 N
LONGITUDE: 81 20 W
TEMPERATURE IN F: :PCPN: SNOW: WIND :SUNSHINE: SKY :PK WND
================================================================================
1 2 3 4 5 6A 6B 7 8 9 10 11 12 13 14 15 16 17 18
12Z AVG MX 2MIN
DY MAX MIN AVG DEP HDD CDD WTR SNW DPTH SPD SPD DIR MIN PSBL S-S WX SPD DR
================================================================================
1 82 61 72 -3 0 7 0.00 0.0 0 7.8 21 270 M M 0 24 290
2 88 62 75 0 0 10 0.00 0.0 0 5.6 18 80 M M 0 21 70
3 90 63 77 2 0 12 0.00 0.0 0 4.5 16 120 M M 0 18 140
4 91 68 80 5 0 15 0.00 0.0 0 4.5 14 290 M M 0 17 300
5 92 71 82 6 0 17 0.00 0.0 0 5.7 16 240 M M 1 20 240
6 92 71 82 6 0 17 0.00 0.0 0 11.0 22 290 M M 3 26 290
7 79 60 70 -6 0 5 0.00 0.0 0 10.4 20 70 M M 0 8 24 320
8 87 56 72 -4 0 7 0.00 0.0 0 7.9 18 260 M M 0 25 130
9 87 69 78 2 0 13 0.00 0.0 0 10.0 18 60 M M 4 25 20
10 83 69 76 -1 0 11 T 0.0 0 8.3 20 80 M M 7 22 80
11 89 67 78 1 0 13 0.00 0.0 0 7.7 16 70 M M 1 1 22 20
12 87 67 77 0 0 12 0.00 0.0 0 8.2 17 70 M M 0 23 10
13 88 65 77 0 0 12 0.00 0.0 0 12.0 25 80 M M 2 32 100
14 87 68 78 0 0 13 T 0.0 0 13.2 24 90 M M 3 29 110
15 88 67 78 0 0 13 0.06 0.0 0 11.6 22 90 M M 5 18 28 80
16 87 74 81 3 0 16 0.18 0.0 0 10.5 22 70 M M 7 18 27 50
17 93 74 84 6 0 19 0.00 0.0 0 6.6 15 60 M M 6 18 70
18 91 72 82 4 0 17 0.01 0.0 0 9.9 31 250 M M 0 3 40 240
19 94 72 83 4 0 18 0.00 0.0 0 11.3 22 240 M M 2 28 240
20 94 70 82 3 0 17 0.00 0.0 0 8.1 17 260 M M 1 23 270
21 97 71 84 5 0 19 0.03 0.0 0 6.7 35 200 M M 3 3 42 190
22 97 70 84 5 0 19 0.01 0.0 0 7.9 22 90 M M 1 3 25 90
23 95 74 85 6 0 20 0.00 0.0 0 8.3 17 100 M M 2 22 120
24 90 76 83 3 0 18 T 0.0 0 10.2 18 80 M M 3 22 100
25 77 72 75 -5 0 10 0.71 0.0 0 11.3 23 90 M M 8 1 27 30
26 91 74 83 3 0 18 0.20 0.0 0 6.8 20 220 M M 7 3 25 220
27 87 74 81 1 0 16 0.07 0.0 0 6.6 24 220 M M 4 13 30 210
28 93 73 83 3 0 18 2.02 0.0 0 7.8 31 290 M M 3 3 41 290
29 93 71 82 2 0 17 1.43 0.0 0 6.5 21 110 M M M 13 36 220
30 95 73 84 4 0 19 2.23 0.0 0 7.4 26 210 M M M 13 35 200
31 95 73 84 3 0 19 0.00 0.0 0 4.3 17 70 M M M 21 70
================================================================================
SM 2779 2147 0 457 6.95 0.0 258.6 M 73
================================================================================
AV 89.6 69.3 8.3 FASTST M M 3 MAX(MPH)
MISC ----> 35 200 42 190
================================================================================
NOTES:
# LAST OF SEVERAL OCCURRENCES
COLUMN 17 PEAK WIND IN M.P.H.
PRELIMINARY LOCAL CLIMATOLOGICAL DATA (WS FORM: F-6) , PAGE 2
STATION: ORLANDO EXEC
MONTH: MAY
YEAR: 2020
LATITUDE: 28 32 N
LONGITUDE: 81 20 W
[TEMPERATURE DATA] [PRECIPITATION DATA] SYMBOLS USED IN COLUMN 16
AVERAGE MONTHLY: 79.5 TOTAL FOR MONTH: 6.95 1 = FOG OR MIST
DPTR FM NORMAL: 1.7 DPTR FM NORMAL: 3.65 2 = FOG REDUCING VISIBILITY
HIGHEST: 97 ON 22,21 GRTST 24HR 2.23 ON 30-30 TO 1/4 MILE OR LESS
LOWEST: 56 ON 8 3 = THUNDER
SNOW, ICE PELLETS, HAIL 4 = ICE PELLETS
TOTAL MONTH: 0.0 INCH 5 = HAIL
GRTST 24HR 0.0 6 = FREEZING RAIN OR DRIZZLE
GRTST DEPTH: 0 7 = DUSTSTORM OR SANDSTORM:
VSBY 1/2 MILE OR LESS
8 = SMOKE OR HAZE
[NO. OF DAYS WITH] [WEATHER - DAYS WITH] 9 = BLOWING SNOW
X = TORNADO
MAX 32 OR BELOW: 0 0.01 INCH OR MORE: 11
MAX 90 OR ABOVE: 17 0.10 INCH OR MORE: 6
MIN 32 OR BELOW: 0 0.50 INCH OR MORE: 4
MIN 0 OR BELOW: 0 1.00 INCH OR MORE: 3
[HDD (BASE 65) ]
TOTAL THIS MO. 0 CLEAR (SCALE 0-3) 18
DPTR FM NORMAL 0 PTCLDY (SCALE 4-7) 10
TOTAL FM JUL 1 261 CLOUDY (SCALE 8-10) 3
DPTR FM NORMAL -269
[CDD (BASE 65) ]
TOTAL THIS MO. 457
DPTR FM NORMAL 58 [PRESSURE DATA]
TOTAL FM JAN 1 1364 HIGHEST SLP M ON M
DPTR FM NORMAL 526 LOWEST SLP 29.79 ON 19
[REMARKS]
#FINAL-05-20#