000
CXUS53 KDMX 130321
CF6OTM
PRELIMINARY LOCAL CLIMATOLOGICAL DATA (WS FORM: F-6)
STATION: OTTUMWA IA
MONTH: JULY
YEAR: 2022
LATITUDE: 41 6 N
LONGITUDE: 92 27 W
TEMPERATURE IN F: :PCPN: SNOW: WIND :SUNSHINE: SKY :PK WND
================================================================================
1 2 3 4 5 6A 6B 7 8 9 10 11 12 13 14 15 16 17 18
12Z AVG MX 2MIN
DY MAX MIN AVG DEP HDD CDD WTR SNW DPTH SPD SPD DIR MIN PSBL S-S WX SPD DR
================================================================================
1 78 62 70 -4 0 5 0.44 0.0 0 5.5 16 80 M M 5 13 21 80
2 82 54 68 -7 0 3 0.00 0.0 0 5.5 16 120 M M 1 12 20 120
3 86 58 72 -3 0 7 0.00 0.0 0 7.5 16 140 M M 0 22 110
4 93 70 82 7 0 17 0.01 0.0 0 11.3 22 200 M M 2 1 29 190
5 97 71 84 9 0 19 0.35 0.0 0 9.3 45 340 M M 1 13 57 350
6 78 69 74 -1 0 9 0.05 0.0 0 5.8 15 90 M M 6 1 18 90
7 81 72 77 2 0 12 0.36 0.0 0 6.1 13 180 M M 7 12 16 180
8 82 70 76 1 0 11 0.54 0.0 0 8.6 18 340 M M 8 1 23 70
9 84 65 75 0 0 10 0.00 0.0 0 6.6 13 40 M M 1 1 17 50
10 84 64 74 -1 0 9 0.00 0.0 0 8.4 21 180 M M 0 28 180
11 86 65 76 1 0 11 0.00 0.0 0 9.1 20 300 M M 1 3 27 310
12 84 62 73 -2 0 8 0.00 0.0 0 8.1 18 320 M M 1 30 310
13 88 60 74 -1 0 9 0.00 0.0 0 6.9 15 290 M M 2 8 23 310
14 89 66 78 3 0 13 0.00 0.0 0 7.5 14 140 M M 1 19 150
15 85 71 78 3 0 13 0.27 0.0 0 12.5 22 180 M M 4 13 31 170
16 79 70 75 0 0 10 0.00 0.0 0 7.5 15 50 M M 8 1 20 50
17 86 65 76 1 0 11 T 0.0 0 5.1 13 350 M M 4 1 19 10
18 89 61 75 0 0 10 0.00 0.0 0 4.2 9 320 M M 1 12 18 30
19 89 66 78 3 0 13 0.00 0.0 0 10.4 23 200 M M 1 31 180
20 88 68 78 3 0 13 0.00 0.0 0 11.6 23 300 M M 0 18 33 320
21 95 62 79 4 0 14 0.00 0.0 0 9.4 20 330 M M 1 1 28 260
22 90 64 77 2 0 12 0.01 0.0 0 8.0 18 200 M M 0 24 210
23 96 78 87 12 0 22 T 0.0 0 12.0 25 210 M M 0 33 230
24 87 65 76 1 0 11 0.00 0.0 0 12.3 21 350 M M 1 3 28 200
25 77 55 66 -9 0 1 0.00 0.0 0 3.2 8 340 M M 1 1 11 350
26 79 58 69 -6 0 4 T 0.0 0 4.9 12 210 M M 7 12 16 220
27 88 63 76 1 0 11 T 0.0 0 7.7 18 330 M M 5 26 330
28 82 56 69 -6 0 4 0.00 0.0 0 8.6 18 340 M M 3 25 350
29 82 55 69 -6 0 4 0.00 0.0 0 7.1 15 330 M M 1 26 310
30 85 53 69 -6 0 4 0.00 0.0 0 4.3 13 170 M M 1 1 17 160
31 84 63 74 -1 0 9 T 0.0 0 8.1 17 200 M M 5 1 23 220
================================================================================
SM 2653 1981 0 309 2.03 0.0 243.1 M 79
================================================================================
AV 85.6 63.9 7.8 FASTST M M 3 MAX(MPH)
MISC ----> 45 340 57 350
================================================================================
NOTES:
# LAST OF SEVERAL OCCURRENCES
COLUMN 17 PEAK WIND IN M.P.H.
PRELIMINARY LOCAL CLIMATOLOGICAL DATA (WS FORM: F-6) , PAGE 2
STATION: OTTUMWA IA
MONTH: JULY
YEAR: 2022
LATITUDE: 41 6 N
LONGITUDE: 92 27 W
[TEMPERATURE DATA] [PRECIPITATION DATA] SYMBOLS USED IN COLUMN 16
AVERAGE MONTHLY: 74.7 TOTAL FOR MONTH: 2.03 1 = FOG OR MIST
DPTR FM NORMAL: -0.4 DPTR FM NORMAL: -1.84 2 = FOG REDUCING VISIBILITY
HIGHEST: 97 ON 5 GRTST 24HR 0.54 ON 8- 8 TO 1/4 MILE OR LESS
LOWEST: 53 ON 30 3 = THUNDER
SNOW, ICE PELLETS, HAIL 4 = ICE PELLETS
TOTAL MONTH: 0.0 INCH 5 = HAIL
GRTST 24HR 0.0 6 = FREEZING RAIN OR DRIZZLE
GRTST DEPTH: 0 7 = DUSTSTORM OR SANDSTORM:
VSBY 1/2 MILE OR LESS
8 = SMOKE OR HAZE
[NO. OF DAYS WITH] [WEATHER - DAYS WITH] 9 = BLOWING SNOW
X = TORNADO
MAX 32 OR BELOW: 0 0.01 INCH OR MORE: 8
MAX 90 OR ABOVE: 5 0.10 INCH OR MORE: 5
MIN 32 OR BELOW: 0 0.50 INCH OR MORE: 1
MIN 0 OR BELOW: 0 1.00 INCH OR MORE: 0
[HDD (BASE 65) ]
TOTAL THIS MO. 0 CLEAR (SCALE 0-3) 21
DPTR FM NORMAL -2 PTCLDY (SCALE 4-7) 8
TOTAL FM JUL 1 0 CLOUDY (SCALE 8-10) 2
DPTR FM NORMAL 0
[CDD (BASE 65) ]
TOTAL THIS MO. 309
DPTR FM NORMAL -6 [PRESSURE DATA]
TOTAL FM JAN 1 689 HIGHEST SLP 30.19 ON 30
DPTR FM NORMAL 81 LOWEST SLP 29.67 ON 20
[REMARKS]
#FINAL-07-22#