000
CXUS53 KPAH 010830
CF6OWB
PRELIMINARY LOCAL CLIMATOLOGICAL DATA (WS FORM: F-6)
STATION: OWENSBORO KY
MONTH: FEBRUARY
YEAR: 2024
LATITUDE: 37 45 N
LONGITUDE: 87 10 W
TEMPERATURE IN F: :PCPN: SNOW: WIND :SUNSHINE: SKY :PK WND
================================================================================
1 2 3 4 5 6A 6B 7 8 9 10 11 12 13 14 15 16 17 18
12Z AVG MX 2MIN
DY MAX MIN AVG DEP HDD CDD WTR SNW DPTH SPD SPD DIR MIN PSBL S-S WX SPD DR
================================================================================
1 60 29 45 8 20 0 0.00 M M 8.2 15 230 M M 0 16 210
2 60 35 48 11 17 0 0.00 M M 5.4 13 50 M M 0 16 50
3 60 36 48 11 17 0 0.00 M M 9.2 16 70 M M 0 20 80
4 58 40 49 11 16 0 0.00 M M 8.3 14 80 M M 0 20 80
5 58 36 47 9 18 0 0.00 M M 8.1 14 360 M M 0 17 350
6 47 27 37 -1 28 0 0.00 M M 4.7 12 70 M M 2 18 14 60
7 62 27 45 7 20 0 0.00 M M 4.0 13 130 M M 0 18 15 130
8 65 43 54 16 11 0 0.00 M M 14.0 25 180 M M 4 32 180
9 66 49 58 19 7 0 0.00 M M 11.2 20 210 M M 4 22 210
10 60 42 51 12 14 0 0.10 M M 8.3 20 320 M M 7 13 23 310
11 53 39 46 7 19 0 0.01 M M 5.6 12 340 M M 5 15 330
12 53 36 45 6 20 0 0.00 M M 9.8 18 40 M M 4 23 340
13 54 27 41 1 24 0 0.00 M M 6.0 15 290 M M 0 20 330
14 63 36 50 10 15 0 0.00 M M 4.3 12 200 M M 0 15 210
15 64 39 52 12 13 0 0.00 M M 9.8 21 310 M M 2 26 280
16 43 27 35 -5 30 0 0.08 M M 10.3 23 10 M M 7 1 29 20
17 28 15 22 -19 43 0 0.00 M M 10.2 20 320 M M 2 23 300
18 48 14 31 -10 34 0 0.00 M M 7.6 20 240 M M 0 23 240
19 57 24 41 0 24 0 0.00 M M 3.0 10 240 M M 0 18 220
20 62 27 45 4 20 0 0.00 M M 4.1 14 220 M M 0 18 230
21 69 35 52 10 13 0 0.00 M M 9.8 20 190 M M 1 24 180
22 61 48 55 13 10 0 0.25 M M 10.7 24 220 M M 8 13 28 220
23 57 38 48 6 17 0 0.00 M M 8.3 22 310 M M 1 12 26 300
24 49 29 39 -3 26 0 0.00 M M 10.1 24 320 M M 5 30 330
25 66 28 47 4 18 0 0.00 M M 10.5 23 220 M M 1 26 220
26 77 45 61 18 4 0 0.00 M M 10.3 21 190 M M 1 25 210
27 73 60 67 24 0 2 0.02 M M 14.8 31 220 M M 7 3 40 240
28 71 27 49 5 16 0 0.62 M M 15.5 38 240 M M 4 138 55 270
29 47 22 35 -9 30 0 0.00 M M 5.0 9 100 M M 0 14 160
================================================================================
SM 1691 980 544 2 1.08 M 247.1 M 65
================================================================================
AV 58.3 33.8 8.5 FASTST M M 2 MAX(MPH)
MISC ----> 38 240 55 270
================================================================================
NOTES:
# LAST OF SEVERAL OCCURRENCES
COLUMN 17 PEAK WIND IN M.P.H.
PRELIMINARY LOCAL CLIMATOLOGICAL DATA (WS FORM: F-6) , PAGE 2
STATION: OWENSBORO KY
MONTH: FEBRUARY
YEAR: 2024
LATITUDE: 37 45 N
LONGITUDE: 87 10 W
[TEMPERATURE DATA] [PRECIPITATION DATA] SYMBOLS USED IN COLUMN 16
AVERAGE MONTHLY: 46.1 TOTAL FOR MONTH: 1.08 1 = FOG OR MIST
DPTR FM NORMAL: 6.0 DPTR FM NORMAL: -3.03 2 = FOG REDUCING VISIBILITY
HIGHEST: 77 ON 26 GRTST 24HR 0.62 ON 28-28 TO 1/4 MILE OR LESS
LOWEST: 14 ON 18 3 = THUNDER
SNOW, ICE PELLETS, HAIL 4 = ICE PELLETS
TOTAL MONTH: M 5 = HAIL
GRTST 24HR M ON M 6 = FREEZING RAIN OR DRIZZLE
GRTST DEPTH: M ON M 7 = DUSTSTORM OR SANDSTORM:
VSBY 1/2 MILE OR LESS
8 = SMOKE OR HAZE
[NO. OF DAYS WITH] [WEATHER - DAYS WITH] 9 = BLOWING SNOW
X = TORNADO
MAX 32 OR BELOW: 1 0.01 INCH OR MORE: 6
MAX 90 OR ABOVE: 0 0.10 INCH OR MORE: 3
MIN 32 OR BELOW: 13 0.50 INCH OR MORE: 1
MIN 0 OR BELOW: 0 1.00 INCH OR MORE: 0
[HDD (BASE 65) ]
TOTAL THIS MO. 544 CLEAR (SCALE 0-3) 19
DPTR FM NORMAL -153 PTCLDY (SCALE 4-7) 10
TOTAL FM JUL 1 2873 CLOUDY (SCALE 8-10) 0
DPTR FM NORMAL -258
[CDD (BASE 65) ]
TOTAL THIS MO. 2
DPTR FM NORMAL 2 [PRESSURE DATA]
TOTAL FM JAN 1 2 HIGHEST SLP 30.60 ON 29
DPTR FM NORMAL 2 LOWEST SLP 29.45 ON 28
[REMARKS]
#FINAL-02-24#