000
CXUS56 KLOX 011155
CF6OXR
PRELIMINARY LOCAL CLIMATOLOGICAL DATA (WS FORM: F-6)
STATION: OXNARD AIRPORT CA
MONTH: MAY
YEAR: 2022
LATITUDE: 34 12 N
LONGITUDE: 119 12 W
TEMPERATURE IN F: :PCPN: SNOW: WIND :SUNSHINE: SKY :PK WND
================================================================================
1 2 3 4 5 6A 6B 7 8 9 10 11 12 13 14 15 16 17 18
12Z AVG MX 2MIN
DY MAX MIN AVG DEP HDD CDD WTR SNW DPTH SPD SPD DIR MIN PSBL S-S WX SPD DR
================================================================================
1 63 51 57 -3 8 0 0.00 M M 6.0 15 250 M M 1 18 20 260
2 66 51 59 -1 6 0 0.00 M M 5.2 16 270 M M 4 18 24 270
3 67 52 60 0 5 0 0.00 M M 5.6 16 270 M M 4 18 21 270
4 68 52 60 0 5 0 0.00 M M 7.6 16 280 M M 2 1 21 280
5 62 52 57 -3 8 0 0.00 M M 4.7 15 270 M M 8 12 19 260
6 67 50 59 -1 6 0 0.00 M M 4.5 15 260 M M 0 1 21 240
7 66 54 60 0 5 0 0.00 M M 7.5 18 250 M M 0 1 24 270
8 65 51 58 -3 7 0 0.00 M M 11.6 25 280 M M 1 1 35 250
9 65 48 57 -4 8 0 0.00 M M 11.2 25 260 M M 0 33 280
10 64 44 54 -7 11 0 0.00 M M 9.7 23 270 M M 0 32 280
11 63 43 53 -8 12 0 0.00 M M 8.7 25 280 M M 0 32 270
12 71 47 59 -2 6 0 0.00 M M 9.5 22 280 M M 0 28 280
13 82 49 66 5 0 1 0.00 M M 7.7 22 290 M M 0 26 290
14 76 52 64 3 1 0 0.00 M M 6.1 14 270 M M 0 1 18 260
15 70 54 62 1 3 0 0.00 M M 7.2 22 250 M M 2 1 28 260
16 65 52 59 -2 6 0 0.00 M M 6.9 18 270 M M 3 1 24 270
17 65 50 58 -3 7 0 0.00 M M 6.0 15 270 M M 1 18 24 270
18 67 52 60 -1 5 0 0.00 M M 5.0 14 260 M M 3 18 21 260
19 64 56 60 -1 5 0 0.00 M M 4.9 12 250 M M 10 1 16 260
20 64 57 61 -1 4 0 0.00 M M 6.9 12 270 M M 10 1 19 290
21 66 55 61 -1 4 0 0.00 M M 8.1 15 270 M M 5 1 21 250
22 64 54 59 -3 6 0 0.00 M M 6.2 14 270 M M 5 1 23 250
23 63 53 58 -4 7 0 0.00 M M 4.7 12 250 M M 9 1 17 250
24 64 57 61 -1 4 0 0.00 M M 5.4 14 270 M M 9 1 18 250
25 66 58 62 0 3 0 0.00 M M 4.9 13 240 M M 9 18 18 250
26 65 58 62 0 3 0 0.00 M M 5.9 12 210 M M 8 18 19 230
27 67 56 62 0 3 0 0.00 M M 7.8 17 290 M M 6 24 280
28 67 53 60 -2 5 0 0.00 M M 6.1 17 270 M M 4 23 270
29 69 52 61 -1 4 0 0.00 M M 7.7 17 250 M M 0 23 260
30 67 53 60 -2 5 0 0.00 M M 9.2 20 270 M M 0 25 270
31 67 51 59 -3 6 0 0.00 M M 5.5 13 270 M M 0 18 22 270
================================================================================
SM 2065 1617 168 1 0.00 M 214.0 M 104
================================================================================
AV 66.6 52.2 6.9 FASTST M M 3 MAX(MPH)
MISC ----> # 25 280 35 250
================================================================================
NOTES:
# LAST OF SEVERAL OCCURRENCES
COLUMN 17 PEAK WIND IN M.P.H.
PRELIMINARY LOCAL CLIMATOLOGICAL DATA (WS FORM: F-6) , PAGE 2
STATION: OXNARD AIRPORT CA
MONTH: MAY
YEAR: 2022
LATITUDE: 34 12 N
LONGITUDE: 119 12 W
[TEMPERATURE DATA] [PRECIPITATION DATA] SYMBOLS USED IN COLUMN 16
AVERAGE MONTHLY: 59.4 TOTAL FOR MONTH: 0.00 1 = FOG OR MIST
DPTR FM NORMAL: -1.8 DPTR FM NORMAL: -0.34 2 = FOG REDUCING VISIBILITY
HIGHEST: 82 ON 13 GRTST 24HR 0.00 ON 1- 1 TO 1/4 MILE OR LESS
LOWEST: 43 ON 11 3 = THUNDER
SNOW, ICE PELLETS, HAIL 4 = ICE PELLETS
TOTAL MONTH: M 5 = HAIL
GRTST 24HR M ON M 6 = FREEZING RAIN OR DRIZZLE
GRTST DEPTH: M ON M 7 = DUSTSTORM OR SANDSTORM:
VSBY 1/2 MILE OR LESS
8 = SMOKE OR HAZE
[NO. OF DAYS WITH] [WEATHER - DAYS WITH] 9 = BLOWING SNOW
X = TORNADO
MAX 32 OR BELOW: 0 0.01 INCH OR MORE: 0
MAX 90 OR ABOVE: 0 0.10 INCH OR MORE: 0
MIN 32 OR BELOW: 0 0.50 INCH OR MORE: 0
MIN 0 OR BELOW: 0 1.00 INCH OR MORE: 0
[HDD (BASE 65) ]
TOTAL THIS MO. 168 CLEAR (SCALE 0-3) 17
DPTR FM NORMAL 45 PTCLDY (SCALE 4-7) 9
TOTAL FM JUL 1 1749 CLOUDY (SCALE 8-10) 5
DPTR FM NORMAL 109
[CDD (BASE 65) ]
TOTAL THIS MO. 1
DPTR FM NORMAL -3 [PRESSURE DATA]
TOTAL FM JAN 1 43 HIGHEST SLP 30.19 ON 12
DPTR FM NORMAL 18 LOWEST SLP 29.75 ON 30
[REMARKS]
#FINAL-05-22#