000
CXUS53 KDDC 031512
CF6P28
PRELIMINARY LOCAL CLIMATOLOGICAL DATA (WS FORM: F-6)
STATION: MEDICINE LODGE KS
MONTH: DECEMBER
YEAR: 2022
LATITUDE: 37 17 N
LONGITUDE: 98 35 W
TEMPERATURE IN F: :PCPN: SNOW: WIND :SUNSHINE: SKY :PK WND
================================================================================
1 2 3 4 5 6A 6B 7 8 9 10 11 12 13 14 15 16 17 18
12Z AVG MX 2MIN
DY MAX MIN AVG DEP HDD CDD WTR SNW DPTH SPD SPD DIR MIN PSBL S-S WX SPD DR
================================================================================
1 52 25 39 0 26 0 0.00 0.0 0 14.9 29 200 M M 0 41 170
2 73 32 53 14 12 0 0.00 0.0 0 16.6 47 350 M M 0 67 350
3 41 20 31 -8 34 0 0.00 0.0 0 6.5 22 360 M M 0 30 360
4 47 29 38 0 27 0 0.00 0.0 0 4.8 12 170 M M 0 17 150
5 62 33 48 10 17 0 0.00 0.0 0 5.5 14 20 M M 0 21 20
6 51 28 40 2 25 0 0.00 0.0 0 7.5 20 360 M M 0 26 360
7 47 24 36 -1 29 0 0.00 0.0 0 3.5 8 80 M M 0 12 110
8 57 30 44 7 21 0 0.00 0.0 0 4.9 21 320 M M 0 29 320
9 51 22 37 0 28 0 0.06 0.0 0 3.7 9 170 M M 0 13 120
10 58 25 42 6 23 0 0.00 0.0 0 3.5 15 10 M M 0 18 10
11 40 20 30 -6 35 0 0.00 0.0 0 6.9 16 160 M M 0 26 150
12 53 40 47 11 18 0 0.18 0.0 0 10.3 18 160 M M 0 31 130
13 53 28 41 5 24 0 0.00 0.0 0 9.2 20 270 M M 0 31 140
14 41 25 33 -2 32 0 0.00 0.0 0 12.4 25 290 M M 0 35 310
15 41 27 34 -1 31 0 0.00 0.0 0 13.8 26 320 M M 0 42 290
16 40 25 33 -2 32 0 0.00 0.0 0 14.2 29 300 M M 0 45 280
17 48 19 34 -1 31 0 0.00 0.0 0 6.8 15 320 M M 0 22 300
18 49 15 32 -3 33 0 0.00 0.0 0 8.6 20 170 M M 0 29 170
19 52 30 41 7 24 0 0.15 T 0 9.6 20 360 M M 0 28 360
20 30 12 21 -13 44 0 0.00 0.0 0 9.5 22 360 M M 0 32 360
21 34 14 24 -10 41 0 0.00 0.0 0 9.4 35 360 M M 0 52 360
22 14 -3 6 -28 59 0 0.02 0.0 0 21.8 39 10 M M 0 56 360
23 19 -1 9 -25 56 0 0.00 0.0 0 12.7 23 330 M M 0 33 310
24 27 5 16 -18 49 0 0.00 0.0 0 3.8 13 170 M M 0 19 190
25 35 11 23 -11 42 0 0.01 0.0 0 5.4 16 180 M M 0 24 160
26 38 16 27 -7 38 0 0.00 0.0 0 10.3 31 340 M M 0 45 320
27 53 17 35 1 30 0 0.00 0.0 0 12.8 24 190 M M 0 34 180
28 67 33 50 16 15 0 0.00 0.0 0 8.6 22 180 M M 0 28 180
29 55 27 41 7 24 0 0.00 0.0 0 11.6 32 300 M M 0 49 300
30 50 22 36 3 29 0 0.00 0.0 0 4.6 13 170 M M 0 17 160
31 58 31 45 12 20 0 0.00 0.0 0 6.0 13 120 M M 0 18 110
================================================================================
SM 1436 681 949 0 0.42 T 279.7 M 0
================================================================================
AV 46.3 22.0 9.0 FASTST M M 0 MAX(MPH)
MISC ----> 47 350 67 350
================================================================================
NOTES:
# LAST OF SEVERAL OCCURRENCES
COLUMN 17 PEAK WIND IN M.P.H.
PRELIMINARY LOCAL CLIMATOLOGICAL DATA (WS FORM: F-6) , PAGE 2
STATION: MEDICINE LODGE KS
MONTH: DECEMBER
YEAR: 2022
LATITUDE: 37 17 N
LONGITUDE: 98 35 W
[TEMPERATURE DATA] [PRECIPITATION DATA] SYMBOLS USED IN COLUMN 16
AVERAGE MONTHLY: 34.2 TOTAL FOR MONTH: 0.42 1 = FOG OR MIST
DPTR FM NORMAL: -1.3 DPTR FM NORMAL: -0.67 2 = FOG REDUCING VISIBILITY
HIGHEST: 73 ON 2 GRTST 24HR 0.18 ON 12-12 TO 1/4 MILE OR LESS
LOWEST: -3 ON 22 3 = THUNDER
SNOW, ICE PELLETS, HAIL 4 = ICE PELLETS
TOTAL MONTH: T 5 = HAIL
GRTST 24HR T ON 19-19 6 = FREEZING RAIN OR DRIZZLE
GRTST DEPTH: 0 7 = DUSTSTORM OR SANDSTORM:
VSBY 1/2 MILE OR LESS
8 = SMOKE OR HAZE
[NO. OF DAYS WITH] [WEATHER - DAYS WITH] 9 = BLOWING SNOW
X = TORNADO
MAX 32 OR BELOW: 4 0.01 INCH OR MORE: 5
MAX 90 OR ABOVE: 0 0.10 INCH OR MORE: 2
MIN 32 OR BELOW: 28 0.50 INCH OR MORE: 0
MIN 0 OR BELOW: 2 1.00 INCH OR MORE: 0
[HDD (BASE 65) ]
TOTAL THIS MO. 949
DPTR FM NORMAL 35
TOTAL FM JUL 1 1783
DPTR FM NORMAL 11
[CDD (BASE 65) ]
TOTAL THIS MO. 0
DPTR FM NORMAL 0 [PRESSURE DATA]
TOTAL FM JAN 1 2207 HIGHEST SLP 30.78 ON 23
DPTR FM NORMAL 386 LOWEST SLP 29.35 ON 28
[REMARKS]
#FINAL-12-22#