000
CXUS56 KLKN 161919
CF6P68
PRELIMINARY LOCAL CLIMATOLOGICAL DATA (WS FORM: F-6)
STATION: EUREKA AIRPORT NV
MONTH: MAY
YEAR: 2023
LATITUDE: 39 30 N
LONGITUDE: 115 58 W
TEMPERATURE IN F: :PCPN: SNOW: WIND :SUNSHINE: SKY :PK WND
================================================================================
1 2 3 4 5 6A 6B 7 8 9 10 11 12 13 14 15 16 17 18
12Z AVG MX 2MIN
DY MAX MIN AVG DEP HDD CDD WTR SNW DPTH SPD SPD DIR MIN PSBL S-S WX SPD DR
================================================================================
1 74 47 61 14 4 0 0.00 M M 19.2 39 190 M M M 54 190
2 66 41 54 6 11 0 0.00 M M 13.9 35 150 M M M 46 160
3 65 38 52 4 13 0 0.00 M M 14.3 33 160 M M M 49 130
4 54 35 45 -3 20 0 0.01 M M 12.8 38 170 M M M 48 180
5 53 31 42 -6 23 0 0.02 M M 8.1 23 250 M M M 31 260
6 52 28 40 -9 25 0 0.02 M M 7.6 26 260 M M M 42 230
7 61 25 43 -6 22 0 0.00 M M 3.7 18 260 M M M 24 260
8 65 27 46 -3 19 0 0.00 M M 7.8 26 270 M M M 36 280
9 61 24 43 -7 22 0 0.00 M M 6.5 21 350 M M M 27 350
10 64 29 47 -3 18 0 0.00 M M 7.6 21 310 M M M 28 310
11 65 30 48 -2 17 0 0.00 M M 5.7 16 350 M M M 22 20
12 70 31 51 0 14 0 0.00 M M 6.7 17 350 M M M 25 350
13 70 34 52 1 13 0 0.00 M M 6.7 26 10 M M M 40 360
14 67 34 51 0 14 0 0.08 M M 7.8 28 200 M M M 44 150
15 77 42 60 8 5 0 0.00 M M 8.5 24 170 M M M 37 180
16 76 43 60 8 5 0 0.00 M M 6.1 35 250 M M M 46 240
17 80 41 61 9 4 0 0.00 M M 6.6 17 300 M M M 27 260
18 78 41 60 7 5 0 0.00 M M 6.6 18 350 M M M 26 10
19 80 40 60 7 5 0 0.00 M M 5.2 12 360 M M M 18 350
20 80 40 60 7 5 0 0.00 M M 4.2 14 20 M M M 19 350
21 82 44 63 9 2 0 0.00 M M 8.0 23 260 M M M 31 260
22 80 47 64 10 1 0 0.04 M M 6.3 31 190 M M M 53 310
23 73 47 60 6 5 0 0.91 M M 7.6 26 120 M M M 33 130
24 71 46 59 4 6 0 0.02 M M 7.8 28 280 M M M 45 290
25 72 40 56 1 9 0 0.00 M M 4.6 26 280 M M M 40 260
26 63 39 51 -4 14 0 0.00 M M 7.0 32 170 M M M 43 170
27 70 37 54 -2 11 0 0.00 M M 5.3 23 350 M M M 32 320
28 66 42 54 -2 11 0 0.06 M M 5.2 18 300 M M M 22 300
29 75 42 59 3 6 0 0.00 M M 5.3 22 210 M M M 33 220
30 77 40 59 3 6 0 0.00 M M 7.4 21 180 M M M 29 180
31 75 42 59 2 6 0 0.00 M M 4.1 22 280 M M M 29 80
================================================================================
SM 2162 1167 341 0 1.16 M 234.2 M M
================================================================================
AV 69.7 37.6 7.6 FASTST M M M MAX(MPH)
MISC ----> 39 190 54 190
================================================================================
NOTES:
# LAST OF SEVERAL OCCURRENCES
COLUMN 17 PEAK WIND IN M.P.H.
PRELIMINARY LOCAL CLIMATOLOGICAL DATA (WS FORM: F-6) , PAGE 2
STATION: EUREKA AIRPORT NV
MONTH: MAY
YEAR: 2023
LATITUDE: 39 30 N
LONGITUDE: 115 58 W
[TEMPERATURE DATA] [PRECIPITATION DATA] SYMBOLS USED IN COLUMN 16
AVERAGE MONTHLY: 53.7 TOTAL FOR MONTH: 1.16 1 = FOG OR MIST
DPTR FM NORMAL: 1.7 DPTR FM NORMAL: 0.00 2 = FOG REDUCING VISIBILITY
HIGHEST: 82 ON 21 GRTST 24HR 0.92 ON 23-24 TO 1/4 MILE OR LESS
LOWEST: 24 ON 9 3 = THUNDER
SNOW, ICE PELLETS, HAIL 4 = ICE PELLETS
TOTAL MONTH: M 5 = HAIL
GRTST 24HR M ON M 6 = FREEZING RAIN OR DRIZZLE
GRTST DEPTH: M ON M 7 = DUSTSTORM OR SANDSTORM:
VSBY 1/2 MILE OR LESS
8 = SMOKE OR HAZE
[NO. OF DAYS WITH] [WEATHER - DAYS WITH] 9 = BLOWING SNOW
X = TORNADO
MAX 32 OR BELOW: 0 0.01 INCH OR MORE: 8
MAX 90 OR ABOVE: 0 0.10 INCH OR MORE: 1
MIN 32 OR BELOW: 8 0.50 INCH OR MORE: 1
MIN 0 OR BELOW: 0 1.00 INCH OR MORE: 0
[HDD (BASE 65) ]
TOTAL THIS MO. 341 CLEAR (SCALE 0-3) 0
DPTR FM NORMAL -66 PTCLDY (SCALE 4-7) 0
TOTAL FM JUL 1 7569 CLOUDY (SCALE 8-10) 31
DPTR FM NORMAL 554
[CDD (BASE 65) ]
TOTAL THIS MO. 0
DPTR FM NORMAL -4 [PRESSURE DATA]
TOTAL FM JAN 1 0 HIGHEST SLP 30.19 ON 15
DPTR FM NORMAL -4 LOWEST SLP 29.34 ON 1
[REMARKS]
#FINAL-05-23#