000
CXUS53 KPAH 011415
CF6PAH
PRELIMINARY LOCAL CLIMATOLOGICAL DATA (WS FORM: F-6)
STATION: PADUCAH KY
MONTH: DECEMBER
YEAR: 2022
LATITUDE: 37 4 N
LONGITUDE: 88 46 W
TEMPERATURE IN F: :PCPN: SNOW: WIND :SUNSHINE: SKY :PK WND
================================================================================
1 2 3 4 5 6A 6B 7 8 9 10 11 12 13 14 15 16 17 18
12Z AVG MX 2MIN
DY MAX MIN AVG DEP HDD CDD WTR SNW DPTH SPD SPD DIR MIN PSBL S-S WX SPD DR
================================================================================
1 46 21 34 -9 31 0 0.00 0.0 0 3.5 13 80 M M 1 16 80
2 62 41 52 9 13 0 0.06 0.0 0 9.1 18 190 M M 10 34 200
3 63 30 47 5 18 0 0.00 0.0 0 8.2 21 360 M M 4 31 330
4 43 30 37 -5 28 0 0.00 0.0 0 1.2 6 250 M M 2 8 9 250
5 49 32 41 -1 24 0 0.00 0.0 0 2.4 9 180 M M 10 12 13 200
6 62 47 55 13 10 0 0.36 0.0 0 1.7 10 320 M M 10 12 14 310
7 56 50 53 12 12 0 T 0.0 0 3.6 9 70 M M 10 12 13 10
8 54 48 51 10 14 0 0.72 0.0 0 5.8 12 360 M M 10 1 15 50
9 57 43 50 9 15 0 0.00 0.0 0 2.6 10 10 M M 7 12 16 360
10 50 41 46 5 19 0 0.22 0.0 0 3.7 12 130 M M 9 1 15 140
11 46 41 44 4 21 0 0.00 0.0 0 6.2 13 50 M M 10 18 16 50
12 52 33 43 3 22 0 0.00 0.0 0 4.5 14 80 M M 4 18 21 80
13 61 33 47 7 18 0 1.29 0.0 0 10.2 20 110 M M 7 138 27 140
14 60 48 54 14 11 0 1.06 0.0 0 8.0 24 140 M M 10 18 36 160
15 49 34 42 2 23 0 0.00 0.0 0 6.6 17 230 M M 4 30 230
16 43 30 37 -2 28 0 0.00 0.0 0 7.0 20 240 M M 0 33 270
17 39 30 35 -4 30 0 0.00 0.0 0 6.6 16 290 M M 4 26 270
18 38 21 30 -9 35 0 0.00 0.0 0 2.6 9 320 M M 1 15 350
19 40 22 31 -8 34 0 0.00 0.0 0 4.4 12 70 M M 5 17 70
20 49 27 38 -1 27 0 0.00 0.0 0 3.0 12 10 M M 7 17 350
21 48 25 37 -1 28 0 0.00 0.0 0 4.0 10 130 M M 2 13 130
22 46 0 23 -15 42 0 0.29 3.0 0 9.4 26 360 M M 10 18 47 10
23 8 -4 2 -36 63 0 0.00 0.0 3 10.0 18 300 M M 4 8 31 290
24 23 7 15 -23 50 0 0.00 0.0 3 6.4 15 250 M M 0 26 240
25 23 3 13 -25 52 0 0.00 0.0 2 4.0 10 250 M M 0 16 220
26 37 22 30 -8 35 0 0.09 0.8 3 5.0 13 170 M M 9 1 19 180
27 32 24 28 -9 37 0 0.00 0.0 2 4.5 12 350 M M 6 1 16 360
28 56 22 39 2 26 0 0.00 0.0 1 7.6 17 190 M M 0 32 180
29 61 55 58 21 7 0 0.02 0.0 0 11.0 20 180 M M 10 35 160
30 61 48 55 18 10 0 0.34 0.0 0 5.9 15 190 M M 10 1 25 160
31 50 43 47 10 18 0 0.03 0.0 0 2.7 9 150 M M 9 12 13 190
================================================================================
SM 1464 947 801 0 4.48 3.8 171.4 M 185
================================================================================
AV 47.2 30.5 5.5 FASTST M M 6 MAX(MPH)
MISC ----> 26 360 47 10
================================================================================
NOTES:
# LAST OF SEVERAL OCCURRENCES
COLUMN 17 PEAK WIND IN M.P.H.
PRELIMINARY LOCAL CLIMATOLOGICAL DATA (WS FORM: F-6) , PAGE 2
STATION: PADUCAH KY
MONTH: DECEMBER
YEAR: 2022
LATITUDE: 37 4 N
LONGITUDE: 88 46 W
[TEMPERATURE DATA] [PRECIPITATION DATA] SYMBOLS USED IN COLUMN 16
AVERAGE MONTHLY: 38.9 TOTAL FOR MONTH: 4.48 1 = FOG OR MIST
DPTR FM NORMAL: -0.6 DPTR FM NORMAL: 0.18 2 = FOG REDUCING VISIBILITY
HIGHEST: 63 ON 3 GRTST 24HR 2.31 ON 13-14 TO 1/4 MILE OR LESS
LOWEST: -4 ON 23 3 = THUNDER
SNOW, ICE PELLETS, HAIL 4 = ICE PELLETS
TOTAL MONTH: 3.8 INCHES 5 = HAIL
GRTST 24HR 3.0 ON 22-22 6 = FREEZING RAIN OR DRIZZLE
GRTST DEPTH: 3 ON 26,24 7 = DUSTSTORM OR SANDSTORM:
VSBY 1/2 MILE OR LESS
8 = SMOKE OR HAZE
[NO. OF DAYS WITH] [WEATHER - DAYS WITH] 9 = BLOWING SNOW
X = TORNADO
MAX 32 OR BELOW: 4 0.01 INCH OR MORE: 11
MAX 90 OR ABOVE: 0 0.10 INCH OR MORE: 7
MIN 32 OR BELOW: 17 0.50 INCH OR MORE: 3
MIN 0 OR BELOW: 2 1.00 INCH OR MORE: 2
[HDD (BASE 65) ]
TOTAL THIS MO. 801 CLEAR (SCALE 0-3) 8
DPTR FM NORMAL 10 PTCLDY (SCALE 4-7) 10
TOTAL FM JUL 1 1579 CLOUDY (SCALE 8-10) 13
DPTR FM NORMAL 32
[CDD (BASE 65) ]
TOTAL THIS MO. 0
DPTR FM NORMAL 0 [PRESSURE DATA]
TOTAL FM JAN 1 1836 HIGHEST SLP 30.57 ON 1
DPTR FM NORMAL 153 LOWEST SLP 29.58 ON 14
[REMARKS]
#FINAL-12-22#