000
CXUS53 KPAH 010816
CLMPAH
CLIMATE REPORT
NATIONAL WEATHER SERVICE PADUCAH KY
316 AM CDT TUE AUG 01 2023
...................................
...THE PADUCAH KY CLIMATE SUMMARY FOR THE MONTH OF JULY 2023...
CLIMATE NORMAL PERIOD 1991 TO 2020
CLIMATE RECORD PERIOD 1937 TO 2023
WEATHER OBSERVED NORMAL DEPART LAST YEAR`S
VALUE DATE(S) VALUE FROM VALUE DATE(S)
NORMAL
................................................................
TEMPERATURE (F)
RECORD
HIGH 108 07/17/1942
LOW 47 07/24/1947
07/23/1947
HIGHEST 96 07/01 100 07/07
LOWEST 59 07/10 63 07/11
07/13
AVG. MAXIMUM 89.5 89.9 -0.4 91.9
AVG. MINIMUM 69.3 69.4 -0.1 71.7
MEAN 79.4 79.7 -0.3 81.8
DAYS MAX >= 90 20 17.0 3.0 23
DAYS MAX <= 32 0 0.0 0.0 0
DAYS MIN <= 32 0 0.0 0.0 0
DAYS MIN <= 0 0 0.0 0.0 0
PRECIPITATION (INCHES)
RECORD
MAXIMUM 12.47 1972
MINIMUM 0.28 1999
TOTALS 10.60 4.30 6.30 3.50
DAILY AVG. 0.34 0.14 0.20 0.11
DAYS >= .01 15 8.7 6.3 10
DAYS >= .10 9 5.8 3.2 5
DAYS >= .50 5 2.7 2.3 3
DAYS >= 1.00 1 1.4 -0.4 2
GREATEST
24 HR. TOTAL 7.42 07/18 TO 07/19
DEGREE DAYS
COOLING TOTAL 456 454 2 529
SINCE 1/1 971 1012 -41 MM
FREEZE DATES
EARLIEST 10/18
LATEST 03/20
................................................................
WIND (MPH)
AVERAGE WIND SPEED 3.5
HIGHEST WIND SPEED/DIRECTION 35/270 DATE 07/17
HIGHEST GUST SPEED/DIRECTION 50/320 DATE 07/29
SKY COVER
POSSIBLE SUNSHINE (PERCENT) MM
AVERAGE SKY COVER 0.20
NUMBER OF DAYS FAIR 25
NUMBER OF DAYS PC 6
NUMBER OF DAYS CLOUDY 0
AVERAGE RH (PERCENT) 73
WEATHER CONDITIONS. NUMBER OF DAYS WITH
THUNDERSTORM 13 MIXED PRECIP 0
HEAVY RAIN 7 RAIN 7
LIGHT RAIN 16 FREEZING RAIN 0
LT FREEZING RAIN 0 HAIL 0
HEAVY SNOW 0 SNOW 0
LIGHT SNOW 0 SLEET 0
FOG 22 FOG W/VIS <= 1/4 MILE 1
HAZE 7
- INDICATES NEGATIVE NUMBERS.
R INDICATES RECORD WAS SET OR TIED.
MM INDICATES DATA IS MISSING.
T INDICATES TRACE AMOUNT.
$$