000
CXUS56 KPQR 021642
CF6PDX
PRELIMINARY LOCAL CLIMATOLOGICAL DATA (WS FORM: F-6)
STATION: PORTLAND OR
MONTH: MARCH
YEAR: 2022
LATITUDE: 45 35 N
LONGITUDE: 122 36 W
TEMPERATURE IN F: :PCPN: SNOW: WIND :SUNSHINE: SKY :PK WND
================================================================================
1 2 3 4 5 6A 6B 7 8 9 10 11 12 13 14 15 16 17 18
12Z AVG MX 2MIN
DY MAX MIN AVG DEP HDD CDD WTR SNW DPTH SPD SPD DIR MIN PSBL S-S WX SPD DR
================================================================================
1 59 50 55 9 10 0 0.45 0.0 0 8.6 21 210 M M 10 1 25 210
2 55 48 52 6 13 0 0.59 0.0 0 3.8 16 120 M M 10 1 19 110
3 52 40 46 0 19 0 0.04 0.0 0 2.9 13 320 M M 8 14 310
4 54 42 48 2 17 0 T 0.0 0 5.9 15 320 M M 7 19 310
5 57 33 45 -2 20 0 0.00 0.0 0 3.2 15 320 M M 4 12 19 330
6 54 38 46 -1 19 0 0.00 0.0 0 2.4 6 120 M M 5 8 300
7 54 35 45 -2 20 0 0.00 0.0 0 3.8 15 290 M M 3 18 18 290
8 49 39 44 -3 21 0 0.26 0.0 0 4.5 10 200 M M 9 18 13 200
9 52 37 45 -2 20 0 0.03 0.0 0 7.0 14 120 M M 5 1 21 130
10 51 28 40 -7 25 0 0.00 0.0 0 2.2 6 110 M M 5 10 120
11 62 36 49 1 16 0 0.00 0.0 0 2.9 7 70 M M 6 10 100
12 60 35 48 0 17 0 0.13 0.0 0 6.8 16 220 M M 5 33 220
13 54 45 50 2 15 0 0.24 0.0 0 11.6 17 190 M M 10 33 200
14 55 46 51 3 14 0 0.17 0.0 0 8.2 14 120 M M 10 17 120
15 59 46 53 5 12 0 0.05 0.0 0 9.3 23 260 M M 8 31 200
16 58 44 51 3 14 0 T 0.0 0 2.4 6 70 M M 6 9 100
17 52 39 46 -2 19 0 0.01 0.0 0 3.3 9 120 M M 9 11 120
18 60 48 54 5 11 0 0.01 0.0 0 5.6 16 200 M M 9 1 20 190
19 54 40 47 -2 18 0 0.13 0.0 0 7.7 21 310 M M 7 1 27 310
20 51 40 46 -3 19 0 0.06 0.0 0 6.6 14 220 M M 9 17 220
21 50 43 47 -2 18 0 0.64 0.0 0 8.3 14 120 M M 10 1 18 120
22 67 49 58 9 7 0 0.06 0.0 0 4.9 13 290 M M 6 1 15 280
23 61 43 52 3 13 0 0.06 0.0 0 6.1 17 250 M M 7 12 19 250
24 65 37 51 2 14 0 0.00 0.0 0 4.4 15 280 M M 5 1 17 280
25 64 46 55 5 10 0 0.00 0.0 0 4.1 13 200 M M 7 15 200
26 65 50 58 8 7 0 T 0.0 0 5.7 12 290 M M 9 1 14 160
27 70 49 60 10 5 0 0.00 0.0 0 2.8 13 310 M M 8 15 310
28 63 49 56 6 9 0 0.00 0.0 0 6.7 14 310 M M 8 18 320
29 61 48 55 5 10 0 0.00 0.0 0 2.3 16 320 M M 9 20 310
30 59 45 52 2 13 0 0.03 0.0 0 6.4 16 320 M M 8 20 320
31 57 43 50 0 15 0 T 0.0 0 5.1 13 310 M M 7 16 280
================================================================================
SM 1784 1311 460 0 2.96 0.0 165.5 M 229
================================================================================
AV 57.5 42.3 5.3 FASTST M M 7 MAX(MPH)
MISC ----> 23 260 # 33 200
================================================================================
NOTES:
# LAST OF SEVERAL OCCURRENCES
COLUMN 17 PEAK WIND IN M.P.H.
PRELIMINARY LOCAL CLIMATOLOGICAL DATA (WS FORM: F-6) , PAGE 2
STATION: PORTLAND OR
MONTH: MARCH
YEAR: 2022
LATITUDE: 45 35 N
LONGITUDE: 122 36 W
[TEMPERATURE DATA] [PRECIPITATION DATA] SYMBOLS USED IN COLUMN 16
AVERAGE MONTHLY: 49.9 TOTAL FOR MONTH: 2.96 1 = FOG OR MIST
DPTR FM NORMAL: 1.6 DPTR FM NORMAL: -1.01 2 = FOG REDUCING VISIBILITY
HIGHEST: 70 ON 27 GRTST 24HR 0.66 ON 21-22 TO 1/4 MILE OR LESS
LOWEST: 28 ON 10 3 = THUNDER
SNOW, ICE PELLETS, HAIL 4 = ICE PELLETS
TOTAL MONTH: 0.0 INCH 5 = HAIL
GRTST 24HR 0.0 6 = FREEZING RAIN OR DRIZZLE
GRTST DEPTH: 0 7 = DUSTSTORM OR SANDSTORM:
VSBY 1/2 MILE OR LESS
8 = SMOKE OR HAZE
[NO. OF DAYS WITH] [WEATHER - DAYS WITH] 9 = BLOWING SNOW
X = TORNADO
MAX 32 OR BELOW: 0 0.01 INCH OR MORE: 17
MAX 90 OR ABOVE: 0 0.10 INCH OR MORE: 8
MIN 32 OR BELOW: 1 0.50 INCH OR MORE: 2
MIN 0 OR BELOW: 0 1.00 INCH OR MORE: 0
[HDD (BASE 65) ]
TOTAL THIS MO. 460 CLEAR (SCALE 0-3) 0
DPTR FM NORMAL -59 PTCLDY (SCALE 4-7) 19
TOTAL FM JUL 1 3286 CLOUDY (SCALE 8-10) 12
DPTR FM NORMAL -174
[CDD (BASE 65) ]
TOTAL THIS MO. 0
DPTR FM NORMAL 0 [PRESSURE DATA]
TOTAL FM JAN 1 0 HIGHEST SLP 30.44 ON 22
DPTR FM NORMAL 0 LOWEST SLP 29.61 ON 27
[REMARKS]
#FINAL-03-22#