000
CXUS54 KMAF 011110
CF6PEQ
PRELIMINARY LOCAL CLIMATOLOGICAL DATA (WS FORM: F-6)
STATION: PECOS MUNICIPAL AIRPORT
MONTH: JUNE
YEAR: 2021
LATITUDE: 31 22 N
LONGITUDE: 103 31 W
TEMPERATURE IN F: :PCPN: SNOW: WIND :SUNSHINE: SKY :PK WND
================================================================================
1 2 3 4 5 6A 6B 7 8 9 10 11 12 13 14 15 16 17 18
12Z AVG MX 2MIN
DY MAX MIN AVG DEP HDD CDD WTR SNW DPTH SPD SPD DIR MIN PSBL S-S WX SPD DR
================================================================================
1 81 59 70 M 0 5 M M M 4.9 10 110 M M 3 21 110
2 89 63 76 M 0 11 0.04 M M 5.6 23 240 M M 1 37 240
3 87 62 75 M 0 10 M M M 6.2 18 100 M M 1 24 100
4 87 62 75 M 0 10 M M M 6.3 13 90 M M 0 21 120
5 99 62 81 M 0 16 M M M 6.3 20 120 M M 0 24 120
6 104 73 89 M 0 24 M M M 7.6 17 50 M M 0 37 260
7 107 70 89 M 0 24 M M M 9.9 20 270 M M 0 26 270
8 105 62 84 M 0 19 M M M 5.7 16 130 M M 0 22 130
9 107 72 90 M 0 25 M M M 6.1 24 120 M M 0 32 120
10 110 72 91 M 0 26 M M M 7.5 23 120 M M 1 29 120
11 110 75 93 M 0 28 M M M 8.5 23 130 M M 1 26 130
12 108 74 91 M 0 26 M M M 10.2 21 100 M M 0 26 100
13 104 76 90 M 0 25 M M M 11.5 18 80 M M 0 24 80
14 101 71 86 M 0 21 M M M 10.9 25 100 M M 0 29 110
15 98 67 83 M 0 18 M M M 5.8 15 80 M M 0 20 100
16 100 71 86 M 0 21 M M M 9.9 20 90 M M 0 25 90
17 99 67 83 M 0 18 M M M 9.3 20 110 M M 0 25 140
18 100 67 84 M 0 19 M M M 7.6 17 110 M M 0 22 0
19 102 70 86 M 0 21 M M M 9.1 21 120 M M 0 28 120
20 111 73 92 M 0 27 M M M 7.0 16 130 M M 2 24 130
21 98 75 87 M 0 22 M M M 13.7 25 360 M M 2 8 32 360
22 99 70 85 M 0 20 M M M 9.2 20 130 M M 3 26 130
23 107 74 91 M 0 26 M M M 10.1 20 120 M M 1 3 25 140
24 105 73 89 M 0 24 M M M 9.6 20 130 M M 0 25 70
25 105 84 95 M 0 30 M M M 13.5 23 200 M M 1 53 140
26 105 78 92 M 0 27 M M M 10.7 21 100 M M 0 25 290
27 81 64 73 M 0 8 0.44 M M 9.4 23 20 M M 4 3 30 30
28 81 66 74 M 0 9 1.16 M M 9.0 20 110 M M 8 3 29 110
29 85 67 76 M 0 11 0.02 M M 8.8 15 90 M M 7 23 90
30 83 70 77 M 0 12 0.15 M M 10.4 16 100 M M 3 24 140
================================================================================
SM 2958 2089 0 583 1.81 M 260.1 M 38
================================================================================
AV 98.6 69.6 8.7 FASTST M M 1 MAX(MPH)
MISC ----> # 25 100 53 140
================================================================================
NOTES:
# LAST OF SEVERAL OCCURRENCES
COLUMN 17 PEAK WIND IN M.P.H.
PRELIMINARY LOCAL CLIMATOLOGICAL DATA (WS FORM: F-6) , PAGE 2
STATION: PECOS MUNICIPAL AIRPORT
MONTH: JUNE
YEAR: 2021
LATITUDE: 31 22 N
LONGITUDE: 103 31 W
[TEMPERATURE DATA] [PRECIPITATION DATA] SYMBOLS USED IN COLUMN 16
AVERAGE MONTHLY: 84.1 TOTAL FOR MONTH: 1.81 1 = FOG OR MIST
DPTR FM NORMAL: 0.0 DPTR FM NORMAL: M 2 = FOG REDUCING VISIBILITY
HIGHEST: 111 ON 20 GRTST 24HR 1.16 ON 28-28 TO 1/4 MILE OR LESS
LOWEST: 59 ON 1 3 = THUNDER
SNOW, ICE PELLETS, HAIL 4 = ICE PELLETS
TOTAL MONTH: M 5 = HAIL
GRTST 24HR M ON M 6 = FREEZING RAIN OR DRIZZLE
GRTST DEPTH: M ON M 7 = DUSTSTORM OR SANDSTORM:
VSBY 1/2 MILE OR LESS
8 = SMOKE OR HAZE
[NO. OF DAYS WITH] [WEATHER - DAYS WITH] 9 = BLOWING SNOW
X = TORNADO
MAX 32 OR BELOW: 0 0.01 INCH OR MORE: 5
MAX 90 OR ABOVE: 22 0.10 INCH OR MORE: 3
MIN 32 OR BELOW: 0 0.50 INCH OR MORE: 1
MIN 0 OR BELOW: 0 1.00 INCH OR MORE: 1
[HDD (BASE 65) ]
TOTAL THIS MO. 0 CLEAR (SCALE 0-3) 27
DPTR FM NORMAL M PTCLDY (SCALE 4-7) 2
TOTAL FM JUL 1 2469 CLOUDY (SCALE 8-10) 1
DPTR FM NORMAL M
[CDD (BASE 65) ]
TOTAL THIS MO. 583
DPTR FM NORMAL M [PRESSURE DATA]
TOTAL FM JAN 1 1009 HIGHEST SLP M ON M
DPTR FM NORMAL M LOWEST SLP M ON M
[REMARKS]
#FINAL-06-21#