000
CXUS52 KTBW 011129
CF6PGD
PRELIMINARY LOCAL CLIMATOLOGICAL DATA (WS FORM: F-6)
STATION: PUNTA GORDA
MONTH: APRIL
YEAR: 2023
LATITUDE: 26 55 N
LONGITUDE: 82 0 W
TEMPERATURE IN F: :PCPN: SNOW: WIND :SUNSHINE: SKY :PK WND
================================================================================
1 2 3 4 5 6A 6B 7 8 9 10 11 12 13 14 15 16 17 18
12Z AVG MX 2MIN
DY MAX MIN AVG DEP HDD CDD WTR SNW DPTH SPD SPD DIR MIN PSBL S-S WX SPD DR
================================================================================
1 88 62 75 4 0 10 0.00 0.0 0 8.7 18 240 M M 1 33 220
2 88 68 78 7 0 13 0.00 0.0 0 7.4 21 260 M M 2 1 27 270
3 88 65 77 6 0 12 0.00 0.0 0 5.9 17 250 M M 3 12 27 240
4 92 64 78 7 0 13 0.00 0.0 0 5.5 15 250 M M 5 12 21 240
5 94 66 80 9 0 15 0.00 0.0 0 9.8 21 110 M M 1 1 28 110
6 93 65 79 7 0 14 0.05 0.0 0 7.3 18 170 M M 4 1 27 150
7 89 66 78 6 0 13 0.00 0.0 0 7.3 15 250 M M 4 1 22 250
8 88 62 75 3 0 10 0.00 0.0 0 7.8 16 260 M M 1 8 21 250
9 84 67 76 4 0 11 2.29 0.0 0 6.5 31 340 M M 5 123 40 340
10 85 66 76 4 0 11 0.00 0.0 0 13.9 28 60 M M 6 39 70
11 84 63 74 2 0 9 0.00 0.0 0 15.7 29 80 M M 3 37 50
12 74 67 71 -2 0 6 0.58 0.0 0 14.3 25 110 M M 9 1 36 100
13 87 67 77 4 0 12 0.00 0.0 0 9.1 21 230 M M 4 1 27 250
14 88 68 78 5 0 13 0.00 0.0 0 6.7 17 250 M M 2 1 23 260
15 91 69 80 7 0 15 0.00 0.0 0 6.9 17 240 M M 5 12 24 250
16 92 68 80 7 0 15 1.32 0.0 0 8.9 24 110 M M 3 13 31 250
17 84 63 74 0 0 9 0.50 0.0 0 8.5 20 350 M M 5 13 25 350
18 84 56 70 -4 0 5 0.00 0.0 0 9.4 20 50 M M 0 27 60
19 85 60 73 -1 0 8 0.00 0.0 0 9.7 20 120 M M 1 26 110
20 88 59 74 0 0 9 0.00 0.0 0 9.3 16 80 M M 2 31 90
21 89 63 76 2 0 11 0.00 0.0 0 6.8 15 290 M M 2 21 130
22 86 67 77 3 0 12 0.00 0.0 0 7.8 17 240 M M 1 27 250
23 92 68 80 6 0 15 0.21 0.0 0 7.0 23 150 M M 3 13 29 150
24 87 68 78 3 0 13 T 0.0 0 8.8 15 50 M M 3 22 20
25 86 69 78 3 0 13 0.17 0.0 0 8.1 21 240 M M 4 1 27 240
26 88 66 77 2 0 12 0.00 0.0 0 6.3 16 260 M M 1 1 22 220
27 91 65 78 3 0 13 T 0.0 0 9.3 33 330 M M 2 47 330
28 88 68 78 3 0 13 T 0.0 0 8.2 20 190 M M 2 26 200
29 92 71 82 7 0 17 0.17 0.0 0 11.3 29 250 M M 3 13 39 230
30 82 70 76 0 0 11 0.78 0.0 0 17.2 32 180 M M 5 13 43 310
================================================================================
SM 2627 1966 0 353 6.07 0.0 269.4 M 92
================================================================================
AV 87.6 65.5 9.0 FASTST M M 3 MAX(MPH)
MISC ----> 33 330 47 330
================================================================================
NOTES:
# LAST OF SEVERAL OCCURRENCES
COLUMN 17 PEAK WIND IN M.P.H.
PRELIMINARY LOCAL CLIMATOLOGICAL DATA (WS FORM: F-6) , PAGE 2
STATION: PUNTA GORDA
MONTH: APRIL
YEAR: 2023
LATITUDE: 26 55 N
LONGITUDE: 82 0 W
[TEMPERATURE DATA] [PRECIPITATION DATA] SYMBOLS USED IN COLUMN 16
AVERAGE MONTHLY: 76.6 TOTAL FOR MONTH: 6.07 1 = FOG OR MIST
DPTR FM NORMAL: 3.5 DPTR FM NORMAL: 3.84 2 = FOG REDUCING VISIBILITY
HIGHEST: 94 ON 5 GRTST 24HR 2.29 ON 9- 9 TO 1/4 MILE OR LESS
LOWEST: 56 ON 18 3 = THUNDER
SNOW, ICE PELLETS, HAIL 4 = ICE PELLETS
TOTAL MONTH: 0.0 INCH 5 = HAIL
GRTST 24HR 0.0 6 = FREEZING RAIN OR DRIZZLE
GRTST DEPTH: 0 7 = DUSTSTORM OR SANDSTORM:
VSBY 1/2 MILE OR LESS
8 = SMOKE OR HAZE
[NO. OF DAYS WITH] [WEATHER - DAYS WITH] 9 = BLOWING SNOW
X = TORNADO
MAX 32 OR BELOW: 0 0.01 INCH OR MORE: 9
MAX 90 OR ABOVE: 8 0.10 INCH OR MORE: 8
MIN 32 OR BELOW: 0 0.50 INCH OR MORE: 5
MIN 0 OR BELOW: 0 1.00 INCH OR MORE: 2
[HDD (BASE 65) ]
TOTAL THIS MO. 0 CLEAR (SCALE 0-3) 17
DPTR FM NORMAL -5 PTCLDY (SCALE 4-7) 12
TOTAL FM JUL 1 176 CLOUDY (SCALE 8-10) 1
DPTR FM NORMAL -173
[CDD (BASE 65) ]
TOTAL THIS MO. 353
DPTR FM NORMAL 103 [PRESSURE DATA]
TOTAL FM JAN 1 890 HIGHEST SLP 30.19 ON 6
DPTR FM NORMAL 341 LOWEST SLP 29.62 ON 30
[REMARKS]
#FINAL-04-23#