000
CXUS51 KPBZ 010830
CF6PHD
PRELIMINARY LOCAL CLIMATOLOGICAL DATA (WS FORM: F-6)
STATION: NEW PHILADELPHIA OH
MONTH: JANUARY
YEAR: 2024
LATITUDE: 40 28 N
LONGITUDE: 81 25 W
TEMPERATURE IN F: :PCPN: SNOW: WIND :SUNSHINE: SKY :PK WND
================================================================================
1 2 3 4 5 6A 6B 7 8 9 10 11 12 13 14 15 16 17 18
12Z AVG MX 2MIN
DY MAX MIN AVG DEP HDD CDD WTR SNW DPTH SPD SPD DIR MIN PSBL S-S WX SPD DR
================================================================================
1 37 32 35 5 30 0 0.04 M M 5.1 16 330 M M 10 1 21 340
2 37 32 35 5 30 0 0.00 M M 6.5 15 220 M M 10 22 220
3 41 30 36 6 29 0 0.00 M M 5.7 15 310 M M 8 1 21 300
4 34 27 31 1 34 0 0.01 M M 7.1 17 330 M M 10 18 23 320
5 36 18 27 -3 38 0 0.00 M M 1.5 7 110 M M 1 1 10 150
6 35 27 31 2 34 0 0.07 M M 2.2 13 130 M M 8 1 19 140
7 36 33 35 6 30 0 0.05 M M 5.2 13 270 M M 10 1 19 260
8 39 30 35 6 30 0 0.00 M M 5.4 14 110 M M 6 18 19 180
9 50 34 42 13 23 0 1.14 M M 13.7 30 130 M M 9 1 55 210
10 41 34 38 9 27 0 0.01 M M 11.1 26 230 M M 10 18 45 240
11 41 28 35 6 30 0 0.00 M M 6.6 16 250 M M 8 33 230
12 47 25 36 7 29 0 0.26 M M 9.3 30 130 M M 5 1 45 130
13 47 24 36 7 29 0 0.02 M M 12.4 26 250 M M 10 1 46 240
14 28 9 19 -10 46 0 0.01 M M 10.2 23 270 M M 5 18 39 240
15 19 8 14 -15 51 0 0.00 M M 4.1 9 270 M M 4 14 300
16 17 9 13 -15 52 0 T M M 6.1 14 290 M M 6 8 20 280
17 22 6 14 -14 51 0 0.00 M M 6.6 17 230 M M 2 32 210
18 27 20 24 -4 41 0 T M M 4.2 14 190 M M 9 8 24 180
19 26 17 22 -6 43 0 0.12 M M 7.2 17 300 M M 10 18 27 280
20 18 12 15 -13 50 0 T M M 7.6 16 290 M M 10 18 26 310
21 24 6 15 -13 50 0 T M M 4.0 9 290 M M 7 18 14 290
22 39 5 22 -6 43 0 0.00 M M 4.6 12 200 M M 4 1 20 220
23 42 33 38 10 27 0 0.05 M M 2.7 9 140 M M 10 18 14 160
24 52 39 46 18 19 0 0.22 M M 3.9 8 130 M M 10 12 M M
25 59 48 54 26 11 0 0.45 M M 1.1 8 140 M M 10 12 10 140
26 63 45 54 25 11 0 0.07 M M 7.2 18 220 M M 10 1 35 260
27 46 42 44 15 21 0 0.30 M M 3.2 15 70 M M 10 1 25 70
28 47 35 41 12 24 0 0.65 M M 8.4 16 340 M M 10 1 28 80
29 36 34 35 6 30 0 T M M 7.0 18 330 M M 10 1 25 330
30 39 33 36 7 29 0 0.00 M M 5.4 14 120 M M 10 19 210
31 42 36 39 10 26 0 0.00 M M 3.6 12 270 M M 10 18 18 280
================================================================================
SM 1167 811 1018 0 3.47 M 188.9 M 252
================================================================================
AV 37.6 26.2 6.1 FASTST M M 8 MAX(MPH)
MISC ----> # 30 130 55 210
================================================================================
NOTES:
# LAST OF SEVERAL OCCURRENCES
COLUMN 17 PEAK WIND IN M.P.H.
PRELIMINARY LOCAL CLIMATOLOGICAL DATA (WS FORM: F-6) , PAGE 2
STATION: NEW PHILADELPHIA OH
MONTH: JANUARY
YEAR: 2024
LATITUDE: 40 28 N
LONGITUDE: 81 25 W
[TEMPERATURE DATA] [PRECIPITATION DATA] SYMBOLS USED IN COLUMN 16
AVERAGE MONTHLY: 31.9 TOTAL FOR MONTH: 3.47 1 = FOG OR MIST
DPTR FM NORMAL: 3.0 DPTR FM NORMAL: 0.85 2 = FOG REDUCING VISIBILITY
HIGHEST: 63 ON 26 GRTST 24HR 1.33 ON 27-28 TO 1/4 MILE OR LESS
LOWEST: 5 ON 22 3 = THUNDER
SNOW, ICE PELLETS, HAIL 4 = ICE PELLETS
TOTAL MONTH: M 5 = HAIL
GRTST 24HR M ON M 6 = FREEZING RAIN OR DRIZZLE
GRTST DEPTH: M ON M 7 = DUSTSTORM OR SANDSTORM:
VSBY 1/2 MILE OR LESS
8 = SMOKE OR HAZE
[NO. OF DAYS WITH] [WEATHER - DAYS WITH] 9 = BLOWING SNOW
X = TORNADO
MAX 32 OR BELOW: 8 0.01 INCH OR MORE: 16
MAX 90 OR ABOVE: 0 0.10 INCH OR MORE: 7
MIN 32 OR BELOW: 19 0.50 INCH OR MORE: 2
MIN 0 OR BELOW: 0 1.00 INCH OR MORE: 1
[HDD (BASE 65) ]
TOTAL THIS MO. 1018 CLEAR (SCALE 0-3) 2
DPTR FM NORMAL -101 PTCLDY (SCALE 4-7) 9
TOTAL FM JUL 1 2770 CLOUDY (SCALE 8-10) 20
DPTR FM NORMAL -457
[CDD (BASE 65) ]
TOTAL THIS MO. 0
DPTR FM NORMAL 0 [PRESSURE DATA]
TOTAL FM JAN 1 0 HIGHEST SLP M ON M
DPTR FM NORMAL 0 LOWEST SLP 28.98 ON 9
[REMARKS]
#FINAL-01-24#