000
CXUS51 KPHI 012230
CLMPHL
CLIMATE REPORT
NATIONAL WEATHER SERVICE MOUNT HOLLY NJ
530 PM EST FRI DEC 01 2023
...................................
...THE PHILADELPHIA PA CLIMATE SUMMARY FOR THE MONTH OF NOVEMBER 2023...
CLIMATE NORMAL PERIOD: 1991 TO 2020
CLIMATE RECORD PERIOD: 1872 TO 2023
WEATHER OBSERVED NORMAL DEPART LAST YEAR`S
VALUE DATE(S) VALUE FROM VALUE DATE(S)
NORMAL
................................................................
TEMPERATURE (F)
RECORD
HIGH 84 11/01/1950
LOW 8 11/30/1875
HIGHEST 72 73 -1 79
LOWEST 25 24 1 26
AVG. MAXIMUM 55.9 55.9 0.0 59.9
AVG. MINIMUM 37.6 38.8 -1.2 42.0
MEAN 46.8 47.4 -0.6 50.9
DAYS MAX >= 90 0 0.0 0.0 0
DAYS MAX <= 32 0 0.1 -0.1 0
DAYS MIN <= 32 5 5.4 -0.4 5
DAYS MIN <= 0 0 0.0 0.0 0
PRECIPITATION (INCHES)
RECORD
MAXIMUM 9.06 1972
MINIMUM 0.32 1976
TOTALS 2.75 2.91 -0.16 2.89
DAILY AVG. 0.09 0.10 -0.01 0.10
DAYS >= .01 5 8.6 -3.6 9
DAYS >= .10 3 5.6 -2.6 6
DAYS >= .50 3 2.2 0.8 1
DAYS >= 1.00 1 0.6 0.4 1
GREATEST
24 HR. TOTAL 1.81 11/21 TO 11/22 1.31
SNOWFALL (INCHES)
RECORDS
TOTAL 13.4 1898
24 HR TOTAL MM
TOTALS T 0.2 -0.2 0.0
SINCE 7/1 T 0.2 -0.2 MM
SNOWDEPTH AVG. 0 0
DAYS >= 1.0 0 0.1 -0.1 0
GREATEST
SNOW DEPTH 0 0 MM
24 HR TOTAL T 11/28 TO 11/28 MM
DEGREE DAYS
HEATING TOTAL 540 530 10 427
SINCE 7/1 709 796 -87 MM
COOLING TOTAL 0 1 -1 14
SINCE 1/1 1345 1359 -14 MM
................................................................
WIND (MPH)
AVERAGE WIND SPEED 7.9
HIGHEST WIND SPEED/DIRECTION 28/330 DATE 11/18
28/300 11/28
HIGHEST GUST SPEED/DIRECTION 35/330 DATE 11/18
SKY COVER
POSSIBLE SUNSHINE (PERCENT) MM
AVERAGE SKY COVER 0.47
NUMBER OF DAYS FAIR 10
NUMBER OF DAYS PC 16
NUMBER OF DAYS CLOUDY 4
AVERAGE RH (PERCENT) 60
WEATHER CONDITIONS. NUMBER OF DAYS WITH
THUNDERSTORM 0 MIXED PRECIP 0
HEAVY RAIN 1 RAIN 2
LIGHT RAIN 7 FREEZING RAIN 0
LT FREEZING RAIN 0 HEAVY SNOW 0
SNOW 0 LIGHT SNOW 1
SLEET 0 FOG 7
FOG W/VIS <= 1/4 MILE 0 HAZE 0
- INDICATES NEGATIVE NUMBERS.
R INDICATES RECORD WAS SET OR TIED.
MM INDICATES DATA IS MISSING.
T INDICATES TRACE AMOUNT.
$$