000
CXUS53 KILX 051451
CF6PIA
PRELIMINARY LOCAL CLIMATOLOGICAL DATA (WS FORM: F-6)
STATION: PEORIA IL
MONTH: JANUARY
YEAR: 2023
LATITUDE: 40 40 N
LONGITUDE: 89 41 W
TEMPERATURE IN F: :PCPN: SNOW: WIND :SUNSHINE: SKY :PK WND
================================================================================
1 2 3 4 5 6A 6B 7 8 9 10 11 12 13 14 15 16 17 18
12Z AVG MX 2MIN
DY MAX MIN AVG DEP HDD CDD WTR SNW DPTH SPD SPD DIR MIN PSBL S-S WX SPD DR
================================================================================
1 47 37 42 15 23 0 0.00 0.0 0 5.0 10 240 M M 7 12 15 190
2 49 41 45 18 20 0 0.19 0.0 0 8.4 15 70 M M 10 12 19 70
3 65 39 52 25 13 0 0.20 0.0 0 10.0 22 290 M M 6 12 31 280
4 41 35 38 12 27 0 T 0.0 0 11.4 20 240 M M 10 1 27 240
5 35 31 33 7 32 0 0.04 0.8 T 11.5 20 280 M M 10 1 27 270
6 36 25 31 5 34 0 0.00 0.0 T 5.8 15 290 M M 3 24 290
7 32 20 26 0 39 0 0.00 0.0 T 7.1 14 60 M M 8 18 60
8 34 22 28 2 37 0 0.00 0.0 0 3.5 10 330 M M 7 15 300
9 48 21 35 9 30 0 0.00 0.0 0 8.1 18 190 M M 0 1 24 190
10 51 30 41 15 24 0 0.00 0.0 0 3.9 10 180 M M 0 1 14 190
11 53 38 46 20 19 0 0.00 0.0 0 4.2 10 130 M M 5 16 350
12 42 29 36 11 29 0 T T 0 10.7 20 10 M M 9 1 32 30
13 32 28 30 5 35 0 0.03 0.5 T 8.0 15 310 M M 10 1 26 310
14 35 25 30 5 35 0 0.00 0.0 T 7.0 14 160 M M 5 19 190
15 47 30 39 14 26 0 0.00 0.0 0 15.9 24 170 M M 0 35 170
16 55 41 48 23 17 0 0.22 0.0 0 14.0 24 210 M M 8 1 34 210
17 45 36 41 16 24 0 0.00 0.0 0 11.1 20 270 M M 9 30 280
18 37 34 36 11 29 0 0.42 0.0 0 10.7 26 70 M M 10 1 34 70
19 41 33 37 12 28 0 0.09 0.0 0 12.2 25 280 M M 10 12 39 270
20 33 30 32 7 33 0 0.00 0.0 0 11.5 21 300 M M 10 33 300
21 38 29 34 9 31 0 T T 0 6.5 13 180 M M 9 1 16 180
22 36 29 33 8 32 0 0.10 1.2 T 4.1 12 340 M M 10 1 16 360
23 36 25 31 6 34 0 0.00 0.0 0 9.5 17 230 M M 7 22 240
24 37 31 34 9 31 0 0.01 T T 3.6 10 80 M M 10 1 14 70
25 34 26 30 5 35 0 0.34 5.3 3 7.6 16 280 M M 10 1 24 300
26 26 12 19 -6 46 0 0.02 0.4 4 11.0 20 280 M M 8 1 30 280
27 41 12 27 1 38 0 0.01 T 3 11.9 23 220 M M 5 1 32 210
28 35 24 30 4 35 0 0.04 0.4 1 7.9 20 60 M M 7 1 27 60
29 28 18 23 -3 42 0 T T 1 7.6 15 350 M M 10 24 20
30 18 6 12 -14 53 0 T T 1 8.0 16 350 M M 8 23 340
31 17 2 10 -16 55 0 0.00 0.0 1 3.0 9 280 M M 0 16 310
================================================================================
SM 1204 839 986 0 1.71 8.6 260.7 M 221
================================================================================
AV 38.8 27.1 8.4 FASTST M M 7 MAX(MPH)
MISC ----> 26 70 39 270
================================================================================
NOTES:
# LAST OF SEVERAL OCCURRENCES
COLUMN 17 PEAK WIND IN M.P.H.
PRELIMINARY LOCAL CLIMATOLOGICAL DATA (WS FORM: F-6) , PAGE 2
STATION: PEORIA IL
MONTH: JANUARY
YEAR: 2023
LATITUDE: 40 40 N
LONGITUDE: 89 41 W
[TEMPERATURE DATA] [PRECIPITATION DATA] SYMBOLS USED IN COLUMN 16
AVERAGE MONTHLY: 33.0 TOTAL FOR MONTH: 1.71 1 = FOG OR MIST
DPTR FM NORMAL: 7.4 DPTR FM NORMAL: -0.35 2 = FOG REDUCING VISIBILITY
HIGHEST: 65 ON 3 GRTST 24HR 0.42 ON 18-18 TO 1/4 MILE OR LESS
LOWEST: 2 ON 31 3 = THUNDER
SNOW, ICE PELLETS, HAIL 4 = ICE PELLETS
TOTAL MONTH: 8.6 INCHES 5 = HAIL
GRTST 24HR 5.3 ON 25-25 6 = FREEZING RAIN OR DRIZZLE
GRTST DEPTH: 4 ON 26 7 = DUSTSTORM OR SANDSTORM:
VSBY 1/2 MILE OR LESS
8 = SMOKE OR HAZE
[NO. OF DAYS WITH] [WEATHER - DAYS WITH] 9 = BLOWING SNOW
X = TORNADO
MAX 32 OR BELOW: 6 0.01 INCH OR MORE: 13
MAX 90 OR ABOVE: 0 0.10 INCH OR MORE: 6
MIN 32 OR BELOW: 22 0.50 INCH OR MORE: 0
MIN 0 OR BELOW: 0 1.00 INCH OR MORE: 0
[HDD (BASE 65) ]
TOTAL THIS MO. 986 CLEAR (SCALE 0-3) 5
DPTR FM NORMAL -235 PTCLDY (SCALE 4-7) 12
TOTAL FM JUL 1 3123 CLOUDY (SCALE 8-10) 14
DPTR FM NORMAL -257
[CDD (BASE 65) ]
TOTAL THIS MO. 0
DPTR FM NORMAL 0 [PRESSURE DATA]
TOTAL FM JAN 1 0 HIGHEST SLP 30.54 ON 31
DPTR FM NORMAL 0 LOWEST SLP 29.44 ON 16
[REMARKS]
#FINAL-01-23#