000
CXUS53 KILX 010900
CF6PIA
PRELIMINARY LOCAL CLIMATOLOGICAL DATA (WS FORM: F-6)
STATION: PEORIA IL
MONTH: SEPTEMBER
YEAR: 2023
LATITUDE: 40 40 N
LONGITUDE: 89 41 W
TEMPERATURE IN F: :PCPN: SNOW: WIND :SUNSHINE: SKY :PK WND
================================================================================
1 2 3 4 5 6A 6B 7 8 9 10 11 12 13 14 15 16 17 18
12Z AVG MX 2MIN
DY MAX MIN AVG DEP HDD CDD WTR SNW DPTH SPD SPD DIR MIN PSBL S-S WX SPD DR
================================================================================
1 83 55 69 -3 0 4 0.00 0.0 0 3.9 10 170 M M 0 15 200
2 87 59 73 1 0 8 0.00 0.0 0 5.3 14 190 M M 0 19 200
3 90 65 78 6 0 13 0.00 0.0 0 7.9 16 220 M M 1 1 20 210
4 92 71 82 11 0 17 0.00 0.0 0 8.3 15 170 M M 1 21 160
5 86 73 80 9 0 15 T 0.0 0 12.6 21 180 M M 2 3 28 180
6 78 67 73 2 0 8 0.00 0.0 0 10.5 18 270 M M 9 8 27 250
7 73 65 69 -1 0 4 0.00 0.0 0 6.1 10 320 M M 10 17 300
8 75 61 68 -2 0 3 0.00 0.0 0 5.5 15 70 M M 8 23 70
9 79 58 69 -1 0 4 0.00 0.0 0 3.4 13 50 M M 1 1 18 60
10 84 56 70 0 0 5 0.00 0.0 0 2.4 10 290 M M 2 17 300
11 71 61 66 -3 0 1 0.01 0.0 0 4.0 12 330 M M 8 1 20 340
12 75 55 65 -4 0 0 0.00 0.0 0 4.6 16 360 M M 5 1 25 350
13 76 53 65 -3 0 0 0.02 0.0 0 3.2 12 360 M M 1 18 10
14 77 51 64 -4 1 0 0.00 0.0 0 3.5 10 10 M M 0 14 50
15 81 50 66 -2 0 1 0.00 0.0 0 2.0 9 80 M M 0 12 80
16 72 57 65 -2 0 0 0.08 0.0 0 4.0 14 20 M M 8 3 25 360
17 74 54 64 -3 1 0 0.01 0.0 0 4.4 12 30 M M 6 12 21 40
18 77 50 64 -3 1 0 0.00 0.0 0 2.6 9 190 M M 2 12 13 230
19 85 58 72 6 0 7 0.00 0.0 0 10.4 21 190 M M 2 30 180
20 80 62 71 5 0 6 T 0.0 0 5.4 12 170 M M 1 17 200
21 74 64 69 3 0 4 1.07 0.0 0 5.6 13 130 M M 9 1 18 130
22 76 66 71 6 0 6 0.74 0.0 0 6.0 15 110 M M 6 13 23 100
23 85 64 75 10 0 10 0.00 0.0 0 7.0 17 120 M M 1 1 26 110
24 84 61 73 9 0 8 0.10 0.0 0 7.8 15 150 M M 2 13 25 110
25 84 63 74 10 0 9 0.02 0.0 0 3.7 9 210 M M 3 13 14 200
26 81 62 72 9 0 7 T 0.0 0 2.3 13 180 M M 5 3 16 170
27 77 60 69 6 0 4 0.00 0.0 0 4.9 12 70 M M 5 1 16 110
28 76 59 68 6 0 3 0.00 0.0 0 4.5 10 80 M M 7 1 13 60
29 83 58 71 9 0 6 0.00 0.0 0 5.5 10 150 M M 3 14 160
30 88 63 76 14 0 11 0.00 0.0 0 4.7 12 150 M M 0 16 170
================================================================================
SM 2403 1801 3 164 2.05 0.0 162.0 M 108
================================================================================
AV 80.1 60.0 5.4 FASTST M M 4 MAX(MPH)
MISC ----> # 21 180 30 180
================================================================================
NOTES:
# LAST OF SEVERAL OCCURRENCES
COLUMN 17 PEAK WIND IN M.P.H.
PRELIMINARY LOCAL CLIMATOLOGICAL DATA (WS FORM: F-6) , PAGE 2
STATION: PEORIA IL
MONTH: SEPTEMBER
YEAR: 2023
LATITUDE: 40 40 N
LONGITUDE: 89 41 W
[TEMPERATURE DATA] [PRECIPITATION DATA] SYMBOLS USED IN COLUMN 16
AVERAGE MONTHLY: 70.1 TOTAL FOR MONTH: 2.05 1 = FOG OR MIST
DPTR FM NORMAL: 2.7 DPTR FM NORMAL: -1.43 2 = FOG REDUCING VISIBILITY
HIGHEST: 92 ON 4 GRTST 24HR 1.41 ON 21-22 TO 1/4 MILE OR LESS
LOWEST: 50 ON 18,15 3 = THUNDER
SNOW, ICE PELLETS, HAIL 4 = ICE PELLETS
TOTAL MONTH: 0.0 INCH 5 = HAIL
GRTST 24HR 0.0 6 = FREEZING RAIN OR DRIZZLE
GRTST DEPTH: 0 7 = DUSTSTORM OR SANDSTORM:
VSBY 1/2 MILE OR LESS
8 = SMOKE OR HAZE
[NO. OF DAYS WITH] [WEATHER - DAYS WITH] 9 = BLOWING SNOW
X = TORNADO
MAX 32 OR BELOW: 0 0.01 INCH OR MORE: 8
MAX 90 OR ABOVE: 2 0.10 INCH OR MORE: 3
MIN 32 OR BELOW: 0 0.50 INCH OR MORE: 2
MIN 0 OR BELOW: 0 1.00 INCH OR MORE: 1
[HDD (BASE 65) ]
TOTAL THIS MO. 3 CLEAR (SCALE 0-3) 17
DPTR FM NORMAL -63 PTCLDY (SCALE 4-7) 9
TOTAL FM JUL 1 3 CLOUDY (SCALE 8-10) 4
DPTR FM NORMAL -65
[CDD (BASE 65) ]
TOTAL THIS MO. 164
DPTR FM NORMAL 27 [PRESSURE DATA]
TOTAL FM JAN 1 1200 HIGHEST SLP 30.21 ON 14
DPTR FM NORMAL 66 LOWEST SLP 29.75 ON 6
[REMARKS]
#FINAL-09-23#