000
CXUS55 KPIH 012341
CF6PIH
PRELIMINARY LOCAL CLIMATOLOGICAL DATA (WS FORM: F-6)
STATION: POCATELLO
MONTH: MAY
YEAR: 2023
LATITUDE: 42 55 N
LONGITUDE: 112 36 W
TEMPERATURE IN F: :PCPN: SNOW: WIND :SUNSHINE: SKY :PK WND
================================================================================
1 2 3 4 5 6A 6B 7 8 9 10 11 12 13 14 15 16 17 18
12Z AVG MX 2MIN
DY MAX MIN AVG DEP HDD CDD WTR SNW DPTH SPD SPD DIR MIN PSBL S-S WX SPD DR
================================================================================
1 84 41 63 13 2 0 0.00 0.0 0 9.5 28 180 M M 0 35 190
2 77 45 61 11 4 0 0.00 0.0 0 8.2 22 200 M M 0 8 27 200
3 79 36 58 8 7 0 0.00 0.0 0 6.2 25 190 M M 0 35 200
4 72 47 60 10 5 0 0.03 0.0 0 10.0 36 170 M M 6 378 45 160
5 63 38 51 0 14 0 T 0.0 0 12.0 28 190 M M 6 36 200
6 61 32 47 -4 18 0 0.27 0.0 0 9.6 33 200 M M 8 1 42 200
7 56 40 48 -4 17 0 0.28 0.0 0 10.9 24 190 M M 7 32 200
8 62 31 47 -5 18 0 0.11 0.0 0 5.1 21 260 M M 3 138 27 270
9 59 33 46 -6 19 0 T 0.0 0 8.1 22 230 M M 3 1 28 230
10 60 37 49 -3 16 0 0.00 0.0 0 5.1 16 30 M M 5 20 30
11 68 36 52 -1 13 0 0.00 0.0 0 6.1 18 320 M M 2 23 330
12 72 39 56 3 9 0 0.00 0.0 0 8.1 22 30 M M 2 31 20
13 70 40 55 1 10 0 0.02 0.0 0 8.5 29 130 M M 5 3 39 120
14 73 45 59 5 6 0 T 0.0 0 8.9 23 120 M M 4 29 100
15 77 49 63 9 2 0 0.38 0.0 0 7.7 30 240 M M 5 3 39 240
16 78 44 61 7 4 0 0.00 0.0 0 8.6 23 250 M M 1 32 270
17 75 45 60 5 5 0 0.01 0.0 0 7.1 24 260 M M 5 3 31 260
18 77 46 62 7 3 0 0.00 0.0 0 4.0 13 330 M M 4 8 17 330
19 79 41 60 5 5 0 0.00 0.0 0 5.5 15 310 M M 0 18 20 310
20 84 44 64 8 1 0 0.00 0.0 0 4.2 14 330 M M 0 18 17 360
21 85 44 65 9 0 0 0.00 0.0 0 5.1 20 190 M M 0 26 180
22 80 55 68 12 0 3 0.00 0.0 0 13.3 26 230 M M 2 37 220
23 M 48 M M M M 0.46 0.0 0 6.9 49 250 M M 5 13 60 250
24 70 51 61 4 4 0 0.12 0.0 0 5.0 29 250 M M 7 13 37 250
25 72 45 59 2 6 0 0.11 0.0 0 6.2 31 320 M M 5 123 43 260
26 70 46 58 1 7 0 0.02 0.0 0 6.8 28 260 M M 5 3 36 260
27 68 44 56 -1 9 0 T 0.0 0 8.9 28 250 M M 4 35 250
28 73 50 62 4 3 0 0.00 0.0 0 8.3 18 240 M M 5 26 250
29 75 46 61 3 4 0 0.00 0.0 0 8.3 30 230 M M 2 3 40 240
30 78 47 63 5 2 0 0.21 0.0 0 6.0 37 210 M M 3 35 54 200
31 79 46 63 5 2 0 0.00 0.0 0 5.5 28 280 M M 1 36 280
================================================================================
SM 2176 1331 215 3 2.02 0.0 233.7 M 105
================================================================================
AV 72.5 42.9 7.5 FASTST M M 3 MAX(MPH)
MISC ----> 49 250 60 250
================================================================================
NOTES:
# LAST OF SEVERAL OCCURRENCES
COLUMN 17 PEAK WIND IN M.P.H.
23: ASOS MALFUNCTION. TEMPERATURE DATA MISSING.
PRELIMINARY LOCAL CLIMATOLOGICAL DATA (WS FORM: F-6) , PAGE 2
STATION: POCATELLO
MONTH: MAY
YEAR: 2023
LATITUDE: 42 55 N
LONGITUDE: 112 36 W
[TEMPERATURE DATA] [PRECIPITATION DATA] SYMBOLS USED IN COLUMN 16
AVERAGE MONTHLY: 57.7 TOTAL FOR MONTH: 2.02 1 = FOG OR MIST
DPTR FM NORMAL: 3.5 DPTR FM NORMAL: 0.62 2 = FOG REDUCING VISIBILITY
HIGHEST: 85 ON 21 GRTST 24HR 0.55 ON 6- 7 TO 1/4 MILE OR LESS
LOWEST: 31 ON 8 3 = THUNDER
SNOW, ICE PELLETS, HAIL 4 = ICE PELLETS
TOTAL MONTH: 0.0 INCH 5 = HAIL
GRTST 24HR 0.0 6 = FREEZING RAIN OR DRIZZLE
GRTST DEPTH: 0 7 = DUSTSTORM OR SANDSTORM:
VSBY 1/2 MILE OR LESS
8 = SMOKE OR HAZE
[NO. OF DAYS WITH] [WEATHER - DAYS WITH] 9 = BLOWING SNOW
X = TORNADO
MAX 32 OR BELOW: 0 0.01 INCH OR MORE: 12
MAX 90 OR ABOVE: 0 0.10 INCH OR MORE: 8
MIN 32 OR BELOW: 2 0.50 INCH OR MORE: 0
MIN 0 OR BELOW: 0 1.00 INCH OR MORE: 0
[HDD (BASE 65) ]
TOTAL THIS MO. 215 CLEAR (SCALE 0-3) 15
DPTR FM NORMAL -125 PTCLDY (SCALE 4-7) 16
TOTAL FM JUL 1 7344 CLOUDY (SCALE 8-10) 0
DPTR FM NORMAL 516
[CDD (BASE 65) ]
TOTAL THIS MO. 3
DPTR FM NORMAL -2 [PRESSURE DATA]
TOTAL FM JAN 1 3 HIGHEST SLP 30.27 ON 15
DPTR FM NORMAL -2 LOWEST SLP 29.49 ON 2
[REMARKS]
23RD: RAINFALL OF 0.46 BREAKS PREVIOUS RECORD OF 0.44 SET IN 1980.
#FINAL-05-23#