000
CXUS54 KBRO 010900
CF6PIL
PRELIMINARY LOCAL CLIMATOLOGICAL DATA (WS FORM: F-6)
STATION: BAYVIEW
MONTH: JANUARY
YEAR: 2024
LATITUDE: 26 10 N
LONGITUDE: 97 20 W
TEMPERATURE IN F: :PCPN: SNOW: WIND :SUNSHINE: SKY :PK WND
================================================================================
1 2 3 4 5 6A 6B 7 8 9 10 11 12 13 14 15 16 17 18
12Z AVG MX 2MIN
DY MAX MIN AVG DEP HDD CDD WTR SNW DPTH SPD SPD DIR MIN PSBL S-S WX SPD DR
================================================================================
1 78 61 70 9 0 5 0.00 0.0 0 5.9 14 10 M M 4 1 17 360
2 75 63 69 8 0 4 T 0.0 0 8.1 22 130 M M 6 1 29 120
3 67 48 58 -3 7 0 T 0.0 0 14.0 23 330 M M 5 1 30 10
4 71 45 58 -2 7 0 T 0.0 0 8.1 16 140 M M 4 21 140
5 71 51 61 1 4 0 0.56 0.0 0 9.9 21 340 M M 6 1 27 270
6 71 47 59 -1 6 0 0.00 0.0 0 4.5 12 30 M M 1 15 30
7 73 55 64 4 1 0 0.00 0.0 0 9.8 24 150 M M 2 35 150
8 81 65 73 13 0 8 0.00 0.0 0 24.2 39 180 M M 3 18 67 170
9 67 45 56 -4 9 0 T 0.0 0 15.7 32 330 M M 2 45 330
10 74 45 60 0 5 0 0.00 0.0 0 9.5 23 160 M M 3 35 180
11 79 56 68 8 0 3 0.00 0.0 0 13.0 26 180 M M 7 128 36 170
12 73 49 61 1 4 0 T 0.0 0 14.0 35 340 M M 3 18 45 340
13 70 47 59 -2 6 0 0.00 0.0 0 9.6 18 150 M M 0 24 140
14 76 52 64 3 1 0 0.00 0.0 0 9.2 21 110 M M M 1 26 120
15 68 31 50 -11 15 0 0.03 0.0 0 18.6 29 330 M M 10 1 37 330
16 38 27 33 -28 32 0 T 0.0 0 18.6 31 330 M M 9 40 330
17 52 33 43 -18 22 0 0.00 0.0 0 8.8 15 320 M M 9 18 320
18 74 50 62 1 3 0 0.00 0.0 0 4.2 14 200 M M 6 128 20 210
19 63 51 57 -4 8 0 T 0.0 0 13.7 29 10 M M 8 1 39 20
20 51 42 47 -14 18 0 0.08 0.0 0 15.8 23 340 M M 10 1 31 360
21 56 47 52 -9 13 0 0.39 0.0 0 5.9 12 270 M M 10 1 16 270
22 73 48 61 0 4 0 0.18 0.0 0 9.3 22 170 M M 7 13 30 170
23 77 65 71 10 0 6 0.01 0.0 0 10.4 21 150 M M 9 1 28 140
24 74 64 69 7 0 4 0.18 0.0 0 9.2 28 170 M M 9 123 35 160
25 72 60 66 4 0 1 0.01 0.0 0 9.2 21 350 M M 4 1 31 360
26 77 63 70 8 0 5 0.01 0.0 0 7.1 18 360 M M 6 1 23 350
27 74 54 64 2 1 0 T 0.0 0 13.6 26 330 M M 5 1 35 330
28 69 46 58 -4 7 0 0.00 0.0 0 8.7 18 20 M M 0 24 40
29 69 43 56 -6 9 0 0.00 0.0 0 6.0 13 60 M M 0 17 50
30 69 49 59 -3 6 0 0.00 0.0 0 4.6 13 80 M M 0 18 60
31 73 51 62 0 3 0 0.00 0.0 0 6.7 16 90 M M 0 12 20 90
================================================================================
SM 2155 1553 191 36 1.45 0.0 325.9 M 148
================================================================================
AV 69.5 50.1 10.5 FASTST M M 5 MAX(MPH)
MISC ----> 39 180 67 170
================================================================================
NOTES:
# LAST OF SEVERAL OCCURRENCES
COLUMN 17 PEAK WIND IN M.P.H.
PRELIMINARY LOCAL CLIMATOLOGICAL DATA (WS FORM: F-6) , PAGE 2
STATION: BAYVIEW
MONTH: JANUARY
YEAR: 2024
LATITUDE: 26 10 N
LONGITUDE: 97 20 W
[TEMPERATURE DATA] [PRECIPITATION DATA] SYMBOLS USED IN COLUMN 16
AVERAGE MONTHLY: 59.8 TOTAL FOR MONTH: 1.45 1 = FOG OR MIST
DPTR FM NORMAL: -1.3 DPTR FM NORMAL: 0.49 2 = FOG REDUCING VISIBILITY
HIGHEST: 81 ON 8 GRTST 24HR 0.70 ON 4- 5 TO 1/4 MILE OR LESS
LOWEST: 27 ON 16 3 = THUNDER
SNOW, ICE PELLETS, HAIL 4 = ICE PELLETS
TOTAL MONTH: 0.0 INCH 5 = HAIL
GRTST 24HR 0.0 6 = FREEZING RAIN OR DRIZZLE
GRTST DEPTH: 0 7 = DUSTSTORM OR SANDSTORM:
VSBY 1/2 MILE OR LESS
8 = SMOKE OR HAZE
[NO. OF DAYS WITH] [WEATHER - DAYS WITH] 9 = BLOWING SNOW
X = TORNADO
MAX 32 OR BELOW: 0 0.01 INCH OR MORE: 9
MAX 90 OR ABOVE: 0 0.10 INCH OR MORE: 4
MIN 32 OR BELOW: 2 0.50 INCH OR MORE: 1
MIN 0 OR BELOW: 0 1.00 INCH OR MORE: 0
[HDD (BASE 65) ]
TOTAL THIS MO. 191 CLEAR (SCALE 0-3) 10
DPTR FM NORMAL 14 PTCLDY (SCALE 4-7) 13
TOTAL FM JUL 1 309 CLOUDY (SCALE 8-10) 8
DPTR FM NORMAL -68
[CDD (BASE 65) ]
TOTAL THIS MO. 36
DPTR FM NORMAL -19 [PRESSURE DATA]
TOTAL FM JAN 1 36 HIGHEST SLP 30.48 ON 16
DPTR FM NORMAL -19 LOWEST SLP 29.46 ON 8
[REMARKS]
#FINAL-01-24#