726
CXUS55 KABR 011100
CF6PIR
PRELIMINARY LOCAL CLIMATOLOGICAL DATA (WS FORM: F-6)
STATION: PIERRE SD
MONTH: MARCH
YEAR: 2021
LATITUDE: 44 22 N
LONGITUDE: 100 17 W
TEMPERATURE IN F: :PCPN: SNOW: WIND :SUNSHINE: SKY :PK WND
================================================================================
1 2 3 4 5 6A 6B 7 8 9 10 11 12 13 14 15 16 17 18
12Z AVG MX 2MIN
DY MAX MIN AVG DEP HDD CDD WTR SNW DPTH SPD SPD DIR MIN PSBL S-S WX SPD DR
================================================================================
1 32 10 21 -8 44 0 0.00 0.0 3 10.4 20 270 M M 2 28 250
2 62 20 41 12 24 0 0.00 0.0 3 8.9 22 300 M M 0 28 300
3 66 23 45 15 20 0 0.00 0.0 0 2.2 8 140 M M 0 10 250
4 66 24 45 15 20 0 0.00 0.0 0 4.6 14 140 M M 0 19 110
5 62 26 44 14 21 0 0.00 0.0 0 5.4 14 110 M M 3 128 19 120
6 65 32 49 18 16 0 0.00 0.0 0 13.9 25 130 M M 0 18 34 120
7 67 35 51 20 14 0 0.00 0.0 0 11.9 20 310 M M 0 27 310
8 68 28 48 17 17 0 0.00 0.0 0 14.3 28 120 M M 0 35 120
9 61 38 50 18 15 0 0.00 0.0 0 13.0 25 320 M M 1 35 310
10 39 29 34 2 31 0 0.53 6.0 0 16.1 26 340 M M 10 12 35 350
11 38 21 30 -2 35 0 0.00 0.0 6 7.2 15 270 M M 2 19 300
12 50 18 34 1 31 0 0.00 0.0 3 6.2 14 150 M M 4 20 140
13 50 26 38 5 27 0 0.00 0.0 1 5.3 17 190 M M 2 26 220
14 43 32 38 4 27 0 0.40 1.0 T 21.3 33 70 M M 5 12 44 70
15 33 30 32 -2 33 0 0.18 0.8 2 11.5 26 90 M M 10 12 34 80
16 36 31 34 0 31 0 0.03 T 1 3.1 9 320 M M 10 12 11 330
17 39 29 34 -1 31 0 T 0.0 T 8.5 18 330 M M 10 18 22 330
18 43 29 36 1 29 0 0.00 0.0 0 6.9 17 170 M M 7 21 180
19 59 28 44 8 21 0 0.00 0.0 0 17.8 31 170 M M 0 40 170
20 72 39 56 20 9 0 0.00 0.0 0 15.8 28 160 M M 0 36 150
21 59 33 46 10 19 0 0.00 0.0 0 15.0 33 320 M M 4 39 320
22 60 23 42 5 23 0 0.00 0.0 0 8.8 22 130 M M 0 27 130
23 53 29 41 4 24 0 0.00 0.0 0 9.8 24 30 M M 3 30 360
24 50 32 41 3 24 0 0.00 0.0 0 14.5 30 350 M M 4 40 350
25 61 32 47 9 18 0 0.00 0.0 0 19.3 31 140 M M 1 41 160
26 55 31 43 5 22 0 0.04 0.0 0 10.6 22 340 M M 5 29 130
27 47 26 37 -2 28 0 0.06 0.0 0 10.6 36 330 M M 8 46 330
28 71 19 45 6 20 0 0.00 0.0 0 8.1 25 160 M M 0 1 33 170
29 81 35 58 18 7 0 0.00 0.0 0 23.0 45 320 M M 1 8 66 320
30 44 17 31 -9 34 0 0.00 0.0 0 25.1 41 320 M M 1 53 300
31 47 16 32 -8 33 0 0.00 0.0 0 10.2 20 330 M M 1 34 360
================================================================================
SM 1679 841 748 0 1.24 7.8 359.3 M 94
================================================================================
AV 54.2 27.1 11.6 FASTST M M 3 MAX(MPH)
MISC ----> 45 320 66 320
================================================================================
NOTES:
# LAST OF SEVERAL OCCURRENCES
COLUMN 17 PEAK WIND IN M.P.H.
PRELIMINARY LOCAL CLIMATOLOGICAL DATA (WS FORM: F-6) , PAGE 2
STATION: PIERRE SD
MONTH: MARCH
YEAR: 2021
LATITUDE: 44 22 N
LONGITUDE: 100 17 W
[TEMPERATURE DATA] [PRECIPITATION DATA] SYMBOLS USED IN COLUMN 16
AVERAGE MONTHLY: 40.6 TOTAL FOR MONTH: 1.24 1 = FOG OR MIST
DPTR FM NORMAL: 6.2 DPTR FM NORMAL: 0.01 2 = FOG REDUCING VISIBILITY
HIGHEST: 81 ON 29 GRTST 24HR 0.53 ON 10-10 TO 1/4 MILE OR LESS
LOWEST: 10 ON 1 3 = THUNDER
SNOW, ICE PELLETS, HAIL 4 = ICE PELLETS
TOTAL MONTH: 9.8 INCHES 5 = HAIL
GRTST 24HR 6.0 ON 10-10 6 = FREEZING RAIN OR DRIZZLE
GRTST DEPTH: 6 ON 11 7 = DUSTSTORM OR SANDSTORM:
VSBY 1/2 MILE OR LESS
8 = SMOKE OR HAZE
[NO. OF DAYS WITH] [WEATHER - DAYS WITH] 9 = BLOWING SNOW
X = TORNADO
MAX 32 OR BELOW: 1 0.01 INCH OR MORE: 6
MAX 90 OR ABOVE: 0 0.10 INCH OR MORE: 3
MIN 32 OR BELOW: 26 0.50 INCH OR MORE: 1
MIN 0 OR BELOW: 0 1.00 INCH OR MORE: 0
[HDD (BASE 65) ]
TOTAL THIS MO. 748 CLEAR (SCALE 0-3) 19
DPTR FM NORMAL -199 PTCLDY (SCALE 4-7) 8
TOTAL FM JUL 1 5885 CLOUDY (SCALE 8-10) 4
DPTR FM NORMAL -560
[CDD (BASE 65) ]
TOTAL THIS MO. 0
DPTR FM NORMAL 0 [PRESSURE DATA]
TOTAL FM JAN 1 0 HIGHEST SLP 30.50 ON 31
DPTR FM NORMAL 0 LOWEST SLP 29.16 ON 29
[REMARKS]
#FINAL-03-21#