000
CXUS54 KOUN 010810
CF6PNC
PRELIMINARY LOCAL CLIMATOLOGICAL DATA (WS FORM: F-6)
STATION: PONCA CITY
MONTH: MARCH
YEAR: 2023
LATITUDE: 36 44 N
LONGITUDE: 97 6 W
TEMPERATURE IN F: :PCPN: SNOW: WIND :SUNSHINE: SKY :PK WND
================================================================================
1 2 3 4 5 6A 6B 7 8 9 10 11 12 13 14 15 16 17 18
12Z AVG MX 2MIN
DY MAX MIN AVG DEP HDD CDD WTR SNW DPTH SPD SPD DIR MIN PSBL S-S WX SPD DR
================================================================================
1 62 34 48 4 17 0 0.00 M M 10.9 26 360 M M 0 33 360
2 53 35 44 -1 21 0 0.00 M M 14.9 24 30 M M 5 29 60
3 61 37 49 4 16 0 0.02 M M 9.8 23 350 M M 4 1 33 320
4 67 35 51 6 14 0 0.00 M M 9.0 17 360 M M 2 21 60
5 79 44 62 16 3 0 0.00 M M 13.7 24 210 M M 0 34 210
6 72 46 59 13 6 0 0.00 M M 12.6 20 40 M M 0 27 40
7 50 40 45 -1 20 0 0.00 M M 12.0 21 60 M M 7 26 60
8 52 44 48 1 17 0 0.00 M M 9.1 15 360 M M 10 17 340
9 61 37 49 2 16 0 T M M 9.3 21 360 M M 7 1 24 350
10 55 28 42 -6 23 0 0.00 M M 8.0 20 110 M M 2 24 100
11 71 42 57 9 8 0 T M M 15.2 23 350 M M 8 31 350
12 52 31 42 -6 23 0 0.00 M M 10.3 20 360 M M 4 24 350
13 47 28 38 -11 27 0 0.00 M M 6.9 17 10 M M 6 20 360
14 57 29 43 -6 22 0 0.00 M M 9.5 18 170 M M 3 25 160
15 67 44 56 7 9 0 0.00 M M 18.2 31 150 M M 1 38 170
16 70 36 53 3 12 0 0.01 M M 18.8 31 350 M M 7 13 43 210
17 53 27 40 -10 25 0 0.00 M M 8.8 21 360 M M 1 27 360
18 43 21 32 -18 33 0 0.00 M M 12.2 25 350 M M 0 33 350
19 50 13 32 -19 33 0 0.00 M M 6.2 20 160 M M 0 24 140
20 61 36 49 -2 16 0 T 0.0 0 16.9 29 200 M M 2 40 160
21 66 45 56 5 9 0 0.01 0.0 0 18.3 33 160 M M 5 1 42 170
22 80 60 70 18 0 5 0.00 0.0 0 12.0 21 210 M M 0 29 220
23 71 47 59 7 6 0 0.00 M M 13.1 22 360 M M 5 27 350
24 52 40 46 -6 19 0 0.00 M M 8.7 22 60 M M 10 1 27 60
25 66 30 48 -4 17 0 T M M 5.9 25 300 M M 4 128 36 320
26 56 30 43 -10 22 0 0.00 M M 9.5 20 10 M M 1 25 10
27 60 26 43 -10 22 0 0.00 0.0 M 8.2 23 350 M M 1 30 350
28 56 36 46 -7 19 0 0.00 0.0 M 8.0 22 10 M M 2 27 30
29 69 31 50 -4 15 0 0.00 0.0 M 10.6 20 160 M M 0 27 160
30 68 53 61 7 4 0 T M M 17.1 28 160 M M 7 1 36 160
31 78 56 67 13 0 2 0.00 M M 15.8 35 250 M M 5 8 51 240
================================================================================
SM 1905 1141 494 7 0.04 0.0 359.5 M 109
================================================================================
AV 61.5 36.8 11.6 FASTST M M 4 MAX(MPH)
MISC ----> 35 250 51 240
================================================================================
NOTES:
# LAST OF SEVERAL OCCURRENCES
COLUMN 17 PEAK WIND IN M.P.H.
PRELIMINARY LOCAL CLIMATOLOGICAL DATA (WS FORM: F-6) , PAGE 2
STATION: PONCA CITY
MONTH: MARCH
YEAR: 2023
LATITUDE: 36 44 N
LONGITUDE: 97 6 W
[TEMPERATURE DATA] [PRECIPITATION DATA] SYMBOLS USED IN COLUMN 16
AVERAGE MONTHLY: 49.1 TOTAL FOR MONTH: 0.04 1 = FOG OR MIST
DPTR FM NORMAL: -0.4 DPTR FM NORMAL: -2.13 2 = FOG REDUCING VISIBILITY
HIGHEST: 80 ON 22 GRTST 24HR 0.02 ON 3- 3 TO 1/4 MILE OR LESS
LOWEST: 13 ON 19 3 = THUNDER
SNOW, ICE PELLETS, HAIL 4 = ICE PELLETS
TOTAL MONTH: 0.0 INCH 5 = HAIL
GRTST 24HR 0.0 6 = FREEZING RAIN OR DRIZZLE
GRTST DEPTH: 0 7 = DUSTSTORM OR SANDSTORM:
VSBY 1/2 MILE OR LESS
8 = SMOKE OR HAZE
[NO. OF DAYS WITH] [WEATHER - DAYS WITH] 9 = BLOWING SNOW
X = TORNADO
MAX 32 OR BELOW: 0 0.01 INCH OR MORE: 3
MAX 90 OR ABOVE: 0 0.10 INCH OR MORE: 0
MIN 32 OR BELOW: 11 0.50 INCH OR MORE: 0
MIN 0 OR BELOW: 0 1.00 INCH OR MORE: 0
[HDD (BASE 65) ]
TOTAL THIS MO. 494 CLEAR (SCALE 0-3) 16
DPTR FM NORMAL 4 PTCLDY (SCALE 4-7) 13
TOTAL FM JUL 1 3438 CLOUDY (SCALE 8-10) 2
DPTR FM NORMAL -221
[CDD (BASE 65) ]
TOTAL THIS MO. 7
DPTR FM NORMAL -2 [PRESSURE DATA]
TOTAL FM JAN 1 7 HIGHEST SLP M ON M
DPTR FM NORMAL -3 LOWEST SLP 29.49 ON 3
[REMARKS]
#FINAL-03-23#