000
CXUS54 KOUN 010910
CF6PNC
PRELIMINARY LOCAL CLIMATOLOGICAL DATA (WS FORM: F-6)
STATION: PONCA CITY
MONTH: NOVEMBER
YEAR: 2023
LATITUDE: 36 44 N
LONGITUDE: 97 6 W
TEMPERATURE IN F: :PCPN: SNOW: WIND :SUNSHINE: SKY :PK WND
================================================================================
1 2 3 4 5 6A 6B 7 8 9 10 11 12 13 14 15 16 17 18
12Z AVG MX 2MIN
DY MAX MIN AVG DEP HDD CDD WTR SNW DPTH SPD SPD DIR MIN PSBL S-S WX SPD DR
================================================================================
1 57 23 40 -14 25 0 0.00 M M 6.8 16 210 M M 0 26 210
2 68 39 54 0 11 0 0.00 M M 10.1 17 180 M M 0 33 190
3 74 46 60 7 5 0 0.00 M M 8.5 18 210 M M 0 28 200
4 71 45 58 5 7 0 0.00 M M 6.9 14 80 M M 1 19 80
5 78 47 63 11 2 0 0.00 M M 6.1 14 210 M M 1 22 150
6 79 51 65 13 0 0 0.00 M M 5.0 13 160 M M 0 1 17 170
7 86 48 67 15 0 2 0.00 M M 7.3 17 170 M M 1 1 27 190
8 70 54 62 11 3 0 0.00 M M 9.2 21 360 M M 2 30 360
9 59 41 50 -1 15 0 0.00 M M 11.1 21 20 M M 2 28 30
10 66 31 49 -1 16 0 0.00 0.0 0 3.7 9 120 M M 0 12 110
11 64 43 54 4 11 0 0.00 M M 5.8 14 120 M M 7 19 110
12 71 38 55 5 10 0 0.00 M M 3.3 12 210 M M 0 16 220
13 73 37 55 6 10 0 0.00 M M 2.7 14 150 M M 0 8 18 140
14 71 37 54 5 11 0 0.00 M M 5.6 16 160 M M 0 22 160
15 74 44 59 11 6 0 M M M 6.2 10 170 M M 0 M M
16 67 50 59 11 6 0 0.00 M M 9.2 22 170 M M 0 34 170
17 64 38 51 4 14 0 0.00 M M 5.8 17 30 M M M 22 30
18 69 34 52 5 13 0 0.00 M M 4.1 12 210 M M 0 19 250
19 60 52 56 9 9 0 0.41 M M 12.4 25 160 M M 9 18 36 150
20 52 46 49 3 16 0 0.41 M M 12.4 24 360 M M 10 13 36 350
21 52 30 41 -5 24 0 0.00 M M 12.3 25 350 M M 5 36 350
22 56 27 42 -3 23 0 0.00 M M 4.1 12 220 M M 0 18 240
23 66 32 49 4 16 0 0.00 M M 7.7 17 50 M M 0 26 50
24 48 28 38 -7 27 0 0.00 M M 12.9 22 40 M M 0 29 50
25 38 27 33 -11 32 0 0.68 M M 7.0 16 340 M M 8 16 22 350
26 39 21 30 -14 35 0 T M M 6.5 14 330 M M 2 1 22 330
27 50 21 36 -8 29 0 0.00 0.0 M 2.8 9 270 M M 0 15 260
28 56 24 40 -3 25 0 0.00 0.0 M 4.1 14 210 M M 0 20 210
29 63 25 44 1 21 0 0.00 0.0 M 5.6 17 160 M M 0 27 160
30 58 47 53 11 12 0 0.65 M M 8.6 20 340 M M 8 13 28 330
================================================================================
SM 1899 1126 434 2 2.15 0.0 213.8 M 56
================================================================================
AV 63.3 37.5 7.1 FASTST M M 2 MAX(MPH)
MISC ----> # 25 160 # 36 150
================================================================================
NOTES:
# LAST OF SEVERAL OCCURRENCES
COLUMN 17 PEAK WIND IN M.P.H.
PRELIMINARY LOCAL CLIMATOLOGICAL DATA (WS FORM: F-6) , PAGE 2
STATION: PONCA CITY
MONTH: NOVEMBER
YEAR: 2023
LATITUDE: 36 44 N
LONGITUDE: 97 6 W
[TEMPERATURE DATA] [PRECIPITATION DATA] SYMBOLS USED IN COLUMN 16
AVERAGE MONTHLY: 50.4 TOTAL FOR MONTH: 2.15 1 = FOG OR MIST
DPTR FM NORMAL: 2.3 DPTR FM NORMAL: 0.50 2 = FOG REDUCING VISIBILITY
HIGHEST: 86 ON 7 GRTST 24HR 0.81 ON 19-20 TO 1/4 MILE OR LESS
LOWEST: 21 ON 27,26 3 = THUNDER
SNOW, ICE PELLETS, HAIL 4 = ICE PELLETS
TOTAL MONTH: 0.0 INCH 5 = HAIL
GRTST 24HR 0.0 6 = FREEZING RAIN OR DRIZZLE
GRTST DEPTH: 0 7 = DUSTSTORM OR SANDSTORM:
VSBY 1/2 MILE OR LESS
8 = SMOKE OR HAZE
[NO. OF DAYS WITH] [WEATHER - DAYS WITH] 9 = BLOWING SNOW
X = TORNADO
MAX 32 OR BELOW: 0 0.01 INCH OR MORE: 4
MAX 90 OR ABOVE: 0 0.10 INCH OR MORE: 4
MIN 32 OR BELOW: 11 0.50 INCH OR MORE: 2
MIN 0 OR BELOW: 0 1.00 INCH OR MORE: 0
[HDD (BASE 65) ]
TOTAL THIS MO. 434 CLEAR (SCALE 0-3) 23
DPTR FM NORMAL -78 PTCLDY (SCALE 4-7) 2
TOTAL FM JUL 1 635 CLOUDY (SCALE 8-10) 5
DPTR FM NORMAL -102
[CDD (BASE 65) ]
TOTAL THIS MO. 2
DPTR FM NORMAL -3 [PRESSURE DATA]
TOTAL FM JAN 1 2231 HIGHEST SLP 30.51 ON 1
DPTR FM NORMAL 292 LOWEST SLP 29.56 ON 8
[REMARKS]
#FINAL-11-23#