032
CXUS54 KMOB 011335
CF6PNS
PRELIMINARY LOCAL CLIMATOLOGICAL DATA (WS FORM: F-6)
STATION: PENSACOLA
MONTH: MARCH
YEAR: 2021
LATITUDE: 30 28 N
LONGITUDE: 87 12 W
TEMPERATURE IN F: :PCPN: SNOW: WIND :SUNSHINE: SKY :PK WND
================================================================================
1 2 3 4 5 6A 6B 7 8 9 10 11 12 13 14 15 16 17 18
12Z AVG MX 2MIN
DY MAX MIN AVG DEP HDD CDD WTR SNW DPTH SPD SPD DIR MIN PSBL S-S WX SPD DR
================================================================================
1 74 60 67 9 0 2 0.29 0.0 0 6.9 18 10 M M 10 12 27 20
2 61 47 54 -4 11 0 0.85 0.0 0 10.4 20 340 M M 10 13 35 20
3 62 46 54 -4 11 0 0.00 0.0 0 9.2 20 360 M M 6 27 360
4 74 47 61 3 4 0 0.00 0.0 0 7.1 14 360 M M 0 20 10
5 72 45 59 1 6 0 0.01 0.0 0 7.0 17 140 M M 1 24 140
6 72 53 63 5 2 0 T 0.0 0 10.8 17 340 M M 4 25 10
7 71 47 59 0 6 0 0.00 0.0 0 7.6 16 340 M M 0 21 350
8 69 46 58 -1 7 0 0.00 0.0 0 6.3 13 160 M M 0 20 360
9 69 46 58 -1 7 0 0.00 0.0 0 6.9 15 110 M M 0 1 19 120
10 73 53 63 4 2 0 0.00 0.0 0 10.3 21 120 M M 1 27 120
11 75 52 64 4 1 0 0.00 0.0 0 7.5 18 120 M M 2 12 25 120
12 78 56 67 7 0 2 0.00 0.0 0 4.5 13 140 M M 3 12 18 170
13 79 58 69 9 0 4 T 0.0 0 4.0 15 140 M M 4 128 19 150
14 76 58 67 7 0 2 0.00 0.0 0 7.8 16 150 M M 5 12 21 150
15 74 65 70 10 0 5 0.01 0.0 0 9.5 17 150 M M 8 1 22 150
16 82 70 76 16 0 11 0.16 0.0 0 10.0 20 200 M M 7 1 27 200
17 81 72 77 16 0 12 0.00 0.0 0 14.5 24 170 M M 10 12 35 170
18 76 55 66 5 0 1 0.56 0.0 0 14.6 29 250 M M 4 13 49 260
19 59 52 56 -5 9 0 0.00 0.0 0 11.5 20 330 M M 10 32 10
20 66 53 60 -1 5 0 0.00 0.0 0 7.3 14 350 M M 10 20 30
21 73 48 61 0 4 0 0.00 0.0 0 6.2 14 120 M M 1 8 20 10
22 76 55 66 4 0 1 0.00 0.0 0 6.3 14 160 M M 2 17 170
23 73 62 68 6 0 3 2.10 0.0 0 13.1 23 120 M M 8 13 31 150
24 74 61 68 6 0 3 0.16 0.0 0 9.1 22 130 M M 9 1 31 120
25 78 67 73 11 0 8 0.04 0.0 0 14.7 23 150 M M 10 18 33 150
26 82 72 77 15 0 12 0.08 0.0 0 8.8 15 180 M M 10 18 19 190
27 77 70 74 12 0 9 0.00 0.0 0 10.9 16 130 M M 10 12 22 130
28 86 60 73 10 0 8 0.03 0.0 0 12.0 23 240 M M 7 1 32 240
29 75 55 65 2 0 0 0.00 0.0 0 7.4 17 360 M M 0 23 340
30 77 61 69 6 0 4 0.02 0.0 0 9.7 18 130 M M 8 1 24 120
31 81 54 68 5 0 3 0.24 0.0 0 13.0 31 290 M M 10 13 45 290
================================================================================
SM 2295 1746 75 90 4.55 0.0 284.9 M 170
================================================================================
AV 74.0 56.3 9.2 FASTST M M 5 MAX(MPH)
MISC ----> 31 290 49 260
================================================================================
NOTES:
# LAST OF SEVERAL OCCURRENCES
COLUMN 17 PEAK WIND IN M.P.H.
PRELIMINARY LOCAL CLIMATOLOGICAL DATA (WS FORM: F-6) , PAGE 2
STATION: PENSACOLA
MONTH: MARCH
YEAR: 2021
LATITUDE: 30 28 N
LONGITUDE: 87 12 W
[TEMPERATURE DATA] [PRECIPITATION DATA] SYMBOLS USED IN COLUMN 16
AVERAGE MONTHLY: 65.2 TOTAL FOR MONTH: 4.55 1 = FOG OR MIST
DPTR FM NORMAL: 4.8 DPTR FM NORMAL: -1.26 2 = FOG REDUCING VISIBILITY
HIGHEST: 86 ON 28 GRTST 24HR 2.20 ON 23-24 TO 1/4 MILE OR LESS
LOWEST: 45 ON 5 3 = THUNDER
SNOW, ICE PELLETS, HAIL 4 = ICE PELLETS
TOTAL MONTH: 0.0 INCH 5 = HAIL
GRTST 24HR 0.0 6 = FREEZING RAIN OR DRIZZLE
GRTST DEPTH: 0 7 = DUSTSTORM OR SANDSTORM:
VSBY 1/2 MILE OR LESS
8 = SMOKE OR HAZE
[NO. OF DAYS WITH] [WEATHER - DAYS WITH] 9 = BLOWING SNOW
X = TORNADO
MAX 32 OR BELOW: 0 0.01 INCH OR MORE: 13
MAX 90 OR ABOVE: 0 0.10 INCH OR MORE: 7
MIN 32 OR BELOW: 0 0.50 INCH OR MORE: 3
MIN 0 OR BELOW: 0 1.00 INCH OR MORE: 1
[HDD (BASE 65) ]
TOTAL THIS MO. 75 CLEAR (SCALE 0-3) 11
DPTR FM NORMAL -101 PTCLDY (SCALE 4-7) 10
TOTAL FM JUL 1 1145 CLOUDY (SCALE 8-10) 10
DPTR FM NORMAL -340
[CDD (BASE 65) ]
TOTAL THIS MO. 90
DPTR FM NORMAL 57 [PRESSURE DATA]
TOTAL FM JAN 1 125 HIGHEST SLP 30.56 ON 8
DPTR FM NORMAL 78 LOWEST SLP 29.74 ON 18
[REMARKS]
#FINAL-03-21#