000
CXUS53 KPAH 010700
CF6POF
PRELIMINARY LOCAL CLIMATOLOGICAL DATA (WS FORM: F-6)
STATION: POPLAR BLUFF MO
MONTH: JANUARY
YEAR: 2023
LATITUDE: 36 46 N
LONGITUDE: 90 19 W
TEMPERATURE IN F: :PCPN: SNOW: WIND :SUNSHINE: SKY :PK WND
================================================================================
1 2 3 4 5 6A 6B 7 8 9 10 11 12 13 14 15 16 17 18
12Z AVG MX 2MIN
DY MAX MIN AVG DEP HDD CDD WTR SNW DPTH SPD SPD DIR MIN PSBL S-S WX SPD DR
================================================================================
1 57 46 52 16 13 0 0.00 M M 2.7 10 130 M M 10 12 12 140
2 68 52 60 24 5 0 1.49 M M 3.8 16 170 M M 10 123 23 170
3 68 54 61 25 4 0 0.95 M M 12.1 26 160 M M 6 13 41 180
4 54 37 46 10 19 0 0.00 M M 7.4 17 260 M M 1 24 270
5 52 34 43 7 22 0 0.00 M M 7.8 20 260 M M 1 32 290
6 50 28 39 3 26 0 0.00 M M 3.7 10 200 M M 2 15 200
7 50 43 47 11 18 0 0.01 M M 5.2 9 20 M M 10 14 110
8 49 31 40 4 25 0 0.00 M M 5.6 13 330 M M 5 1 21 320
9 51 25 38 2 27 0 0.00 M M 4.4 13 210 M M 0 17 210
10 60 36 48 12 17 0 0.00 M M 6.3 17 210 M M 1 1 25 210
11 65 50 58 22 7 0 0.00 M M 3.9 12 210 M M 7 12 16 210
12 60 36 48 12 17 0 0.58 M M 13.3 26 350 M M 8 123 38 320
13 38 31 35 -1 30 0 0.00 M M 12.1 20 340 M M 9 26 330
14 40 25 33 -3 32 0 0.00 M M 3.8 10 170 M M 2 13 170
15 51 28 40 4 25 0 0.00 M M 6.6 16 160 M M 3 23 170
16 59 46 53 17 12 0 0.08 M M 10.3 18 190 M M 10 27 190
17 67 44 56 20 9 0 0.00 M M 4.1 10 200 M M 4 12 15 170
18 52 45 49 13 16 0 1.53 M M 8.9 17 270 M M 9 13 22 280
19 50 40 45 9 20 0 0.00 M M 12.2 25 280 M M 8 12 37 280
20 49 31 40 4 25 0 0.00 M M 4.6 13 320 M M 1 17 280
21 43 29 36 0 29 0 0.03 M M 5.8 13 90 M M 3 16 90
22 43 36 40 4 25 0 T M M 5.1 16 10 M M 10 20 10
23 47 32 40 4 25 0 0.00 M M 5.7 13 190 M M 3 19 180
24 44 26 35 -1 30 0 0.98 M M 4.1 14 80 M M 4 12 21 80
25 40 32 36 0 29 0 0.41 M M 9.1 17 20 M M 10 1 24 300
26 40 31 36 -1 29 0 T M M 8.5 17 290 M M 7 23 290
27 54 31 43 6 22 0 T M M 10.9 24 230 M M 2 37 210
28 52 35 44 7 21 0 0.25 M M 8.9 22 200 M M 6 1 29 200
29 49 30 40 3 25 0 0.01 M M 7.8 18 20 M M 10 1 23 20
30 30 21 26 -11 39 0 0.37 M M 11.3 18 10 M M 10 16 25 360
31 25 20 23 -14 42 0 0.09 M M 11.0 18 360 M M 10 146 26 10
================================================================================
SM 1557 1085 685 0 6.78 M 227.0 M 182
================================================================================
AV 50.2 35.0 7.3 FASTST M M 6 MAX(MPH)
MISC ----> # 26 160 41 180
================================================================================
NOTES:
# LAST OF SEVERAL OCCURRENCES
COLUMN 17 PEAK WIND IN M.P.H.
PRELIMINARY LOCAL CLIMATOLOGICAL DATA (WS FORM: F-6) , PAGE 2
STATION: POPLAR BLUFF MO
MONTH: JANUARY
YEAR: 2023
LATITUDE: 36 46 N
LONGITUDE: 90 19 W
[TEMPERATURE DATA] [PRECIPITATION DATA] SYMBOLS USED IN COLUMN 16
AVERAGE MONTHLY: 42.6 TOTAL FOR MONTH: 6.78 1 = FOG OR MIST
DPTR FM NORMAL: 6.5 DPTR FM NORMAL: 3.30 2 = FOG REDUCING VISIBILITY
HIGHEST: 68 ON 3, 2 GRTST 24HR 2.44 ON 2- 3 TO 1/4 MILE OR LESS
LOWEST: 20 ON 31 3 = THUNDER
SNOW, ICE PELLETS, HAIL 4 = ICE PELLETS
TOTAL MONTH: M 5 = HAIL
GRTST 24HR M ON M 6 = FREEZING RAIN OR DRIZZLE
GRTST DEPTH: M ON M 7 = DUSTSTORM OR SANDSTORM:
VSBY 1/2 MILE OR LESS
8 = SMOKE OR HAZE
[NO. OF DAYS WITH] [WEATHER - DAYS WITH] 9 = BLOWING SNOW
X = TORNADO
MAX 32 OR BELOW: 2 0.01 INCH OR MORE: 13
MAX 90 OR ABOVE: 0 0.10 INCH OR MORE: 8
MIN 32 OR BELOW: 16 0.50 INCH OR MORE: 5
MIN 0 OR BELOW: 0 1.00 INCH OR MORE: 2
[HDD (BASE 65) ]
TOTAL THIS MO. 685 CLEAR (SCALE 0-3) 10
DPTR FM NORMAL -209 PTCLDY (SCALE 4-7) 9
TOTAL FM JUL 1 2211 CLOUDY (SCALE 8-10) 12
DPTR FM NORMAL -259
[CDD (BASE 65) ]
TOTAL THIS MO. 0
DPTR FM NORMAL 0 [PRESSURE DATA]
TOTAL FM JAN 1 0 HIGHEST SLP M ON M
DPTR FM NORMAL 0 LOWEST SLP 29.57 ON 18
[REMARKS]
#FINAL-01-23#