000
CXUS55 KALY 010710
CF6POU
PRELIMINARY LOCAL CLIMATOLOGICAL DATA (WS FORM: F-6)
STATION: POUGHKEEPSIE NY
MONTH: JUNE
YEAR: 2023
LATITUDE: 41 37 N
LONGITUDE: 73 53 W
TEMPERATURE IN F: :PCPN: SNOW: WIND :SUNSHINE: SKY :PK WND
================================================================================
1 2 3 4 5 6A 6B 7 8 9 10 11 12 13 14 15 16 17 18
12Z AVG MX 2MIN
DY MAX MIN AVG DEP HDD CDD WTR SNW DPTH SPD SPD DIR MIN PSBL S-S WX SPD DR
================================================================================
1 91 49 70 6 0 5 0.00 M M 1.7 10 300 M M 0 15 300
2 95 56 76 12 0 11 0.00 M M 4.6 20 300 M M 0 13 26 300
3 69 50 60 -5 5 0 T M M 5.9 15 40 M M 7 20 30
4 67 42 55 -10 10 0 0.00 M M 6.1 17 20 M M 7 26 330
5 77 46 62 -3 3 0 0.00 M M 5.6 21 350 M M 3 28 10
6 72 47 60 -6 5 0 0.10 M M 1.3 20 20 M M 2 1238 26 20
7 68 42 55 -11 10 0 0.00 M M 4.2 14 20 M M 5 128 19 20
8 68 46 57 -9 8 0 0.00 M M 2.4 13 350 M M 6 18 17 300
9 72 48 60 -7 5 0 0.05 M M 2.0 17 330 M M 6 1 26 340
10 78 48 63 -4 2 0 0.00 M M 2.6 15 280 M M 3 128 22 280
11 86 51 69 2 0 4 0.00 M M 3.5 14 100 M M 2 1 20 110
12 81 65 73 5 0 8 0.09 M M 8.1 18 100 M M 4 1 27 150
13 77 55 66 -2 0 1 0.00 M M 3.2 12 20 M M 5 18 15 350
14 77 50 64 -4 1 0 0.58 M M 5.0 15 240 M M 6 13 21 250
15 79 58 69 1 0 4 0.00 M M 6.7 17 330 M M 5 20 330
16 75 53 64 -5 1 0 0.20 M M 1.6 10 200 M M 5 13 15 180
17 76 58 67 -2 0 2 0.39 M M 4.2 24 10 M M 9 138 34 10
18 80 54 67 -2 0 2 0.00 M M 4.7 14 320 M M 7 1 18 310
19 82 55 69 -1 0 4 0.03 M M 3.3 10 120 M M 4 15 110
20 80 61 71 1 0 6 0.25 M M 3.5 10 120 M M 7 1 16 160
21 77 55 66 -4 0 1 0.00 M M 4.8 14 120 M M 2 19 100
22 78 55 67 -3 0 2 0.00 M M 3.3 10 50 M M 7 16 20
23 75 61 68 -3 0 3 0.05 M M 3.4 9 170 M M 7 18 14 180
24 83 69 76 5 0 11 0.26 M M 2.1 10 250 M M 7 1 14 160
25 87 65 76 5 0 11 0.00 M M 3.0 13 180 M M 4 1 19 160
26 76 66 71 0 0 6 1.77 M M 3.9 22 240 M M 7 138 27 230
27 78 64 71 -1 0 6 0.29 M M 2.6 15 210 M M 8 13 24 220
28 80 63 72 0 0 7 0.19 M M 1.8 18 260 M M 8 128 22 260
29 82 59 71 -1 0 6 0.00 M M 1.6 9 320 M M 4 18 12 320
30 85 59 72 0 0 7 0.00 M M 2.3 10 240 M M 1 18 13 210
================================================================================
SM 2351 1650 50 107 4.25 M 109.0 M 148
================================================================================
AV 78.4 55.0 3.6 FASTST M M 5 MAX(MPH)
MISC ----> 24 10 34 10
================================================================================
NOTES:
# LAST OF SEVERAL OCCURRENCES
COLUMN 17 PEAK WIND IN M.P.H.
PRELIMINARY LOCAL CLIMATOLOGICAL DATA (WS FORM: F-6) , PAGE 2
STATION: POUGHKEEPSIE NY
MONTH: JUNE
YEAR: 2023
LATITUDE: 41 37 N
LONGITUDE: 73 53 W
[TEMPERATURE DATA] [PRECIPITATION DATA] SYMBOLS USED IN COLUMN 16
AVERAGE MONTHLY: 66.7 TOTAL FOR MONTH: 4.25 1 = FOG OR MIST
DPTR FM NORMAL: -1.7 DPTR FM NORMAL: 0.34 2 = FOG REDUCING VISIBILITY
HIGHEST: 95 ON 2 GRTST 24HR 1.78 ON 26-27 TO 1/4 MILE OR LESS
LOWEST: 42 ON 7, 4 3 = THUNDER
SNOW, ICE PELLETS, HAIL 4 = ICE PELLETS
TOTAL MONTH: M 5 = HAIL
GRTST 24HR M ON M 6 = FREEZING RAIN OR DRIZZLE
GRTST DEPTH: M ON M 7 = DUSTSTORM OR SANDSTORM:
VSBY 1/2 MILE OR LESS
8 = SMOKE OR HAZE
[NO. OF DAYS WITH] [WEATHER - DAYS WITH] 9 = BLOWING SNOW
X = TORNADO
MAX 32 OR BELOW: 0 0.01 INCH OR MORE: 13
MAX 90 OR ABOVE: 2 0.10 INCH OR MORE: 9
MIN 32 OR BELOW: 0 0.50 INCH OR MORE: 2
MIN 0 OR BELOW: 0 1.00 INCH OR MORE: 1
[HDD (BASE 65) ]
TOTAL THIS MO. 50 CLEAR (SCALE 0-3) 6
DPTR FM NORMAL 14 PTCLDY (SCALE 4-7) 22
TOTAL FM JUL 1 5213 CLOUDY (SCALE 8-10) 2
DPTR FM NORMAL -778
[CDD (BASE 65) ]
TOTAL THIS MO. 107
DPTR FM NORMAL -32 [PRESSURE DATA]
TOTAL FM JAN 1 130 HIGHEST SLP M ON M
DPTR FM NORMAL -49 LOWEST SLP 29.43 ON 14
[REMARKS]
#FINAL-06-23#