000
CXUS54 KFWD 072138
CF6PRX
PRELIMINARY LOCAL CLIMATOLOGICAL DATA (WS FORM: F-6)
STATION: PARIS
MONTH: APRIL
YEAR: 2022
LATITUDE: 33 37 N
LONGITUDE: 95 27 W
TEMPERATURE IN F: :PCPN: SNOW: WIND :SUNSHINE: SKY :PK WND
================================================================================
1 2 3 4 5 6A 6B 7 8 9 10 11 12 13 14 15 16 17 18
12Z AVG MX 2MIN
DY MAX MIN AVG DEP HDD CDD WTR SNW DPTH SPD SPD DIR MIN PSBL S-S WX SPD DR
================================================================================
1 69 38 54 -6 11 0 0.00 M M 9.2 13 110 M M 0 M M
2 74 49 62 2 3 0 0.07 M M 7.6 29 120 M M 2 36 120
3 83 50 67 6 0 2 0.00 M M 11.4 18 160 M M 0 24 160
4 79 58 69 8 0 4 0.41 M M 9.3 26 20 M M 3 13 39 20
5 85 55 70 9 0 5 0.17 M M 9.0 20 60 M M 4 123 33 70
6 74 53 64 3 1 0 0.00 M M 16.7 28 360 M M 3 40 360
7 65 46 56 -6 9 0 0.00 M M 14.1 28 330 M M 2 41 290
8 64 44 54 -8 11 0 0.00 M M 13.9 28 290 M M 0 38 290
9 81 35 58 -4 7 0 0.00 M M 8.8 17 170 M M 0 23 190
10 83 59 71 9 0 6 0.00 M M 19.8 29 190 M M 2 38 190
11 85 65 75 12 0 10 0.00 M M 13.4 21 190 M M 7 3 30 180
12 79 61 70 7 0 5 0.00 M M 14.5 23 150 M M 7 33 170
13 73 50 62 -1 3 0 0.40 M M 15.8 28 210 M M 4 13 37 210
14 72 42 57 -7 8 0 0.00 M M 7.5 12 130 M M 0 8 18 130
15 78 49 64 0 1 0 T M M 12.0 21 190 M M 4 26 190
16 78 59 69 5 0 4 0.08 M M 7.3 13 340 M M 10 1 M M
17 67 52 60 -4 5 0 0.06 M M 7.7 13 360 M M 8 13 M M
18 72 48 60 -5 5 0 0.00 M M 9.5 15 360 M M 3 21 40
19 71 48 60 -5 5 0 0.16 M M 12.9 20 120 M M 2 3 30 140
20 83 57 70 5 0 5 0.23 M M 13.6 22 180 M M 9 1 31 190
21 81 69 75 10 0 10 0.00 M M 14.2 21 140 M M 10 28 140
22 83 66 75 9 0 10 0.00 M M 15.0 21 150 M M 5 30 170
23 83 66 75 9 0 10 0.00 M M 16.9 23 170 M M 6 33 170
24 77 64 71 5 0 6 0.93 M M 10.8 16 170 M M 8 13 23 180
25 71 52 62 -4 3 0 0.88 M M 11.4 17 360 M M 3 13 22 360
26 72 47 60 -7 5 0 0.00 M M 6.1 10 50 M M 0 8 M M
27 75 47 61 -6 4 0 0.00 M M 9.4 14 110 M M 0 20 110
28 80 54 67 0 0 2 0.00 M M 10.5 16 160 M M 5 22 210
29 80 63 72 4 0 7 0.00 M M 13.8 22 180 M M 7 30 170
30 81 59 70 2 0 5 0.00 M M 11.0 21 180 M M 4 8 26 190
================================================================================
SM 2298 1605 81 91 3.39 M 352.7 M 118
================================================================================
AV 76.6 53.5 11.8 FASTST M M 4 MAX(MPH)
MISC ----> # 29 120 41 290
================================================================================
NOTES:
# LAST OF SEVERAL OCCURRENCES
COLUMN 17 PEAK WIND IN M.P.H.
PRELIMINARY LOCAL CLIMATOLOGICAL DATA (WS FORM: F-6) , PAGE 2
STATION: PARIS
MONTH: APRIL
YEAR: 2022
LATITUDE: 33 37 N
LONGITUDE: 95 27 W
[TEMPERATURE DATA] [PRECIPITATION DATA] SYMBOLS USED IN COLUMN 16
AVERAGE MONTHLY: 65.1 TOTAL FOR MONTH: 3.39 1 = FOG OR MIST
DPTR FM NORMAL: 1.2 DPTR FM NORMAL: -0.02 2 = FOG REDUCING VISIBILITY
HIGHEST: 85 ON 11, 5 GRTST 24HR 1.81 ON 24-25 TO 1/4 MILE OR LESS
LOWEST: 35 ON 9 3 = THUNDER
SNOW, ICE PELLETS, HAIL 4 = ICE PELLETS
TOTAL MONTH: M 5 = HAIL
GRTST 24HR M ON M 6 = FREEZING RAIN OR DRIZZLE
GRTST DEPTH: M ON M 7 = DUSTSTORM OR SANDSTORM:
VSBY 1/2 MILE OR LESS
8 = SMOKE OR HAZE
[NO. OF DAYS WITH] [WEATHER - DAYS WITH] 9 = BLOWING SNOW
X = TORNADO
MAX 32 OR BELOW: 0 0.01 INCH OR MORE: 10
MAX 90 OR ABOVE: 0 0.10 INCH OR MORE: 7
MIN 32 OR BELOW: 0 0.50 INCH OR MORE: 2
MIN 0 OR BELOW: 0 1.00 INCH OR MORE: 0
[HDD (BASE 65) ]
TOTAL THIS MO. 81 CLEAR (SCALE 0-3) 13
DPTR FM NORMAL -37 PTCLDY (SCALE 4-7) 13
TOTAL FM JUL 1 2270 CLOUDY (SCALE 8-10) 4
DPTR FM NORMAL -402
[CDD (BASE 65) ]
TOTAL THIS MO. 91
DPTR FM NORMAL 6 [PRESSURE DATA]
TOTAL FM JAN 1 103 HIGHEST SLP 30.47 ON 26
DPTR FM NORMAL -8 LOWEST SLP 29.44 ON 6
[REMARKS]
#FINAL-04-22#